83.99.151.70 - - [30/Oct/2025:13:59:18 +0000] "GET /2133105851 HTTP/1.0" 200 4303 "-" "Mozilla/5.0 (X11; Linux x86_64) AppleWebKit/537.36 (KHTML, like Gecko; GeedoProductSearch; +https://geedo.com/product-search.html) Chrome/134.0.0.0 Safari/537.36"
52.167.144.211 - - [30/Oct/2025:13:59:21 +0000] "GET /605360737 HTTP/1.0" 200 26519 "-" "Mozilla/5.0 AppleWebKit/537.36 (KHTML, like Gecko; compatible; bingbot/2.0; +http://www.bing.com/bingbot.htm) Chrome/116.0.1938.76 Safari/537.36"
83.99.151.70 - - [30/Oct/2025:13:59:22 +0000] "GET /95430507?fileloc=/var/www/www-root/data/www/oplatu.ru/public_html/wp-load.php&path=/var/www/www-root/data/www/oplatu.ru/public_html HTTP/1.0" 200 4642 "-" "Mozilla/5.0 (X11; Linux x86_64) AppleWebKit/537.36 (KHTML, like Gecko; GeedoProductSearch; +https://geedo.com/product-search.html) Chrome/134.0.0.0 Safari/537.36"
83.99.151.70 - - [30/Oct/2025:13:59:24 +0000] "GET /1232046259 HTTP/1.0" 200 4303 "-" "Mozilla/5.0 (X11; Linux x86_64) AppleWebKit/537.36 (KHTML, like Gecko; GeedoProductSearch; +https://geedo.com/product-search.html) Chrome/134.0.0.0 Safari/537.36"
52.167.144.211 - - [30/Oct/2025:13:59:24 +0000] "GET /3005053661 HTTP/1.0" 200 28062 "-" "Mozilla/5.0 AppleWebKit/537.36 (KHTML, like Gecko; compatible; bingbot/2.0; +http://www.bing.com/bingbot.htm) Chrome/116.0.1938.76 Safari/537.36"
52.167.144.211 - - [30/Oct/2025:13:59:27 +0000] "GET /3696370392 HTTP/1.0" 200 27057 "-" "Mozilla/5.0 AppleWebKit/537.36 (KHTML, like Gecko; compatible; bingbot/2.0; +http://www.bing.com/bingbot.htm) Chrome/116.0.1938.76 Safari/537.36"
83.99.151.68 - - [30/Oct/2025:13:59:27 +0000] "GET /359049948?path=/var/www/www-root/data HTTP/1.0" 200 3327 "-" "Mozilla/5.0 (X11; Linux x86_64) AppleWebKit/537.36 (KHTML, like Gecko; GeedoProductSearch; +https://geedo.com/product-search.html) Chrome/134.0.0.0 Safari/537.36"
52.167.144.211 - - [30/Oct/2025:13:59:30 +0000] "GET /3188907314 HTTP/1.0" 200 26450 "-" "Mozilla/5.0 AppleWebKit/537.36 (KHTML, like Gecko; compatible; bingbot/2.0; +http://www.bing.com/bingbot.htm) Chrome/116.0.1938.76 Safari/537.36"
52.167.144.211 - - [30/Oct/2025:13:59:33 +0000] "GET /1924556308 HTTP/1.0" 200 26253 "-" "Mozilla/5.0 AppleWebKit/537.36 (KHTML, like Gecko; compatible; bingbot/2.0; +http://www.bing.com/bingbot.htm) Chrome/116.0.1938.76 Safari/537.36"
66.249.66.44 - - [30/Oct/2025:13:59:35 +0000] "GET /casinowazamba/pinco-casinoda-imkoniyatlarning-shohsupasi/ HTTP/1.0" 200 28430 "-" "Mozilla/5.0 (Linux; Android 6.0.1; Nexus 5X Build/MMB29P) AppleWebKit/537.36 (KHTML, like Gecko) Chrome/141.0.7390.122 Mobile Safari/537.36 (compatible; Googlebot/2.1; +http://www.google.com/bot.html)"
142.44.228.163 - - [30/Oct/2025:13:59:35 +0000] "GET /pornhub/?fileloc=/var/www/www-root/data/www/oplatu.ru/public_html/xmlrpc.php&path=/var/www/www-root/data/www/oplatu.ru/public_html HTTP/1.0" 200 4285 "-" "Mozilla/5.0 (compatible; AhrefsBot/7.0; +http://ahrefs.com/robot/)"
52.167.144.211 - - [30/Oct/2025:13:59:36 +0000] "GET /1756327531 HTTP/1.0" 200 26691 "-" "Mozilla/5.0 AppleWebKit/537.36 (KHTML, like Gecko; compatible; bingbot/2.0; +http://www.bing.com/bingbot.htm) Chrome/116.0.1938.76 Safari/537.36"
52.167.144.211 - - [30/Oct/2025:13:59:39 +0000] "GET /2382935132 HTTP/1.0" 200 26955 "-" "Mozilla/5.0 AppleWebKit/537.36 (KHTML, like Gecko; compatible; bingbot/2.0; +http://www.bing.com/bingbot.htm) Chrome/116.0.1938.76 Safari/537.36"
83.99.151.66 - - [30/Oct/2025:13:59:39 +0000] "GET /3003677979 HTTP/1.0" 200 4303 "-" "Mozilla/5.0 (X11; Linux x86_64) AppleWebKit/537.36 (KHTML, like Gecko; GeedoProductSearch; +https://geedo.com/product-search.html) Chrome/134.0.0.0 Safari/537.36"
83.99.151.66 - - [30/Oct/2025:13:59:42 +0000] "GET /1422378242 HTTP/1.0" 200 4303 "-" "Mozilla/5.0 (X11; Linux x86_64) AppleWebKit/537.36 (KHTML, like Gecko; GeedoProductSearch; +https://geedo.com/product-search.html) Chrome/134.0.0.0 Safari/537.36"
52.167.144.211 - - [30/Oct/2025:13:59:42 +0000] "GET /1006809083 HTTP/1.0" 200 27107 "-" "Mozilla/5.0 AppleWebKit/537.36 (KHTML, like Gecko; compatible; bingbot/2.0; +http://www.bing.com/bingbot.htm) Chrome/116.0.1938.76 Safari/537.36"
52.167.144.211 - - [30/Oct/2025:13:59:44 +0000] "GET /4049653255 HTTP/1.0" 200 26121 "-" "Mozilla/5.0 AppleWebKit/537.36 (KHTML, like Gecko; compatible; bingbot/2.0; +http://www.bing.com/bingbot.htm) Chrome/116.0.1938.76 Safari/537.36"
83.99.151.66 - - [30/Oct/2025:13:59:45 +0000] "GET /2133105851?path=/ HTTP/1.0" 200 2858 "-" "Mozilla/5.0 (X11; Linux x86_64) AppleWebKit/537.36 (KHTML, like Gecko; GeedoProductSearch; +https://geedo.com/product-search.html) Chrome/134.0.0.0 Safari/537.36"
52.167.144.211 - - [30/Oct/2025:13:59:47 +0000] "GET /1611330644 HTTP/1.0" 200 27412 "-" "Mozilla/5.0 AppleWebKit/537.36 (KHTML, like Gecko; compatible; bingbot/2.0; +http://www.bing.com/bingbot.htm) Chrome/116.0.1938.76 Safari/537.36"
83.99.151.66 - - [30/Oct/2025:13:59:48 +0000] "GET /289171528 HTTP/1.0" 200 4303 "-" "Mozilla/5.0 (X11; Linux x86_64) AppleWebKit/537.36 (KHTML, like Gecko; GeedoProductSearch; +https://geedo.com/product-search.html) Chrome/134.0.0.0 Safari/537.36"
142.44.233.61 - - [30/Oct/2025:13:59:49 +0000] "GET /perevod-deneg-iz-rossii-v-evropu/?fileloc=/var/www/www-root/data/www/oplatu.ru/public_html/wp-includes/class-wp-http-proxy.php&path=/var/www/www-root/data/www/oplatu.ru/public_html/wp-includes HTTP/1.0" 200 4808 "-" "Mozilla/5.0 (compatible; AhrefsBot/7.0; +http://ahrefs.com/robot/)"
52.167.144.211 - - [30/Oct/2025:13:59:50 +0000] "GET /4165775662 HTTP/1.0" 200 26504 "-" "Mozilla/5.0 AppleWebKit/537.36 (KHTML, like Gecko; compatible; bingbot/2.0; +http://www.bing.com/bingbot.htm) Chrome/116.0.1938.76 Safari/537.36"
83.99.151.66 - - [30/Oct/2025:13:59:51 +0000] "GET /3640051994 HTTP/1.0" 200 4303 "-" "Mozilla/5.0 (X11; Linux x86_64) AppleWebKit/537.36 (KHTML, like Gecko; GeedoProductSearch; +https://geedo.com/product-search.html) Chrome/134.0.0.0 Safari/537.36"
52.167.144.211 - - [30/Oct/2025:13:59:53 +0000] "GET /3117922935 HTTP/1.0" 200 26180 "-" "Mozilla/5.0 AppleWebKit/537.36 (KHTML, like Gecko; compatible; bingbot/2.0; +http://www.bing.com/bingbot.htm) Chrome/116.0.1938.76 Safari/537.36"
83.99.151.66 - - [30/Oct/2025:13:59:54 +0000] "GET /3334987363 HTTP/1.0" 200 4303 "-" "Mozilla/5.0 (X11; Linux x86_64) AppleWebKit/537.36 (KHTML, like Gecko; GeedoProductSearch; +https://geedo.com/product-search.html) Chrome/134.0.0.0 Safari/537.36"
52.167.144.211 - - [30/Oct/2025:13:59:56 +0000] "GET /2705235437 HTTP/1.0" 200 26675 "-" "Mozilla/5.0 AppleWebKit/537.36 (KHTML, like Gecko; compatible; bingbot/2.0; +http://www.bing.com/bingbot.htm) Chrome/116.0.1938.76 Safari/537.36"
52.167.144.211 - - [30/Oct/2025:13:59:59 +0000] "GET /3224921930 HTTP/1.0" 200 25485 "-" "Mozilla/5.0 AppleWebKit/537.36 (KHTML, like Gecko; compatible; bingbot/2.0; +http://www.bing.com/bingbot.htm) Chrome/116.0.1938.76 Safari/537.36"
52.167.144.211 - - [30/Oct/2025:14:00:02 +0000] "GET /3973915956 HTTP/1.0" 200 25672 "-" "Mozilla/5.0 AppleWebKit/537.36 (KHTML, like Gecko; compatible; bingbot/2.0; +http://www.bing.com/bingbot.htm) Chrome/116.0.1938.76 Safari/537.36"
52.167.144.211 - - [30/Oct/2025:14:00:05 +0000] "GET /4044110000 HTTP/1.0" 200 26355 "-" "Mozilla/5.0 AppleWebKit/537.36 (KHTML, like Gecko; compatible; bingbot/2.0; +http://www.bing.com/bingbot.htm) Chrome/116.0.1938.76 Safari/537.36"
54.39.0.60 - - [30/Oct/2025:14:00:06 +0000] "GET /pornhub/?path=/ HTTP/1.0" 200 2858 "-" "Mozilla/5.0 (compatible; AhrefsBot/7.0; +http://ahrefs.com/robot/)"
83.99.151.64 - - [30/Oct/2025:14:00:06 +0000] "GET /3162427254 HTTP/1.0" 200 4303 "-" "Mozilla/5.0 (X11; Linux x86_64) AppleWebKit/537.36 (KHTML, like Gecko; GeedoProductSearch; +https://geedo.com/product-search.html) Chrome/134.0.0.0 Safari/537.36"
52.167.144.211 - - [30/Oct/2025:14:00:08 +0000] "GET /1574464140 HTTP/1.0" 200 27399 "-" "Mozilla/5.0 AppleWebKit/537.36 (KHTML, like Gecko; compatible; bingbot/2.0; +http://www.bing.com/bingbot.htm) Chrome/116.0.1938.76 Safari/537.36"
83.99.151.71 - - [30/Oct/2025:14:00:09 +0000] "GET /1591028174 HTTP/1.0" 200 4303 "-" "Mozilla/5.0 (X11; Linux x86_64) AppleWebKit/537.36 (KHTML, like Gecko; GeedoProductSearch; +https://geedo.com/product-search.html) Chrome/134.0.0.0 Safari/537.36"
83.99.151.71 - - [30/Oct/2025:14:00:12 +0000] "GET /3074768482 HTTP/1.0" 200 4303 "-" "Mozilla/5.0 (X11; Linux x86_64) AppleWebKit/537.36 (KHTML, like Gecko; GeedoProductSearch; +https://geedo.com/product-search.html) Chrome/134.0.0.0 Safari/537.36"
52.167.144.211 - - [30/Oct/2025:14:00:12 +0000] "GET /3267153905 HTTP/1.0" 200 25638 "-" "Mozilla/5.0 AppleWebKit/537.36 (KHTML, like Gecko; compatible; bingbot/2.0; +http://www.bing.com/bingbot.htm) Chrome/116.0.1938.76 Safari/537.36"
52.167.144.211 - - [30/Oct/2025:14:00:14 +0000] "GET /3711811821 HTTP/1.0" 200 25501 "-" "Mozilla/5.0 AppleWebKit/537.36 (KHTML, like Gecko; compatible; bingbot/2.0; +http://www.bing.com/bingbot.htm) Chrome/116.0.1938.76 Safari/537.36"
83.99.151.64 - - [30/Oct/2025:14:00:15 +0000] "GET /95430507?fileloc=/var/www/www-root/data/www/oplatu.ru/public_html/wp-signup.php&path=/var/www/www-root/data/www/oplatu.ru/public_html HTTP/1.0" 200 10880 "-" "Mozilla/5.0 (X11; Linux x86_64) AppleWebKit/537.36 (KHTML, like Gecko; GeedoProductSearch; +https://geedo.com/product-search.html) Chrome/134.0.0.0 Safari/537.36"
52.167.144.211 - - [30/Oct/2025:14:00:17 +0000] "GET /4175785993 HTTP/1.0" 200 25662 "-" "Mozilla/5.0 AppleWebKit/537.36 (KHTML, like Gecko; compatible; bingbot/2.0; +http://www.bing.com/bingbot.htm) Chrome/116.0.1938.76 Safari/537.36"
83.99.151.64 - - [30/Oct/2025:14:00:18 +0000] "GET /95430507?path=/var/www/www-root/data/www/oplatu.ru/public_html HTTP/1.0" 200 4303 "-" "Mozilla/5.0 (X11; Linux x86_64) AppleWebKit/537.36 (KHTML, like Gecko; GeedoProductSearch; +https://geedo.com/product-search.html) Chrome/134.0.0.0 Safari/537.36"
52.167.144.211 - - [30/Oct/2025:14:00:20 +0000] "GET /3018003722 HTTP/1.0" 200 27115 "-" "Mozilla/5.0 AppleWebKit/537.36 (KHTML, like Gecko; compatible; bingbot/2.0; +http://www.bing.com/bingbot.htm) Chrome/116.0.1938.76 Safari/537.36"
83.99.151.71 - - [30/Oct/2025:14:00:21 +0000] "GET /1516560966?fileloc=/var/www/www-root/data/www/oplatu.ru/public_html/wp-settings.php&path=/var/www/www-root/data/www/oplatu.ru/public_html HTTP/1.0" 200 8694 "-" "Mozilla/5.0 (X11; Linux x86_64) AppleWebKit/537.36 (KHTML, like Gecko; GeedoProductSearch; +https://geedo.com/product-search.html) Chrome/134.0.0.0 Safari/537.36"
52.167.144.211 - - [30/Oct/2025:14:00:23 +0000] "GET /2001556299 HTTP/1.0" 200 25486 "-" "Mozilla/5.0 AppleWebKit/537.36 (KHTML, like Gecko; compatible; bingbot/2.0; +http://www.bing.com/bingbot.htm) Chrome/116.0.1938.76 Safari/537.36"
148.113.130.89 - - [30/Oct/2025:14:00:26 +0000] "GET /perevod-deneg-iz-rossii-v-evropu/?fileloc=/var/www/www-root/data/www/oplatu.ru/public_html/wp-includes/class-wp-http-ixr-client.php&path=/var/www/www-root/data/www/oplatu.ru/public_html/wp-includes HTTP/1.0" 200 4256 "-" "Mozilla/5.0 (compatible; AhrefsBot/7.0; +http://ahrefs.com/robot/)"
52.167.144.211 - - [30/Oct/2025:14:00:26 +0000] "GET /1559383991 HTTP/1.0" 200 26601 "-" "Mozilla/5.0 AppleWebKit/537.36 (KHTML, like Gecko; compatible; bingbot/2.0; +http://www.bing.com/bingbot.htm) Chrome/116.0.1938.76 Safari/537.36"
87.250.224.222 - - [30/Oct/2025:14:00:28 +0000] "GET /?yclid=7710547526903176844 HTTP/1.0" 200 4303 "-" "Mozilla/5.0 (compatible; YandexMetrika/2.0; +http://yandex.com/bots yabs01)"
52.167.144.211 - - [30/Oct/2025:14:00:29 +0000] "GET /612569788 HTTP/1.0" 200 27157 "-" "Mozilla/5.0 AppleWebKit/537.36 (KHTML, like Gecko; compatible; bingbot/2.0; +http://www.bing.com/bingbot.htm) Chrome/116.0.1938.76 Safari/537.36"
83.99.151.69 - - [30/Oct/2025:14:00:32 +0000] "GET /2011440189 HTTP/1.0" 200 4303 "-" "Mozilla/5.0 (X11; Linux x86_64) AppleWebKit/537.36 (KHTML, like Gecko; GeedoProductSearch; +https://geedo.com/product-search.html) Chrome/134.0.0.0 Safari/537.36"
52.167.144.211 - - [30/Oct/2025:14:00:32 +0000] "GET /2951729250 HTTP/1.0" 200 26984 "-" "Mozilla/5.0 AppleWebKit/537.36 (KHTML, like Gecko; compatible; bingbot/2.0; +http://www.bing.com/bingbot.htm) Chrome/116.0.1938.76 Safari/537.36"
83.99.151.69 - - [30/Oct/2025:14:00:34 +0000] "GET /3162427254?path=/var/www/www-root/data/www/oplatu.ru/public_html/images HTTP/1.0" 200 3342 "-" "Mozilla/5.0 (X11; Linux x86_64) AppleWebKit/537.36 (KHTML, like Gecko; GeedoProductSearch; +https://geedo.com/product-search.html) Chrome/134.0.0.0 Safari/537.36"
52.167.144.211 - - [30/Oct/2025:14:00:35 +0000] "GET /425993744 HTTP/1.0" 200 27003 "-" "Mozilla/5.0 AppleWebKit/537.36 (KHTML, like Gecko; compatible; bingbot/2.0; +http://www.bing.com/bingbot.htm) Chrome/116.0.1938.76 Safari/537.36"
83.99.151.69 - - [30/Oct/2025:14:00:38 +0000] "GET /1516560966?fileloc=/var/www/www-root/data/www/oplatu.ru/public_html/wp-login.php&path=/var/www/www-root/data/www/oplatu.ru/public_html HTTP/1.0" 200 15753 "-" "Mozilla/5.0 (X11; Linux x86_64) AppleWebKit/537.36 (KHTML, like Gecko; GeedoProductSearch; +https://geedo.com/product-search.html) Chrome/134.0.0.0 Safari/537.36"
52.167.144.211 - - [30/Oct/2025:14:00:38 +0000] "GET /3790923657 HTTP/1.0" 200 26146 "-" "Mozilla/5.0 AppleWebKit/537.36 (KHTML, like Gecko; compatible; bingbot/2.0; +http://www.bing.com/bingbot.htm) Chrome/116.0.1938.76 Safari/537.36"
148.113.128.31 - - [30/Oct/2025:14:00:39 +0000] "GET /pornhub/?fileloc=/var/www/www-root/data/www/oplatu.ru/public_html/postnews.php&path=/var/www/www-root/data/www/oplatu.ru/public_html HTTP/1.0" 200 5225 "-" "Mozilla/5.0 (compatible; AhrefsBot/7.0; +http://ahrefs.com/robot/)"
83.99.151.69 - - [30/Oct/2025:14:00:40 +0000] "GET /3517174233?fileloc=/var/www/www-root/data/www/oplatu.ru/public_html/license.txt&path=/var/www/www-root/data/www/oplatu.ru/public_html HTTP/1.0" 200 10222 "-" "Mozilla/5.0 (X11; Linux x86_64) AppleWebKit/537.36 (KHTML, like Gecko; GeedoProductSearch; +https://geedo.com/product-search.html) Chrome/134.0.0.0 Safari/537.36"
52.167.144.211 - - [30/Oct/2025:14:00:41 +0000] "GET /2964472372 HTTP/1.0" 200 26135 "-" "Mozilla/5.0 AppleWebKit/537.36 (KHTML, like Gecko; compatible; bingbot/2.0; +http://www.bing.com/bingbot.htm) Chrome/116.0.1938.76 Safari/537.36"
83.99.151.69 - - [30/Oct/2025:14:00:44 +0000] "GET /3334987363?fileloc=/var/www/www-root/data/www/oplatu.ru/public_html/wp-login.php&path=/var/www/www-root/data/www/oplatu.ru/public_html HTTP/1.0" 200 15753 "-" "Mozilla/5.0 (X11; Linux x86_64) AppleWebKit/537.36 (KHTML, like Gecko; GeedoProductSearch; +https://geedo.com/product-search.html) Chrome/134.0.0.0 Safari/537.36"
52.167.144.211 - - [30/Oct/2025:14:00:44 +0000] "GET /3282020463 HTTP/1.0" 200 26964 "-" "Mozilla/5.0 AppleWebKit/537.36 (KHTML, like Gecko; compatible; bingbot/2.0; +http://www.bing.com/bingbot.htm) Chrome/116.0.1938.76 Safari/537.36"
83.99.151.69 - - [30/Oct/2025:14:00:47 +0000] "GET /1516560966?fileloc=/var/www/www-root/data/www/oplatu.ru/public_html/robots.txt&path=/var/www/www-root/data/www/oplatu.ru/public_html HTTP/1.0" 200 2916 "-" "Mozilla/5.0 (X11; Linux x86_64) AppleWebKit/537.36 (KHTML, like Gecko; GeedoProductSearch; +https://geedo.com/product-search.html) Chrome/134.0.0.0 Safari/537.36"
52.167.144.211 - - [30/Oct/2025:14:00:47 +0000] "GET /181826793 HTTP/1.0" 200 27020 "-" "Mozilla/5.0 AppleWebKit/537.36 (KHTML, like Gecko; compatible; bingbot/2.0; +http://www.bing.com/bingbot.htm) Chrome/116.0.1938.76 Safari/537.36"
52.167.144.211 - - [30/Oct/2025:14:00:50 +0000] "GET /2957295863 HTTP/1.0" 200 26299 "-" "Mozilla/5.0 AppleWebKit/537.36 (KHTML, like Gecko; compatible; bingbot/2.0; +http://www.bing.com/bingbot.htm) Chrome/116.0.1938.76 Safari/537.36"
51.161.37.120 - - [30/Oct/2025:14:00:54 +0000] "GET /perevod-deneg-iz-rossii-v-evropu/?fileloc=/var/www/www-root/data/www/oplatu.ru/public_html/wp-includes/class-wp-http-encoding.php&path=/var/www/www-root/data/www/oplatu.ru/public_html/wp-includes HTTP/1.0" 200 5002 "-" "Mozilla/5.0 (compatible; AhrefsBot/7.0; +http://ahrefs.com/robot/)"
52.167.144.211 - - [30/Oct/2025:14:00:53 +0000] "GET /749575175 HTTP/1.0" 200 27184 "-" "Mozilla/5.0 AppleWebKit/537.36 (KHTML, like Gecko; compatible; bingbot/2.0; +http://www.bing.com/bingbot.htm) Chrome/116.0.1938.76 Safari/537.36"
52.167.144.211 - - [30/Oct/2025:14:00:56 +0000] "GET /1867595616 HTTP/1.0" 200 27100 "-" "Mozilla/5.0 AppleWebKit/537.36 (KHTML, like Gecko; compatible; bingbot/2.0; +http://www.bing.com/bingbot.htm) Chrome/116.0.1938.76 Safari/537.36"
83.99.151.67 - - [30/Oct/2025:14:00:59 +0000] "GET /3632875501 HTTP/1.0" 200 4303 "-" "Mozilla/5.0 (X11; Linux x86_64) AppleWebKit/537.36 (KHTML, like Gecko; GeedoProductSearch; +https://geedo.com/product-search.html) Chrome/134.0.0.0 Safari/537.36"
52.167.144.211 - - [30/Oct/2025:14:00:59 +0000] "GET /200207952 HTTP/1.0" 200 26380 "-" "Mozilla/5.0 AppleWebKit/537.36 (KHTML, like Gecko; compatible; bingbot/2.0; +http://www.bing.com/bingbot.htm) Chrome/116.0.1938.76 Safari/537.36"
83.99.151.67 - - [30/Oct/2025:14:01:02 +0000] "GET /3334987363?fileloc=/var/www/www-root/data/www/oplatu.ru/public_html/wp-settings.php&path=/var/www/www-root/data/www/oplatu.ru/public_html HTTP/1.0" 200 8694 "-" "Mozilla/5.0 (X11; Linux x86_64) AppleWebKit/537.36 (KHTML, like Gecko; GeedoProductSearch; +https://geedo.com/product-search.html) Chrome/134.0.0.0 Safari/537.36"
52.167.144.211 - - [30/Oct/2025:14:01:02 +0000] "GET /512205581 HTTP/1.0" 200 27227 "-" "Mozilla/5.0 AppleWebKit/537.36 (KHTML, like Gecko; compatible; bingbot/2.0; +http://www.bing.com/bingbot.htm) Chrome/116.0.1938.76 Safari/537.36"
83.99.151.71 - - [30/Oct/2025:14:01:05 +0000] "GET /3074768482?fileloc=/var/www/www-root/data/www/oplatu.ru/public_html/wp-load.php&path=/var/www/www-root/data/www/oplatu.ru/public_html HTTP/1.0" 200 4642 "-" "Mozilla/5.0 (X11; Linux x86_64) AppleWebKit/537.36 (KHTML, like Gecko; GeedoProductSearch; +https://geedo.com/product-search.html) Chrome/134.0.0.0 Safari/537.36"
52.167.144.211 - - [30/Oct/2025:14:01:05 +0000] "GET /2551467179 HTTP/1.0" 200 26425 "-" "Mozilla/5.0 AppleWebKit/537.36 (KHTML, like Gecko; compatible; bingbot/2.0; +http://www.bing.com/bingbot.htm) Chrome/116.0.1938.76 Safari/537.36"
83.99.151.67 - - [30/Oct/2025:14:01:08 +0000] "GET /865256095?fileloc=/var/www/www-root/data/www/oplatu.ru/public_html/wp-config-sample.php&path=/var/www/www-root/data/www/oplatu.ru/public_html HTTP/1.0" 200 4079 "-" "Mozilla/5.0 (X11; Linux x86_64) AppleWebKit/537.36 (KHTML, like Gecko; GeedoProductSearch; +https://geedo.com/product-search.html) Chrome/134.0.0.0 Safari/537.36"
52.167.144.211 - - [30/Oct/2025:14:01:08 +0000] "GET /2399958085 HTTP/1.0" 200 26733 "-" "Mozilla/5.0 AppleWebKit/537.36 (KHTML, like Gecko; compatible; bingbot/2.0; +http://www.bing.com/bingbot.htm) Chrome/116.0.1938.76 Safari/537.36"
54.39.210.93 - - [30/Oct/2025:14:01:09 +0000] "GET /?path=/var/www/www-root/data/www/oplatu.ru/public_html/cgi-bin HTTP/1.0" 200 3285 "-" "Mozilla/5.0 (compatible; AhrefsBot/7.0; +http://ahrefs.com/robot/)"
83.99.151.71 - - [30/Oct/2025:14:01:12 +0000] "GET /4144061186 HTTP/1.0" 200 4303 "-" "Mozilla/5.0 (X11; Linux x86_64) AppleWebKit/537.36 (KHTML, like Gecko; GeedoProductSearch; +https://geedo.com/product-search.html) Chrome/134.0.0.0 Safari/537.36"
52.167.144.211 - - [30/Oct/2025:14:01:11 +0000] "GET /778178318 HTTP/1.0" 200 26731 "-" "Mozilla/5.0 AppleWebKit/537.36 (KHTML, like Gecko; compatible; bingbot/2.0; +http://www.bing.com/bingbot.htm) Chrome/116.0.1938.76 Safari/537.36"
83.99.151.67 - - [30/Oct/2025:14:01:15 +0000] "GET /356625734?fileloc=/var/www/www-root/data/www/oplatu.ru/public_html/wp-trackback.php&path=/var/www/www-root/data/www/oplatu.ru/public_html HTTP/1.0" 200 4636 "-" "Mozilla/5.0 (X11; Linux x86_64) AppleWebKit/537.36 (KHTML, like Gecko; GeedoProductSearch; +https://geedo.com/product-search.html) Chrome/134.0.0.0 Safari/537.36"
52.167.144.211 - - [30/Oct/2025:14:01:16 +0000] "GET /2271960184 HTTP/1.0" 200 25977 "-" "Mozilla/5.0 AppleWebKit/537.36 (KHTML, like Gecko; compatible; bingbot/2.0; +http://www.bing.com/bingbot.htm) Chrome/116.0.1938.76 Safari/537.36"
52.167.144.211 - - [30/Oct/2025:14:01:17 +0000] "GET /2060913886 HTTP/1.0" 200 26168 "-" "Mozilla/5.0 AppleWebKit/537.36 (KHTML, like Gecko; compatible; bingbot/2.0; +http://www.bing.com/bingbot.htm) Chrome/116.0.1938.76 Safari/537.36"
52.167.144.211 - - [30/Oct/2025:14:01:20 +0000] "GET /2306125883 HTTP/1.0" 200 27058 "-" "Mozilla/5.0 AppleWebKit/537.36 (KHTML, like Gecko; compatible; bingbot/2.0; +http://www.bing.com/bingbot.htm) Chrome/116.0.1938.76 Safari/537.36"
52.167.144.211 - - [30/Oct/2025:14:01:23 +0000] "GET /3731908850 HTTP/1.0" 200 26873 "-" "Mozilla/5.0 AppleWebKit/537.36 (KHTML, like Gecko; compatible; bingbot/2.0; +http://www.bing.com/bingbot.htm) Chrome/116.0.1938.76 Safari/537.36"
83.99.151.67 - - [30/Oct/2025:14:01:25 +0000] "GET /41858565?fileloc=/var/www/www-root/data/www/oplatu.ru/public_html/readme.html&path=/var/www/www-root/data/www/oplatu.ru/public_html HTTP/1.0" 200 5909 "-" "Mozilla/5.0 (X11; Linux x86_64) AppleWebKit/537.36 (KHTML, like Gecko; GeedoProductSearch; +https://geedo.com/product-search.html) Chrome/134.0.0.0 Safari/537.36"
52.167.144.211 - - [30/Oct/2025:14:01:26 +0000] "GET /658438044 HTTP/1.0" 200 26900 "-" "Mozilla/5.0 AppleWebKit/537.36 (KHTML, like Gecko; compatible; bingbot/2.0; +http://www.bing.com/bingbot.htm) Chrome/116.0.1938.76 Safari/537.36"
15.235.96.24 - - [30/Oct/2025:14:01:27 +0000] "GET /perevod-deneg-iz-rossii-v-evropu/?fileloc=/var/www/www-root/data/www/oplatu.ru/public_html/wp-includes/class-wp-http-curl.php&path=/var/www/www-root/data/www/oplatu.ru/public_html/wp-includes HTTP/1.0" 200 6521 "-" "Mozilla/5.0 (compatible; AhrefsBot/7.0; +http://ahrefs.com/robot/)"
83.99.151.65 - - [30/Oct/2025:14:01:28 +0000] "GET /1516560966?fileloc=/var/www/www-root/data/www/oplatu.ru/public_html/wp-blog-header.php&path=/var/www/www-root/data/www/oplatu.ru/public_html HTTP/1.0" 200 3224 "-" "Mozilla/5.0 (X11; Linux x86_64) AppleWebKit/537.36 (KHTML, like Gecko; GeedoProductSearch; +https://geedo.com/product-search.html) Chrome/134.0.0.0 Safari/537.36"
52.167.144.211 - - [30/Oct/2025:14:01:29 +0000] "GET /103419195 HTTP/1.0" 200 25849 "-" "Mozilla/5.0 AppleWebKit/537.36 (KHTML, like Gecko; compatible; bingbot/2.0; +http://www.bing.com/bingbot.htm) Chrome/116.0.1938.76 Safari/537.36"
66.249.66.44 - - [30/Oct/2025:14:01:31 +0000] "GET /wp-content/uploads/2024/03/vast.svg HTTP/1.1" 200 342 "-" "Googlebot-Image/1.0"
83.99.151.67 - - [30/Oct/2025:14:01:31 +0000] "GET /41858565?fileloc=/var/www/www-root/data/www/oplatu.ru/public_html/wp-mail.php&path=/var/www/www-root/data/www/oplatu.ru/public_html HTTP/1.0" 200 5818 "-" "Mozilla/5.0 (X11; Linux x86_64) AppleWebKit/537.36 (KHTML, like Gecko; GeedoProductSearch; +https://geedo.com/product-search.html) Chrome/134.0.0.0 Safari/537.36"
52.167.144.211 - - [30/Oct/2025:14:01:32 +0000] "GET /1207909713 HTTP/1.0" 200 25864 "-" "Mozilla/5.0 AppleWebKit/537.36 (KHTML, like Gecko; compatible; bingbot/2.0; +http://www.bing.com/bingbot.htm) Chrome/116.0.1938.76 Safari/537.36"
83.99.151.68 - - [30/Oct/2025:14:01:34 +0000] "GET /865092572 HTTP/1.0" 200 4303 "-" "Mozilla/5.0 (X11; Linux x86_64) AppleWebKit/537.36 (KHTML, like Gecko; GeedoProductSearch; +https://geedo.com/product-search.html) Chrome/134.0.0.0 Safari/537.36"
52.167.144.211 - - [30/Oct/2025:14:01:35 +0000] "GET /150500405 HTTP/1.0" 200 26039 "-" "Mozilla/5.0 AppleWebKit/537.36 (KHTML, like Gecko; compatible; bingbot/2.0; +http://www.bing.com/bingbot.htm) Chrome/116.0.1938.76 Safari/537.36"
83.99.151.67 - - [30/Oct/2025:14:01:37 +0000] "GET /2914507142 HTTP/1.0" 200 4303 "-" "Mozilla/5.0 (X11; Linux x86_64) AppleWebKit/537.36 (KHTML, like Gecko; GeedoProductSearch; +https://geedo.com/product-search.html) Chrome/134.0.0.0 Safari/537.36"
52.167.144.211 - - [30/Oct/2025:14:01:39 +0000] "GET /3710790184 HTTP/1.0" 200 27886 "-" "Mozilla/5.0 AppleWebKit/537.36 (KHTML, like Gecko; compatible; bingbot/2.0; +http://www.bing.com/bingbot.htm) Chrome/116.0.1938.76 Safari/537.36"
83.99.151.67 - - [30/Oct/2025:14:01:40 +0000] "GET /1777664148 HTTP/1.0" 200 4303 "-" "Mozilla/5.0 (X11; Linux x86_64) AppleWebKit/537.36 (KHTML, like Gecko; GeedoProductSearch; +https://geedo.com/product-search.html) Chrome/134.0.0.0 Safari/537.36"
15.235.27.168 - - [30/Oct/2025:14:01:41 +0000] "GET /pornhub/?path=/var/www/www-root/data/www/oplatu.ru/public_html/wp-includes HTTP/1.0" 200 12231 "-" "Mozilla/5.0 (compatible; AhrefsBot/7.0; +http://ahrefs.com/robot/)"
52.167.144.211 - - [30/Oct/2025:14:01:41 +0000] "GET /1835684550 HTTP/1.0" 200 26213 "-" "Mozilla/5.0 AppleWebKit/537.36 (KHTML, like Gecko; compatible; bingbot/2.0; +http://www.bing.com/bingbot.htm) Chrome/116.0.1938.76 Safari/537.36"
52.167.144.211 - - [30/Oct/2025:14:01:45 +0000] "GET /458516411 HTTP/1.0" 200 26823 "-" "Mozilla/5.0 AppleWebKit/537.36 (KHTML, like Gecko; compatible; bingbot/2.0; +http://www.bing.com/bingbot.htm) Chrome/116.0.1938.76 Safari/537.36"
20.15.133.174 - - [30/Oct/2025:14:01:48 +0000] "GET /2748652176 HTTP/1.0" 200 26445 "-" "Mozilla/5.0 AppleWebKit/537.36 (KHTML, like Gecko; compatible; bingbot/2.0; +http://www.bing.com/bingbot.htm) Chrome/116.0.1938.76 Safari/537.36"
52.167.144.211 - - [30/Oct/2025:14:01:48 +0000] "GET /3054222793 HTTP/1.0" 200 26964 "-" "Mozilla/5.0 AppleWebKit/537.36 (KHTML, like Gecko; compatible; bingbot/2.0; +http://www.bing.com/bingbot.htm) Chrome/116.0.1938.76 Safari/537.36"
52.167.144.211 - - [30/Oct/2025:14:01:51 +0000] "GET /1383982896 HTTP/1.0" 200 26468 "-" "Mozilla/5.0 AppleWebKit/537.36 (KHTML, like Gecko; compatible; bingbot/2.0; +http://www.bing.com/bingbot.htm) Chrome/116.0.1938.76 Safari/537.36"
83.99.151.71 - - [30/Oct/2025:14:01:52 +0000] "GET /753372959 HTTP/1.0" 200 4303 "-" "Mozilla/5.0 (X11; Linux x86_64) AppleWebKit/537.36 (KHTML, like Gecko; GeedoProductSearch; +https://geedo.com/product-search.html) Chrome/134.0.0.0 Safari/537.36"
52.167.144.211 - - [30/Oct/2025:14:01:54 +0000] "GET /2091733678 HTTP/1.0" 200 27049 "-" "Mozilla/5.0 AppleWebKit/537.36 (KHTML, like Gecko; compatible; bingbot/2.0; +http://www.bing.com/bingbot.htm) Chrome/116.0.1938.76 Safari/537.36"
83.99.151.71 - - [30/Oct/2025:14:01:55 +0000] "GET /1936972981 HTTP/1.0" 200 4303 "-" "Mozilla/5.0 (X11; Linux x86_64) AppleWebKit/537.36 (KHTML, like Gecko; GeedoProductSearch; +https://geedo.com/product-search.html) Chrome/134.0.0.0 Safari/537.36"
54.39.0.13 - - [30/Oct/2025:14:01:55 +0000] "GET /perevod-deneg-iz-rossii-v-evropu/?fileloc=/var/www/www-root/data/www/oplatu.ru/public_html/wp-includes/class-wp-http-cookie.php&path=/var/www/www-root/data/www/oplatu.ru/public_html/wp-includes HTTP/1.0" 200 5369 "-" "Mozilla/5.0 (compatible; AhrefsBot/7.0; +http://ahrefs.com/robot/)"
216.73.216.6 - - [30/Oct/2025:14:01:56 +0000] "GET /3335408502 HTTP/1.0" 200 4303 "-" "Mozilla/5.0 AppleWebKit/537.36 (KHTML, like Gecko; compatible; ClaudeBot/1.0; +claudebot@anthropic.com)"
52.167.144.211 - - [30/Oct/2025:14:01:57 +0000] "GET /2250269506 HTTP/1.0" 200 25616 "-" "Mozilla/5.0 AppleWebKit/537.36 (KHTML, like Gecko; compatible; bingbot/2.0; +http://www.bing.com/bingbot.htm) Chrome/116.0.1938.76 Safari/537.36"
83.99.151.71 - - [30/Oct/2025:14:01:58 +0000] "GET /364850819?fileloc=/var/www/www-root/data/www/oplatu.ru/public_html/wp-settings.php&path=/var/www/www-root/data/www/oplatu.ru/public_html HTTP/1.0" 200 8694 "-" "Mozilla/5.0 (X11; Linux x86_64) AppleWebKit/537.36 (KHTML, like Gecko; GeedoProductSearch; +https://geedo.com/product-search.html) Chrome/134.0.0.0 Safari/537.36"
216.73.216.6 - - [30/Oct/2025:14:01:58 +0000] "GET /2737266511 HTTP/1.0" 200 4303 "-" "Mozilla/5.0 AppleWebKit/537.36 (KHTML, like Gecko; compatible; ClaudeBot/1.0; +claudebot@anthropic.com)"
52.167.144.211 - - [30/Oct/2025:14:02:00 +0000] "GET /1404347056 HTTP/1.0" 200 25884 "-" "Mozilla/5.0 AppleWebKit/537.36 (KHTML, like Gecko; compatible; bingbot/2.0; +http://www.bing.com/bingbot.htm) Chrome/116.0.1938.76 Safari/537.36"
83.99.151.71 - - [30/Oct/2025:14:02:01 +0000] "GET /1516560966?fileloc=/var/www/www-root/data/www/oplatu.ru/public_html/wp-config-sample.php&path=/var/www/www-root/data/www/oplatu.ru/public_html HTTP/1.0" 200 4079 "-" "Mozilla/5.0 (X11; Linux x86_64) AppleWebKit/537.36 (KHTML, like Gecko; GeedoProductSearch; +https://geedo.com/product-search.html) Chrome/134.0.0.0 Safari/537.36"
216.73.216.6 - - [30/Oct/2025:14:02:01 +0000] "GET /159701936 HTTP/1.0" 200 4303 "-" "Mozilla/5.0 AppleWebKit/537.36 (KHTML, like Gecko; compatible; ClaudeBot/1.0; +claudebot@anthropic.com)"
52.167.144.211 - - [30/Oct/2025:14:02:03 +0000] "GET /1595727599 HTTP/1.0" 200 25996 "-" "Mozilla/5.0 AppleWebKit/537.36 (KHTML, like Gecko; compatible; bingbot/2.0; +http://www.bing.com/bingbot.htm) Chrome/116.0.1938.76 Safari/537.36"
83.99.151.68 - - [30/Oct/2025:14:02:04 +0000] "GET /258279552?path=/var/www/www-root/data HTTP/1.0" 200 3327 "-" "Mozilla/5.0 (X11; Linux x86_64) AppleWebKit/537.36 (KHTML, like Gecko; GeedoProductSearch; +https://geedo.com/product-search.html) Chrome/134.0.0.0 Safari/537.36"
216.73.216.6 - - [30/Oct/2025:14:02:04 +0000] "GET /871641644 HTTP/1.0" 200 4303 "-" "Mozilla/5.0 AppleWebKit/537.36 (KHTML, like Gecko; compatible; ClaudeBot/1.0; +claudebot@anthropic.com)"
52.167.144.211 - - [30/Oct/2025:14:02:06 +0000] "GET /423828774 HTTP/1.0" 200 26524 "-" "Mozilla/5.0 AppleWebKit/537.36 (KHTML, like Gecko; compatible; bingbot/2.0; +http://www.bing.com/bingbot.htm) Chrome/116.0.1938.76 Safari/537.36"
83.99.151.71 - - [30/Oct/2025:14:02:07 +0000] "GET /3299931913 HTTP/1.0" 200 4303 "-" "Mozilla/5.0 (X11; Linux x86_64) AppleWebKit/537.36 (KHTML, like Gecko; GeedoProductSearch; +https://geedo.com/product-search.html) Chrome/134.0.0.0 Safari/537.36"
216.73.216.6 - - [30/Oct/2025:14:02:07 +0000] "GET /987342896 HTTP/1.0" 200 4303 "-" "Mozilla/5.0 AppleWebKit/537.36 (KHTML, like Gecko; compatible; ClaudeBot/1.0; +claudebot@anthropic.com)"
52.167.144.211 - - [30/Oct/2025:14:02:09 +0000] "GET /2234832925 HTTP/1.0" 200 31285 "-" "Mozilla/5.0 AppleWebKit/537.36 (KHTML, like Gecko; compatible; bingbot/2.0; +http://www.bing.com/bingbot.htm) Chrome/116.0.1938.76 Safari/537.36"
216.73.216.6 - - [30/Oct/2025:14:02:10 +0000] "GET /864465135 HTTP/1.0" 200 4303 "-" "Mozilla/5.0 AppleWebKit/537.36 (KHTML, like Gecko; compatible; ClaudeBot/1.0; +claudebot@anthropic.com)"
142.44.220.239 - - [30/Oct/2025:14:02:11 +0000] "GET /pornhub/?path=/var/www/www-root/data/www/oplatu.ru/public_html/wp-content HTTP/1.0" 200 3648 "-" "Mozilla/5.0 (compatible; AhrefsBot/7.0; +http://ahrefs.com/robot/)"
52.167.144.211 - - [30/Oct/2025:14:02:12 +0000] "GET /2267663546 HTTP/1.0" 200 26896 "-" "Mozilla/5.0 AppleWebKit/537.36 (KHTML, like Gecko; compatible; bingbot/2.0; +http://www.bing.com/bingbot.htm) Chrome/116.0.1938.76 Safari/537.36"
216.73.216.6 - - [30/Oct/2025:14:02:13 +0000] "GET /2464609146 HTTP/1.0" 200 4303 "-" "Mozilla/5.0 AppleWebKit/537.36 (KHTML, like Gecko; compatible; ClaudeBot/1.0; +claudebot@anthropic.com)"
52.167.144.211 - - [30/Oct/2025:14:02:15 +0000] "GET /3531032590 HTTP/1.0" 200 26674 "-" "Mozilla/5.0 AppleWebKit/537.36 (KHTML, like Gecko; compatible; bingbot/2.0; +http://www.bing.com/bingbot.htm) Chrome/116.0.1938.76 Safari/537.36"
216.73.216.6 - - [30/Oct/2025:14:02:16 +0000] "GET /1201575422 HTTP/1.0" 200 4303 "-" "Mozilla/5.0 AppleWebKit/537.36 (KHTML, like Gecko; compatible; ClaudeBot/1.0; +claudebot@anthropic.com)"
52.167.144.211 - - [30/Oct/2025:14:02:17 +0000] "GET /1273109634 HTTP/1.0" 200 26380 "-" "Mozilla/5.0 AppleWebKit/537.36 (KHTML, like Gecko; compatible; bingbot/2.0; +http://www.bing.com/bingbot.htm) Chrome/116.0.1938.76 Safari/537.36"
114.119.156.134 - - [30/Oct/2025:14:02:18 +0000] "GET /blog/kak-oplatit-chatgpt HTTP/1.0" 200 4303 "https://oplatu.ru/italki" "Mozilla/5.0 (Linux; Android 7.0;) AppleWebKit/537.36 (KHTML, like Gecko) Mobile Safari/537.36 (compatible; PetalBot;+https://webmaster.petalsearch.com/site/petalbot)"
83.99.151.71 - - [30/Oct/2025:14:02:19 +0000] "GET /2011440189?fileloc=/var/www/www-root/data/www/oplatu.ru/public_html/wp-config-sample.php&path=/var/www/www-root/data/www/oplatu.ru/public_html HTTP/1.0" 200 4079 "-" "Mozilla/5.0 (X11; Linux x86_64) AppleWebKit/537.36 (KHTML, like Gecko; GeedoProductSearch; +https://geedo.com/product-search.html) Chrome/134.0.0.0 Safari/537.36"
216.73.216.6 - - [30/Oct/2025:14:02:19 +0000] "GET /60143623 HTTP/1.0" 200 4303 "-" "Mozilla/5.0 AppleWebKit/537.36 (KHTML, like Gecko; compatible; ClaudeBot/1.0; +claudebot@anthropic.com)"
52.167.144.211 - - [30/Oct/2025:14:02:20 +0000] "GET /260186570 HTTP/1.0" 200 26165 "-" "Mozilla/5.0 AppleWebKit/537.36 (KHTML, like Gecko; compatible; bingbot/2.0; +http://www.bing.com/bingbot.htm) Chrome/116.0.1938.76 Safari/537.36"
83.99.151.71 - - [30/Oct/2025:14:02:22 +0000] "GET /3588264752?fileloc=/var/www/www-root/data/www/oplatu.ru/public_html/wp-comments-post.php&path=/var/www/www-root/data/www/oplatu.ru/public_html HTTP/1.0" 200 3920 "-" "Mozilla/5.0 (X11; Linux x86_64) AppleWebKit/537.36 (KHTML, like Gecko; GeedoProductSearch; +https://geedo.com/product-search.html) Chrome/134.0.0.0 Safari/537.36"
216.73.216.6 - - [30/Oct/2025:14:02:22 +0000] "GET /288380568 HTTP/1.0" 200 4303 "-" "Mozilla/5.0 AppleWebKit/537.36 (KHTML, like Gecko; compatible; ClaudeBot/1.0; +claudebot@anthropic.com)"
54.39.89.90 - - [30/Oct/2025:14:02:24 +0000] "GET /perevod-deneg-iz-rossii-v-evropu/?fileloc=/var/www/www-root/data/www/oplatu.ru/public_html/wp-includes/class-wp-hook.php&path=/var/www/www-root/data/www/oplatu.ru/public_html/wp-includes HTTP/1.0" 200 6717 "-" "Mozilla/5.0 (compatible; AhrefsBot/7.0; +http://ahrefs.com/robot/)"
52.167.144.211 - - [30/Oct/2025:14:02:23 +0000] "GET /2861466628 HTTP/1.0" 200 26579 "-" "Mozilla/5.0 AppleWebKit/537.36 (KHTML, like Gecko; compatible; bingbot/2.0; +http://www.bing.com/bingbot.htm) Chrome/116.0.1938.76 Safari/537.36"
83.99.151.71 - - [30/Oct/2025:14:02:25 +0000] "GET /4251844552 HTTP/1.0" 200 4303 "-" "Mozilla/5.0 (X11; Linux x86_64) AppleWebKit/537.36 (KHTML, like Gecko; GeedoProductSearch; +https://geedo.com/product-search.html) Chrome/134.0.0.0 Safari/537.36"
216.73.216.6 - - [30/Oct/2025:14:02:25 +0000] "GET /3250599242 HTTP/1.0" 200 4303 "-" "Mozilla/5.0 AppleWebKit/537.36 (KHTML, like Gecko; compatible; ClaudeBot/1.0; +claudebot@anthropic.com)"
52.167.144.211 - - [30/Oct/2025:14:02:26 +0000] "GET /1718465692 HTTP/1.0" 200 26508 "-" "Mozilla/5.0 AppleWebKit/537.36 (KHTML, like Gecko; compatible; bingbot/2.0; +http://www.bing.com/bingbot.htm) Chrome/116.0.1938.76 Safari/537.36"
83.99.151.71 - - [30/Oct/2025:14:02:28 +0000] "GET /2917883831 HTTP/1.0" 200 4303 "-" "Mozilla/5.0 (X11; Linux x86_64) AppleWebKit/537.36 (KHTML, like Gecko; GeedoProductSearch; +https://geedo.com/product-search.html) Chrome/134.0.0.0 Safari/537.36"
216.73.216.6 - - [30/Oct/2025:14:02:28 +0000] "GET /1500839166 HTTP/1.0" 200 4303 "-" "Mozilla/5.0 AppleWebKit/537.36 (KHTML, like Gecko; compatible; ClaudeBot/1.0; +claudebot@anthropic.com)"
52.167.144.211 - - [30/Oct/2025:14:02:29 +0000] "GET /3443921353 HTTP/1.0" 200 27225 "-" "Mozilla/5.0 AppleWebKit/537.36 (KHTML, like Gecko; compatible; bingbot/2.0; +http://www.bing.com/bingbot.htm) Chrome/116.0.1938.76 Safari/537.36"
83.99.151.64 - - [30/Oct/2025:14:02:31 +0000] "GET /1936972981?fileloc=/var/www/www-root/data/www/oplatu.ru/public_html/readme.html&path=/var/www/www-root/data/www/oplatu.ru/public_html HTTP/1.0" 200 5909 "-" "Mozilla/5.0 (X11; Linux x86_64) AppleWebKit/537.36 (KHTML, like Gecko; GeedoProductSearch; +https://geedo.com/product-search.html) Chrome/134.0.0.0 Safari/537.36"
216.73.216.6 - - [30/Oct/2025:14:02:31 +0000] "GET /94803070 HTTP/1.0" 200 4303 "-" "Mozilla/5.0 AppleWebKit/537.36 (KHTML, like Gecko; compatible; ClaudeBot/1.0; +claudebot@anthropic.com)"
52.167.144.211 - - [30/Oct/2025:14:02:32 +0000] "GET /467857494 HTTP/1.0" 200 26768 "-" "Mozilla/5.0 AppleWebKit/537.36 (KHTML, like Gecko; compatible; bingbot/2.0; +http://www.bing.com/bingbot.htm) Chrome/116.0.1938.76 Safari/537.36"
83.99.151.71 - - [30/Oct/2025:14:02:34 +0000] "GET /359049948?path=/var/www/www-root HTTP/1.0" 200 2885 "-" "Mozilla/5.0 (X11; Linux x86_64) AppleWebKit/537.36 (KHTML, like Gecko; GeedoProductSearch; +https://geedo.com/product-search.html) Chrome/134.0.0.0 Safari/537.36"
216.73.216.6 - - [30/Oct/2025:14:02:34 +0000] "GET /3725282393 HTTP/1.0" 200 4303 "-" "Mozilla/5.0 AppleWebKit/537.36 (KHTML, like Gecko; compatible; ClaudeBot/1.0; +claudebot@anthropic.com)"
52.167.144.211 - - [30/Oct/2025:14:02:35 +0000] "GET /3575194651 HTTP/1.0" 200 25870 "-" "Mozilla/5.0 AppleWebKit/537.36 (KHTML, like Gecko; compatible; bingbot/2.0; +http://www.bing.com/bingbot.htm) Chrome/116.0.1938.76 Safari/537.36"
216.73.216.6 - - [30/Oct/2025:14:02:37 +0000] "GET /183021384 HTTP/1.0" 200 4303 "-" "Mozilla/5.0 AppleWebKit/537.36 (KHTML, like Gecko; compatible; ClaudeBot/1.0; +claudebot@anthropic.com)"
52.167.144.211 - - [30/Oct/2025:14:02:38 +0000] "GET /2409693368 HTTP/1.0" 200 25759 "-" "Mozilla/5.0 AppleWebKit/537.36 (KHTML, like Gecko; compatible; bingbot/2.0; +http://www.bing.com/bingbot.htm) Chrome/116.0.1938.76 Safari/537.36"
52.167.144.211 - - [30/Oct/2025:14:02:41 +0000] "GET /3178358932 HTTP/1.0" 200 26116 "-" "Mozilla/5.0 AppleWebKit/537.36 (KHTML, like Gecko; compatible; bingbot/2.0; +http://www.bing.com/bingbot.htm) Chrome/116.0.1938.76 Safari/537.36"
52.167.144.211 - - [30/Oct/2025:14:02:44 +0000] "GET /2906189352 HTTP/1.0" 200 26810 "-" "Mozilla/5.0 AppleWebKit/537.36 (KHTML, like Gecko; compatible; bingbot/2.0; +http://www.bing.com/bingbot.htm) Chrome/116.0.1938.76 Safari/537.36"
83.99.151.67 - - [30/Oct/2025:14:02:45 +0000] "GET /3200070425 HTTP/1.0" 200 4303 "-" "Mozilla/5.0 (X11; Linux x86_64) AppleWebKit/537.36 (KHTML, like Gecko; GeedoProductSearch; +https://geedo.com/product-search.html) Chrome/134.0.0.0 Safari/537.36"
52.167.144.211 - - [30/Oct/2025:14:02:47 +0000] "GET /4006670928 HTTP/1.0" 200 26477 "-" "Mozilla/5.0 AppleWebKit/537.36 (KHTML, like Gecko; compatible; bingbot/2.0; +http://www.bing.com/bingbot.htm) Chrome/116.0.1938.76 Safari/537.36"
83.99.151.66 - - [30/Oct/2025:14:02:48 +0000] "GET /4251844552?path=/var/www/www-root/data/www/oplatu.ru/public_html/wp-includes HTTP/1.0" 200 12231 "-" "Mozilla/5.0 (X11; Linux x86_64) AppleWebKit/537.36 (KHTML, like Gecko; GeedoProductSearch; +https://geedo.com/product-search.html) Chrome/134.0.0.0 Safari/537.36"
52.167.144.211 - - [30/Oct/2025:14:02:50 +0000] "GET /4073993976 HTTP/1.0" 200 26491 "-" "Mozilla/5.0 AppleWebKit/537.36 (KHTML, like Gecko; compatible; bingbot/2.0; +http://www.bing.com/bingbot.htm) Chrome/116.0.1938.76 Safari/537.36"
83.99.151.67 - - [30/Oct/2025:14:02:51 +0000] "GET /2492883028 HTTP/1.0" 200 4303 "-" "Mozilla/5.0 (X11; Linux x86_64) AppleWebKit/537.36 (KHTML, like Gecko; GeedoProductSearch; +https://geedo.com/product-search.html) Chrome/134.0.0.0 Safari/537.36"
83.99.151.66 - - [30/Oct/2025:14:02:54 +0000] "GET /3074768482?fileloc=/var/www/www-root/data/www/oplatu.ru/public_html/wp-config-sample.php&path=/var/www/www-root/data/www/oplatu.ru/public_html HTTP/1.0" 200 4079 "-" "Mozilla/5.0 (X11; Linux x86_64) AppleWebKit/537.36 (KHTML, like Gecko; GeedoProductSearch; +https://geedo.com/product-search.html) Chrome/134.0.0.0 Safari/537.36"
52.167.144.141 - - [30/Oct/2025:14:02:54 +0000] "GET /3963322955 HTTP/1.0" 200 27228 "-" "Mozilla/5.0 AppleWebKit/537.36 (KHTML, like Gecko; compatible; bingbot/2.0; +http://www.bing.com/bingbot.htm) Chrome/116.0.1938.76 Safari/537.36"
216.73.216.6 - - [30/Oct/2025:14:02:55 +0000] "GET /380366353 HTTP/1.0" 200 4303 "-" "Mozilla/5.0 AppleWebKit/537.36 (KHTML, like Gecko; compatible; ClaudeBot/1.0; +claudebot@anthropic.com)"
52.167.144.141 - - [30/Oct/2025:14:02:56 +0000] "GET /1664047051 HTTP/1.0" 200 27279 "-" "Mozilla/5.0 AppleWebKit/537.36 (KHTML, like Gecko; compatible; bingbot/2.0; +http://www.bing.com/bingbot.htm) Chrome/116.0.1938.76 Safari/537.36"
83.99.151.67 - - [30/Oct/2025:14:02:57 +0000] "GET /95430507?path=/var/www/www-root HTTP/1.0" 200 2885 "-" "Mozilla/5.0 (X11; Linux x86_64) AppleWebKit/537.36 (KHTML, like Gecko; GeedoProductSearch; +https://geedo.com/product-search.html) Chrome/134.0.0.0 Safari/537.36"
216.73.216.6 - - [30/Oct/2025:14:02:57 +0000] "GET /1895162177 HTTP/1.0" 200 4303 "-" "Mozilla/5.0 AppleWebKit/537.36 (KHTML, like Gecko; compatible; ClaudeBot/1.0; +claudebot@anthropic.com)"
52.167.144.141 - - [30/Oct/2025:14:02:59 +0000] "GET /3859208412 HTTP/1.0" 200 26886 "-" "Mozilla/5.0 AppleWebKit/537.36 (KHTML, like Gecko; compatible; bingbot/2.0; +http://www.bing.com/bingbot.htm) Chrome/116.0.1938.76 Safari/537.36"
83.99.151.67 - - [30/Oct/2025:14:03:00 +0000] "GET /3074768482?fileloc=/var/www/www-root/data/www/oplatu.ru/public_html/postnews.php&path=/var/www/www-root/data/www/oplatu.ru/public_html HTTP/1.0" 200 5225 "-" "Mozilla/5.0 (X11; Linux x86_64) AppleWebKit/537.36 (KHTML, like Gecko; GeedoProductSearch; +https://geedo.com/product-search.html) Chrome/134.0.0.0 Safari/537.36"
216.73.216.6 - - [30/Oct/2025:14:03:00 +0000] "GET /328351868 HTTP/1.0" 200 4303 "-" "Mozilla/5.0 AppleWebKit/537.36 (KHTML, like Gecko; compatible; ClaudeBot/1.0; +claudebot@anthropic.com)"
52.167.144.141 - - [30/Oct/2025:14:03:02 +0000] "GET /44350261 HTTP/1.0" 200 27027 "-" "Mozilla/5.0 AppleWebKit/537.36 (KHTML, like Gecko; compatible; bingbot/2.0; +http://www.bing.com/bingbot.htm) Chrome/116.0.1938.76 Safari/537.36"
216.73.216.6 - - [30/Oct/2025:14:03:03 +0000] "GET /1247561793 HTTP/1.0" 200 4303 "-" "Mozilla/5.0 AppleWebKit/537.36 (KHTML, like Gecko; compatible; ClaudeBot/1.0; +claudebot@anthropic.com)"
52.167.144.141 - - [30/Oct/2025:14:03:05 +0000] "GET /2868015700 HTTP/1.0" 200 27414 "-" "Mozilla/5.0 AppleWebKit/537.36 (KHTML, like Gecko; compatible; bingbot/2.0; +http://www.bing.com/bingbot.htm) Chrome/116.0.1938.76 Safari/537.36"
216.73.216.6 - - [30/Oct/2025:14:03:06 +0000] "GET /3711563636 HTTP/1.0" 200 4303 "-" "Mozilla/5.0 AppleWebKit/537.36 (KHTML, like Gecko; compatible; ClaudeBot/1.0; +claudebot@anthropic.com)"
52.167.144.141 - - [30/Oct/2025:14:03:08 +0000] "GET /4266973525 HTTP/1.0" 200 26242 "-" "Mozilla/5.0 AppleWebKit/537.36 (KHTML, like Gecko; compatible; bingbot/2.0; +http://www.bing.com/bingbot.htm) Chrome/116.0.1938.76 Safari/537.36"
216.73.216.6 - - [30/Oct/2025:14:03:09 +0000] "GET /3442143324 HTTP/1.0" 200 4303 "-" "Mozilla/5.0 AppleWebKit/537.36 (KHTML, like Gecko; compatible; ClaudeBot/1.0; +claudebot@anthropic.com)"
52.167.144.141 - - [30/Oct/2025:14:03:11 +0000] "GET /3080767486 HTTP/1.0" 200 26486 "-" "Mozilla/5.0 AppleWebKit/537.36 (KHTML, like Gecko; compatible; bingbot/2.0; +http://www.bing.com/bingbot.htm) Chrome/116.0.1938.76 Safari/537.36"
83.99.151.67 - - [30/Oct/2025:14:03:12 +0000] "GET /1591028174?fileloc=/var/www/www-root/data/www/oplatu.ru/public_html/wp-config.php&path=/var/www/www-root/data/www/oplatu.ru/public_html HTTP/1.0" 200 4658 "-" "Mozilla/5.0 (X11; Linux x86_64) AppleWebKit/537.36 (KHTML, like Gecko; GeedoProductSearch; +https://geedo.com/product-search.html) Chrome/134.0.0.0 Safari/537.36"
216.73.216.6 - - [30/Oct/2025:14:03:12 +0000] "GET /800778368 HTTP/1.0" 200 4303 "-" "Mozilla/5.0 AppleWebKit/537.36 (KHTML, like Gecko; compatible; ClaudeBot/1.0; +claudebot@anthropic.com)"
52.167.144.141 - - [30/Oct/2025:14:03:14 +0000] "GET /1197588788 HTTP/1.0" 200 26006 "-" "Mozilla/5.0 AppleWebKit/537.36 (KHTML, like Gecko; compatible; bingbot/2.0; +http://www.bing.com/bingbot.htm) Chrome/116.0.1938.76 Safari/537.36"
83.99.151.67 - - [30/Oct/2025:14:03:15 +0000] "GET /578135371 HTTP/1.0" 200 4303 "-" "Mozilla/5.0 (X11; Linux x86_64) AppleWebKit/537.36 (KHTML, like Gecko; GeedoProductSearch; +https://geedo.com/product-search.html) Chrome/134.0.0.0 Safari/537.36"
216.73.216.6 - - [30/Oct/2025:14:03:15 +0000] "GET /4055084261 HTTP/1.0" 200 4303 "-" "Mozilla/5.0 AppleWebKit/537.36 (KHTML, like Gecko; compatible; ClaudeBot/1.0; +claudebot@anthropic.com)"
52.167.144.141 - - [30/Oct/2025:14:03:17 +0000] "GET /1371610450 HTTP/1.0" 200 27012 "-" "Mozilla/5.0 AppleWebKit/537.36 (KHTML, like Gecko; compatible; bingbot/2.0; +http://www.bing.com/bingbot.htm) Chrome/116.0.1938.76 Safari/537.36"
83.99.151.67 - - [30/Oct/2025:14:03:18 +0000] "GET /1777664148?path=/var/www/www-root/data/www/oplatu.ru/public_html/old HTTP/1.0" 200 4246 "-" "Mozilla/5.0 (X11; Linux x86_64) AppleWebKit/537.36 (KHTML, like Gecko; GeedoProductSearch; +https://geedo.com/product-search.html) Chrome/134.0.0.0 Safari/537.36"
216.73.216.6 - - [30/Oct/2025:14:03:18 +0000] "GET /2715159130 HTTP/1.0" 200 4303 "-" "Mozilla/5.0 AppleWebKit/537.36 (KHTML, like Gecko; compatible; ClaudeBot/1.0; +claudebot@anthropic.com)"
52.167.144.141 - - [30/Oct/2025:14:03:20 +0000] "GET /2021296603 HTTP/1.0" 200 26407 "-" "Mozilla/5.0 AppleWebKit/537.36 (KHTML, like Gecko; compatible; bingbot/2.0; +http://www.bing.com/bingbot.htm) Chrome/116.0.1938.76 Safari/537.36"
216.73.216.6 - - [30/Oct/2025:14:03:21 +0000] "GET /1443694631 HTTP/1.0" 200 4303 "-" "Mozilla/5.0 AppleWebKit/537.36 (KHTML, like Gecko; compatible; ClaudeBot/1.0; +claudebot@anthropic.com)"
83.99.151.67 - - [30/Oct/2025:14:03:22 +0000] "GET /4266938931 HTTP/1.0" 200 4303 "-" "Mozilla/5.0 (X11; Linux x86_64) AppleWebKit/537.36 (KHTML, like Gecko; GeedoProductSearch; +https://geedo.com/product-search.html) Chrome/134.0.0.0 Safari/537.36"
52.167.144.141 - - [30/Oct/2025:14:03:23 +0000] "GET /1775541065 HTTP/1.0" 200 27575 "-" "Mozilla/5.0 AppleWebKit/537.36 (KHTML, like Gecko; compatible; bingbot/2.0; +http://www.bing.com/bingbot.htm) Chrome/116.0.1938.76 Safari/537.36"
83.99.151.67 - - [30/Oct/2025:14:03:24 +0000] "GET /3299931913?fileloc=/var/www/www-root/data/www/oplatu.ru/public_html/robots.txt&path=/var/www/www-root/data/www/oplatu.ru/public_html HTTP/1.0" 200 2916 "-" "Mozilla/5.0 (X11; Linux x86_64) AppleWebKit/537.36 (KHTML, like Gecko; GeedoProductSearch; +https://geedo.com/product-search.html) Chrome/134.0.0.0 Safari/537.36"
83.99.151.67 - - [30/Oct/2025:14:03:27 +0000] "GET /865092572?fileloc=/var/www/www-root/data/www/oplatu.ru/public_html/wp-mail.php&path=/var/www/www-root/data/www/oplatu.ru/public_html HTTP/1.0" 200 5818 "-" "Mozilla/5.0 (X11; Linux x86_64) AppleWebKit/537.36 (KHTML, like Gecko; GeedoProductSearch; +https://geedo.com/product-search.html) Chrome/134.0.0.0 Safari/537.36"
52.167.144.141 - - [30/Oct/2025:14:03:27 +0000] "GET /4183192815 HTTP/1.0" 200 25808 "-" "Mozilla/5.0 AppleWebKit/537.36 (KHTML, like Gecko; compatible; bingbot/2.0; +http://www.bing.com/bingbot.htm) Chrome/116.0.1938.76 Safari/537.36"
52.167.144.141 - - [30/Oct/2025:14:03:29 +0000] "GET /2343313365 HTTP/1.0" 200 25979 "-" "Mozilla/5.0 AppleWebKit/537.36 (KHTML, like Gecko; compatible; bingbot/2.0; +http://www.bing.com/bingbot.htm) Chrome/116.0.1938.76 Safari/537.36"
52.167.144.141 - - [30/Oct/2025:14:03:32 +0000] "GET /3723671495 HTTP/1.0" 200 25782 "-" "Mozilla/5.0 AppleWebKit/537.36 (KHTML, like Gecko; compatible; bingbot/2.0; +http://www.bing.com/bingbot.htm) Chrome/116.0.1938.76 Safari/537.36"
52.167.144.141 - - [30/Oct/2025:14:03:35 +0000] "GET /1620731982 HTTP/1.0" 200 26132 "-" "Mozilla/5.0 AppleWebKit/537.36 (KHTML, like Gecko; compatible; bingbot/2.0; +http://www.bing.com/bingbot.htm) Chrome/116.0.1938.76 Safari/537.36"
52.167.144.141 - - [30/Oct/2025:14:03:38 +0000] "GET /2001050574 HTTP/1.0" 200 26143 "-" "Mozilla/5.0 AppleWebKit/537.36 (KHTML, like Gecko; compatible; bingbot/2.0; +http://www.bing.com/bingbot.htm) Chrome/116.0.1938.76 Safari/537.36"
83.99.151.66 - - [30/Oct/2025:14:03:39 +0000] "GET /4251844552?path=/var/www/www-root/data/www/oplatu.ru/public_html/wp-includes/block-supports HTTP/1.0" 200 3909 "-" "Mozilla/5.0 (X11; Linux x86_64) AppleWebKit/537.36 (KHTML, like Gecko; GeedoProductSearch; +https://geedo.com/product-search.html) Chrome/134.0.0.0 Safari/537.36"
52.167.144.141 - - [30/Oct/2025:14:03:41 +0000] "GET /3796797037 HTTP/1.0" 200 26986 "-" "Mozilla/5.0 AppleWebKit/537.36 (KHTML, like Gecko; compatible; bingbot/2.0; +http://www.bing.com/bingbot.htm) Chrome/116.0.1938.76 Safari/537.36"
83.99.151.66 - - [30/Oct/2025:14:03:42 +0000] "GET /398857709 HTTP/1.0" 200 4303 "-" "Mozilla/5.0 (X11; Linux x86_64) AppleWebKit/537.36 (KHTML, like Gecko; GeedoProductSearch; +https://geedo.com/product-search.html) Chrome/134.0.0.0 Safari/537.36"
52.167.144.141 - - [30/Oct/2025:14:03:44 +0000] "GET /1627323813 HTTP/1.0" 200 26398 "-" "Mozilla/5.0 AppleWebKit/537.36 (KHTML, like Gecko; compatible; bingbot/2.0; +http://www.bing.com/bingbot.htm) Chrome/116.0.1938.76 Safari/537.36"
83.99.151.66 - - [30/Oct/2025:14:03:46 +0000] "GET /4251844552?fileloc=/var/www/www-root/data/www/oplatu.ru/public_html/wp-includes/ms-default-filters.php&path=/var/www/www-root/data/www/oplatu.ru/public_html/wp-includes HTTP/1.0" 200 4607 "-" "Mozilla/5.0 (X11; Linux x86_64) AppleWebKit/537.36 (KHTML, like Gecko; GeedoProductSearch; +https://geedo.com/product-search.html) Chrome/134.0.0.0 Safari/537.36"
52.167.144.141 - - [30/Oct/2025:14:03:47 +0000] "GET /3081102757 HTTP/1.0" 200 26646 "-" "Mozilla/5.0 AppleWebKit/537.36 (KHTML, like Gecko; compatible; bingbot/2.0; +http://www.bing.com/bingbot.htm) Chrome/116.0.1938.76 Safari/537.36"
83.99.151.67 - - [30/Oct/2025:14:03:49 +0000] "GET /4251844552?path=/var/www/www-root/data/www/oplatu.ru/public_html/wp-includes/l10n HTTP/1.0" 200 3460 "-" "Mozilla/5.0 (X11; Linux x86_64) AppleWebKit/537.36 (KHTML, like Gecko; GeedoProductSearch; +https://geedo.com/product-search.html) Chrome/134.0.0.0 Safari/537.36"
52.167.144.141 - - [30/Oct/2025:14:03:50 +0000] "GET /1329154236 HTTP/1.0" 200 26830 "-" "Mozilla/5.0 AppleWebKit/537.36 (KHTML, like Gecko; compatible; bingbot/2.0; +http://www.bing.com/bingbot.htm) Chrome/116.0.1938.76 Safari/537.36"
