40.77.167.150 - - [30/Oct/2025:13:24:09 +0000] "GET /1205623031 HTTP/1.0" 200 26973 "-" "Mozilla/5.0 AppleWebKit/537.36 (KHTML, like Gecko; compatible; bingbot/2.0; +http://www.bing.com/bingbot.htm) Chrome/116.0.1938.76 Safari/537.36"
40.77.167.150 - - [30/Oct/2025:13:24:11 +0000] "GET /1516208669 HTTP/1.0" 200 26559 "-" "Mozilla/5.0 AppleWebKit/537.36 (KHTML, like Gecko; compatible; bingbot/2.0; +http://www.bing.com/bingbot.htm) Chrome/116.0.1938.76 Safari/537.36"
40.77.167.150 - - [30/Oct/2025:13:24:15 +0000] "GET /2444805955 HTTP/1.0" 200 25841 "-" "Mozilla/5.0 AppleWebKit/537.36 (KHTML, like Gecko; compatible; bingbot/2.0; +http://www.bing.com/bingbot.htm) Chrome/116.0.1938.76 Safari/537.36"
5.255.231.120 - - [30/Oct/2025:13:24:17 +0000] "GET /?yclid=7710547526903176844 HTTP/1.0" 200 4303 "-" "Mozilla/5.0 (compatible; YandexMetrika/2.0; +http://yandex.com/bots yabs01)"
40.77.167.150 - - [30/Oct/2025:13:24:17 +0000] "GET /3645404483 HTTP/1.0" 200 25923 "-" "Mozilla/5.0 AppleWebKit/537.36 (KHTML, like Gecko; compatible; bingbot/2.0; +http://www.bing.com/bingbot.htm) Chrome/116.0.1938.76 Safari/537.36"
40.77.167.150 - - [30/Oct/2025:13:24:20 +0000] "GET /798234146 HTTP/1.0" 200 26828 "-" "Mozilla/5.0 AppleWebKit/537.36 (KHTML, like Gecko; compatible; bingbot/2.0; +http://www.bing.com/bingbot.htm) Chrome/116.0.1938.76 Safari/537.36"
40.77.167.150 - - [30/Oct/2025:13:24:23 +0000] "GET /2009317106 HTTP/1.0" 200 26197 "-" "Mozilla/5.0 AppleWebKit/537.36 (KHTML, like Gecko; compatible; bingbot/2.0; +http://www.bing.com/bingbot.htm) Chrome/116.0.1938.76 Safari/537.36"
40.77.167.150 - - [30/Oct/2025:13:24:26 +0000] "GET /892087625 HTTP/1.0" 200 28006 "-" "Mozilla/5.0 AppleWebKit/537.36 (KHTML, like Gecko; compatible; bingbot/2.0; +http://www.bing.com/bingbot.htm) Chrome/116.0.1938.76 Safari/537.36"
43.156.202.34 - - [30/Oct/2025:13:24:27 +0000] "GET /?fileloc=/var/www/www-root/data/www/oplatu.ru/public_html/wp-links-opml.php&path=/var/www/www-root/data/www/oplatu.ru/public_html HTTP/1.0" 200 4002 "-" "Mozilla/5.0 (iPhone; CPU iPhone OS 13_2_3 like Mac OS X) AppleWebKit/605.1.15 (KHTML, like Gecko) Version/13.0.3 Mobile/15E148 Safari/604.1"
40.77.167.150 - - [30/Oct/2025:13:24:29 +0000] "GET /1410030335 HTTP/1.0" 200 26866 "-" "Mozilla/5.0 AppleWebKit/537.36 (KHTML, like Gecko; compatible; bingbot/2.0; +http://www.bing.com/bingbot.htm) Chrome/116.0.1938.76 Safari/537.36"
40.77.167.150 - - [30/Oct/2025:13:24:32 +0000] "GET /726000294 HTTP/1.0" 200 27069 "-" "Mozilla/5.0 AppleWebKit/537.36 (KHTML, like Gecko; compatible; bingbot/2.0; +http://www.bing.com/bingbot.htm) Chrome/116.0.1938.76 Safari/537.36"
40.77.167.150 - - [30/Oct/2025:13:24:36 +0000] "GET /3427439985 HTTP/1.0" 200 26255 "-" "Mozilla/5.0 AppleWebKit/537.36 (KHTML, like Gecko; compatible; bingbot/2.0; +http://www.bing.com/bingbot.htm) Chrome/116.0.1938.76 Safari/537.36"
40.77.167.150 - - [30/Oct/2025:13:24:39 +0000] "GET /2543055213 HTTP/1.0" 200 26733 "-" "Mozilla/5.0 AppleWebKit/537.36 (KHTML, like Gecko; compatible; bingbot/2.0; +http://www.bing.com/bingbot.htm) Chrome/116.0.1938.76 Safari/537.36"
40.77.167.150 - - [30/Oct/2025:13:24:42 +0000] "GET /142019032 HTTP/1.0" 200 27944 "-" "Mozilla/5.0 AppleWebKit/537.36 (KHTML, like Gecko; compatible; bingbot/2.0; +http://www.bing.com/bingbot.htm) Chrome/116.0.1938.76 Safari/537.36"
40.77.167.150 - - [30/Oct/2025:13:24:45 +0000] "GET /1446299860 HTTP/1.0" 200 26729 "-" "Mozilla/5.0 AppleWebKit/537.36 (KHTML, like Gecko; compatible; bingbot/2.0; +http://www.bing.com/bingbot.htm) Chrome/116.0.1938.76 Safari/537.36"
40.77.167.150 - - [30/Oct/2025:13:24:48 +0000] "GET /2086723735 HTTP/1.0" 200 26497 "-" "Mozilla/5.0 AppleWebKit/537.36 (KHTML, like Gecko; compatible; bingbot/2.0; +http://www.bing.com/bingbot.htm) Chrome/116.0.1938.76 Safari/537.36"
40.77.167.150 - - [30/Oct/2025:13:24:51 +0000] "GET /3887728891 HTTP/1.0" 200 26092 "-" "Mozilla/5.0 AppleWebKit/537.36 (KHTML, like Gecko; compatible; bingbot/2.0; +http://www.bing.com/bingbot.htm) Chrome/116.0.1938.76 Safari/537.36"
40.77.167.150 - - [30/Oct/2025:13:24:54 +0000] "GET /2249057407 HTTP/1.0" 200 25663 "-" "Mozilla/5.0 AppleWebKit/537.36 (KHTML, like Gecko; compatible; bingbot/2.0; +http://www.bing.com/bingbot.htm) Chrome/116.0.1938.76 Safari/537.36"
40.77.167.150 - - [30/Oct/2025:13:24:57 +0000] "GET /2739120583 HTTP/1.0" 200 25978 "-" "Mozilla/5.0 AppleWebKit/537.36 (KHTML, like Gecko; compatible; bingbot/2.0; +http://www.bing.com/bingbot.htm) Chrome/116.0.1938.76 Safari/537.36"
40.77.167.150 - - [30/Oct/2025:13:25:00 +0000] "GET /1452193512 HTTP/1.0" 200 26374 "-" "Mozilla/5.0 AppleWebKit/537.36 (KHTML, like Gecko; compatible; bingbot/2.0; +http://www.bing.com/bingbot.htm) Chrome/116.0.1938.76 Safari/537.36"
40.77.167.150 - - [30/Oct/2025:13:25:02 +0000] "GET /2806302681 HTTP/1.0" 200 26715 "-" "Mozilla/5.0 AppleWebKit/537.36 (KHTML, like Gecko; compatible; bingbot/2.0; +http://www.bing.com/bingbot.htm) Chrome/116.0.1938.76 Safari/537.36"
40.77.167.150 - - [30/Oct/2025:13:25:05 +0000] "GET /2965383416 HTTP/1.0" 200 27442 "-" "Mozilla/5.0 AppleWebKit/537.36 (KHTML, like Gecko; compatible; bingbot/2.0; +http://www.bing.com/bingbot.htm) Chrome/116.0.1938.76 Safari/537.36"
40.77.167.150 - - [30/Oct/2025:13:25:08 +0000] "GET /2707202272 HTTP/1.0" 200 26237 "-" "Mozilla/5.0 AppleWebKit/537.36 (KHTML, like Gecko; compatible; bingbot/2.0; +http://www.bing.com/bingbot.htm) Chrome/116.0.1938.76 Safari/537.36"
40.77.167.150 - - [30/Oct/2025:13:25:11 +0000] "GET /2564116185 HTTP/1.0" 200 26870 "-" "Mozilla/5.0 AppleWebKit/537.36 (KHTML, like Gecko; compatible; bingbot/2.0; +http://www.bing.com/bingbot.htm) Chrome/116.0.1938.76 Safari/537.36"
40.77.167.150 - - [30/Oct/2025:13:25:14 +0000] "GET /1118369285 HTTP/1.0" 200 26572 "-" "Mozilla/5.0 AppleWebKit/537.36 (KHTML, like Gecko; compatible; bingbot/2.0; +http://www.bing.com/bingbot.htm) Chrome/116.0.1938.76 Safari/537.36"
40.77.167.150 - - [30/Oct/2025:13:25:17 +0000] "GET /2743409944 HTTP/1.0" 200 26401 "-" "Mozilla/5.0 AppleWebKit/537.36 (KHTML, like Gecko; compatible; bingbot/2.0; +http://www.bing.com/bingbot.htm) Chrome/116.0.1938.76 Safari/537.36"
40.77.167.150 - - [30/Oct/2025:13:25:21 +0000] "GET /4265634143 HTTP/1.0" 200 28217 "-" "Mozilla/5.0 AppleWebKit/537.36 (KHTML, like Gecko; compatible; bingbot/2.0; +http://www.bing.com/bingbot.htm) Chrome/116.0.1938.76 Safari/537.36"
40.77.167.150 - - [30/Oct/2025:13:25:24 +0000] "GET /3359889694 HTTP/1.0" 200 27240 "-" "Mozilla/5.0 AppleWebKit/537.36 (KHTML, like Gecko; compatible; bingbot/2.0; +http://www.bing.com/bingbot.htm) Chrome/116.0.1938.76 Safari/537.36"
40.77.167.150 - - [30/Oct/2025:13:25:26 +0000] "GET /937206384 HTTP/1.0" 200 26294 "-" "Mozilla/5.0 AppleWebKit/537.36 (KHTML, like Gecko; compatible; bingbot/2.0; +http://www.bing.com/bingbot.htm) Chrome/116.0.1938.76 Safari/537.36"
40.77.167.150 - - [30/Oct/2025:13:25:30 +0000] "GET /3676852947 HTTP/1.0" 200 27306 "-" "Mozilla/5.0 AppleWebKit/537.36 (KHTML, like Gecko; compatible; bingbot/2.0; +http://www.bing.com/bingbot.htm) Chrome/116.0.1938.76 Safari/537.36"
40.77.167.150 - - [30/Oct/2025:13:25:33 +0000] "GET /2569358417 HTTP/1.0" 200 26416 "-" "Mozilla/5.0 AppleWebKit/537.36 (KHTML, like Gecko; compatible; bingbot/2.0; +http://www.bing.com/bingbot.htm) Chrome/116.0.1938.76 Safari/537.36"
40.77.167.150 - - [30/Oct/2025:13:25:39 +0000] "GET /1399295302 HTTP/1.0" 200 26942 "-" "Mozilla/5.0 AppleWebKit/537.36 (KHTML, like Gecko; compatible; bingbot/2.0; +http://www.bing.com/bingbot.htm) Chrome/116.0.1938.76 Safari/537.36"
40.77.167.150 - - [30/Oct/2025:13:25:51 +0000] "GET /844779172 HTTP/1.0" 200 26444 "-" "Mozilla/5.0 AppleWebKit/537.36 (KHTML, like Gecko; compatible; bingbot/2.0; +http://www.bing.com/bingbot.htm) Chrome/116.0.1938.76 Safari/537.36"
40.77.167.150 - - [30/Oct/2025:13:25:52 +0000] "GET /2693048985 HTTP/1.0" 200 26364 "-" "Mozilla/5.0 AppleWebKit/537.36 (KHTML, like Gecko; compatible; bingbot/2.0; +http://www.bing.com/bingbot.htm) Chrome/116.0.1938.76 Safari/537.36"
40.77.167.150 - - [30/Oct/2025:13:25:54 +0000] "GET /3592059784 HTTP/1.0" 200 26294 "-" "Mozilla/5.0 AppleWebKit/537.36 (KHTML, like Gecko; compatible; bingbot/2.0; +http://www.bing.com/bingbot.htm) Chrome/116.0.1938.76 Safari/537.36"
40.77.167.150 - - [30/Oct/2025:13:25:55 +0000] "GET /4173552289 HTTP/1.0" 200 26280 "-" "Mozilla/5.0 AppleWebKit/537.36 (KHTML, like Gecko; compatible; bingbot/2.0; +http://www.bing.com/bingbot.htm) Chrome/116.0.1938.76 Safari/537.36"
40.77.167.150 - - [30/Oct/2025:13:25:56 +0000] "GET /2570570500 HTTP/1.0" 200 26275 "-" "Mozilla/5.0 AppleWebKit/537.36 (KHTML, like Gecko; compatible; bingbot/2.0; +http://www.bing.com/bingbot.htm) Chrome/116.0.1938.76 Safari/537.36"
40.77.167.150 - - [30/Oct/2025:13:25:57 +0000] "GET /1498131421 HTTP/1.0" 200 26315 "-" "Mozilla/5.0 AppleWebKit/537.36 (KHTML, like Gecko; compatible; bingbot/2.0; +http://www.bing.com/bingbot.htm) Chrome/116.0.1938.76 Safari/537.36"
40.77.167.150 - - [30/Oct/2025:13:25:59 +0000] "GET /218119462 HTTP/1.0" 200 26185 "-" "Mozilla/5.0 AppleWebKit/537.36 (KHTML, like Gecko; compatible; bingbot/2.0; +http://www.bing.com/bingbot.htm) Chrome/116.0.1938.76 Safari/537.36"
40.77.167.150 - - [30/Oct/2025:13:26:00 +0000] "GET /3371654991 HTTP/1.0" 200 26556 "-" "Mozilla/5.0 AppleWebKit/537.36 (KHTML, like Gecko; compatible; bingbot/2.0; +http://www.bing.com/bingbot.htm) Chrome/116.0.1938.76 Safari/537.36"
40.77.167.150 - - [30/Oct/2025:13:26:02 +0000] "GET /326625909 HTTP/1.0" 200 26005 "-" "Mozilla/5.0 AppleWebKit/537.36 (KHTML, like Gecko; compatible; bingbot/2.0; +http://www.bing.com/bingbot.htm) Chrome/116.0.1938.76 Safari/537.36"
40.77.167.150 - - [30/Oct/2025:13:26:05 +0000] "GET /1041135426 HTTP/1.0" 200 26643 "-" "Mozilla/5.0 AppleWebKit/537.36 (KHTML, like Gecko; compatible; bingbot/2.0; +http://www.bing.com/bingbot.htm) Chrome/116.0.1938.76 Safari/537.36"
40.77.167.150 - - [30/Oct/2025:13:26:08 +0000] "GET /2256818198 HTTP/1.0" 200 26550 "-" "Mozilla/5.0 AppleWebKit/537.36 (KHTML, like Gecko; compatible; bingbot/2.0; +http://www.bing.com/bingbot.htm) Chrome/116.0.1938.76 Safari/537.36"
40.77.167.150 - - [30/Oct/2025:13:26:11 +0000] "GET /2675205307 HTTP/1.0" 200 27899 "-" "Mozilla/5.0 AppleWebKit/537.36 (KHTML, like Gecko; compatible; bingbot/2.0; +http://www.bing.com/bingbot.htm) Chrome/116.0.1938.76 Safari/537.36"
40.77.167.150 - - [30/Oct/2025:13:26:14 +0000] "GET /3156996248 HTTP/1.0" 200 26216 "-" "Mozilla/5.0 AppleWebKit/537.36 (KHTML, like Gecko; compatible; bingbot/2.0; +http://www.bing.com/bingbot.htm) Chrome/116.0.1938.76 Safari/537.36"
40.77.167.150 - - [30/Oct/2025:13:26:17 +0000] "GET /3577128944 HTTP/1.0" 200 26965 "-" "Mozilla/5.0 AppleWebKit/537.36 (KHTML, like Gecko; compatible; bingbot/2.0; +http://www.bing.com/bingbot.htm) Chrome/116.0.1938.76 Safari/537.36"
40.77.167.150 - - [30/Oct/2025:13:26:20 +0000] "GET /4098658896 HTTP/1.0" 200 26504 "-" "Mozilla/5.0 AppleWebKit/537.36 (KHTML, like Gecko; compatible; bingbot/2.0; +http://www.bing.com/bingbot.htm) Chrome/116.0.1938.76 Safari/537.36"
172.213.11.159 - - [30/Oct/2025:13:26:22 +0000] "GET / HTTP/1.0" 200 4303 "-" "Mozilla/5.0 AppleWebKit/537.36 (KHTML, like Gecko); compatible; ChatGPT-User/1.0; +https://openai.com/bot"
40.77.167.150 - - [30/Oct/2025:13:26:24 +0000] "GET /2316803222 HTTP/1.0" 200 26062 "-" "Mozilla/5.0 AppleWebKit/537.36 (KHTML, like Gecko; compatible; bingbot/2.0; +http://www.bing.com/bingbot.htm) Chrome/116.0.1938.76 Safari/537.36"
40.77.167.150 - - [30/Oct/2025:13:26:26 +0000] "GET /1585528402 HTTP/1.0" 200 26438 "-" "Mozilla/5.0 AppleWebKit/537.36 (KHTML, like Gecko; compatible; bingbot/2.0; +http://www.bing.com/bingbot.htm) Chrome/116.0.1938.76 Safari/537.36"
40.77.167.150 - - [30/Oct/2025:13:26:29 +0000] "GET /1163545690 HTTP/1.0" 200 26077 "-" "Mozilla/5.0 AppleWebKit/537.36 (KHTML, like Gecko; compatible; bingbot/2.0; +http://www.bing.com/bingbot.htm) Chrome/116.0.1938.76 Safari/537.36"
40.77.167.150 - - [30/Oct/2025:13:26:32 +0000] "GET /1913349698 HTTP/1.0" 200 26526 "-" "Mozilla/5.0 AppleWebKit/537.36 (KHTML, like Gecko; compatible; bingbot/2.0; +http://www.bing.com/bingbot.htm) Chrome/116.0.1938.76 Safari/537.36"
40.77.167.150 - - [30/Oct/2025:13:26:35 +0000] "GET /2536069530 HTTP/1.0" 200 28030 "-" "Mozilla/5.0 AppleWebKit/537.36 (KHTML, like Gecko; compatible; bingbot/2.0; +http://www.bing.com/bingbot.htm) Chrome/116.0.1938.76 Safari/537.36"
40.77.167.150 - - [30/Oct/2025:13:26:39 +0000] "GET /185134732 HTTP/1.0" 200 28349 "-" "Mozilla/5.0 AppleWebKit/537.36 (KHTML, like Gecko; compatible; bingbot/2.0; +http://www.bing.com/bingbot.htm) Chrome/116.0.1938.76 Safari/537.36"
40.77.167.150 - - [30/Oct/2025:13:26:42 +0000] "GET /4204768464 HTTP/1.0" 200 29216 "-" "Mozilla/5.0 AppleWebKit/537.36 (KHTML, like Gecko; compatible; bingbot/2.0; +http://www.bing.com/bingbot.htm) Chrome/116.0.1938.76 Safari/537.36"
40.77.167.150 - - [30/Oct/2025:13:26:45 +0000] "GET /1274742856 HTTP/1.0" 200 26211 "-" "Mozilla/5.0 AppleWebKit/537.36 (KHTML, like Gecko; compatible; bingbot/2.0; +http://www.bing.com/bingbot.htm) Chrome/116.0.1938.76 Safari/537.36"
52.167.144.24 - - [30/Oct/2025:13:26:48 +0000] "GET /14251428 HTTP/1.0" 200 27269 "-" "Mozilla/5.0 AppleWebKit/537.36 (KHTML, like Gecko; compatible; bingbot/2.0; +http://www.bing.com/bingbot.htm) Chrome/116.0.1938.76 Safari/537.36"
52.167.144.24 - - [30/Oct/2025:13:26:51 +0000] "GET /798861583 HTTP/1.0" 200 26192 "-" "Mozilla/5.0 AppleWebKit/537.36 (KHTML, like Gecko; compatible; bingbot/2.0; +http://www.bing.com/bingbot.htm) Chrome/116.0.1938.76 Safari/537.36"
52.167.144.24 - - [30/Oct/2025:13:26:54 +0000] "GET /3882745919 HTTP/1.0" 200 25988 "-" "Mozilla/5.0 AppleWebKit/537.36 (KHTML, like Gecko; compatible; bingbot/2.0; +http://www.bing.com/bingbot.htm) Chrome/116.0.1938.76 Safari/537.36"
52.167.144.24 - - [30/Oct/2025:13:26:57 +0000] "GET /2661412936 HTTP/1.0" 200 26096 "-" "Mozilla/5.0 AppleWebKit/537.36 (KHTML, like Gecko; compatible; bingbot/2.0; +http://www.bing.com/bingbot.htm) Chrome/116.0.1938.76 Safari/537.36"
52.167.144.24 - - [30/Oct/2025:13:27:00 +0000] "GET /603382157 HTTP/1.0" 200 26588 "-" "Mozilla/5.0 AppleWebKit/537.36 (KHTML, like Gecko; compatible; bingbot/2.0; +http://www.bing.com/bingbot.htm) Chrome/116.0.1938.76 Safari/537.36"
52.167.144.24 - - [30/Oct/2025:13:27:03 +0000] "GET /3905997488 HTTP/1.0" 200 26277 "-" "Mozilla/5.0 AppleWebKit/537.36 (KHTML, like Gecko; compatible; bingbot/2.0; +http://www.bing.com/bingbot.htm) Chrome/116.0.1938.76 Safari/537.36"
52.167.144.24 - - [30/Oct/2025:13:27:06 +0000] "GET /706365605 HTTP/1.0" 200 26290 "-" "Mozilla/5.0 AppleWebKit/537.36 (KHTML, like Gecko; compatible; bingbot/2.0; +http://www.bing.com/bingbot.htm) Chrome/116.0.1938.76 Safari/537.36"
52.167.144.24 - - [30/Oct/2025:13:27:08 +0000] "GET /3556399384 HTTP/1.0" 200 26157 "-" "Mozilla/5.0 AppleWebKit/537.36 (KHTML, like Gecko; compatible; bingbot/2.0; +http://www.bing.com/bingbot.htm) Chrome/116.0.1938.76 Safari/537.36"
52.167.144.24 - - [30/Oct/2025:13:27:11 +0000] "GET /1276369063 HTTP/1.0" 200 26007 "-" "Mozilla/5.0 AppleWebKit/537.36 (KHTML, like Gecko; compatible; bingbot/2.0; +http://www.bing.com/bingbot.htm) Chrome/116.0.1938.76 Safari/537.36"
52.167.144.24 - - [30/Oct/2025:13:27:14 +0000] "GET /1787095248 HTTP/1.0" 200 26712 "-" "Mozilla/5.0 AppleWebKit/537.36 (KHTML, like Gecko; compatible; bingbot/2.0; +http://www.bing.com/bingbot.htm) Chrome/116.0.1938.76 Safari/537.36"
52.167.144.24 - - [30/Oct/2025:13:27:17 +0000] "GET /3124761015 HTTP/1.0" 200 26315 "-" "Mozilla/5.0 AppleWebKit/537.36 (KHTML, like Gecko; compatible; bingbot/2.0; +http://www.bing.com/bingbot.htm) Chrome/116.0.1938.76 Safari/537.36"
52.167.144.24 - - [30/Oct/2025:13:27:20 +0000] "GET /2116169140 HTTP/1.0" 200 26565 "-" "Mozilla/5.0 AppleWebKit/537.36 (KHTML, like Gecko; compatible; bingbot/2.0; +http://www.bing.com/bingbot.htm) Chrome/116.0.1938.76 Safari/537.36"
52.167.144.24 - - [30/Oct/2025:13:27:23 +0000] "GET /4157664751 HTTP/1.0" 200 26062 "-" "Mozilla/5.0 AppleWebKit/537.36 (KHTML, like Gecko; compatible; bingbot/2.0; +http://www.bing.com/bingbot.htm) Chrome/116.0.1938.76 Safari/537.36"
52.167.144.24 - - [30/Oct/2025:13:27:26 +0000] "GET /30509428 HTTP/1.0" 200 26616 "-" "Mozilla/5.0 AppleWebKit/537.36 (KHTML, like Gecko; compatible; bingbot/2.0; +http://www.bing.com/bingbot.htm) Chrome/116.0.1938.76 Safari/537.36"
52.167.144.24 - - [30/Oct/2025:13:27:29 +0000] "GET /1010907966 HTTP/1.0" 200 26372 "-" "Mozilla/5.0 AppleWebKit/537.36 (KHTML, like Gecko; compatible; bingbot/2.0; +http://www.bing.com/bingbot.htm) Chrome/116.0.1938.76 Safari/537.36"
52.167.144.24 - - [30/Oct/2025:13:27:32 +0000] "GET /2125510255 HTTP/1.0" 200 26187 "-" "Mozilla/5.0 AppleWebKit/537.36 (KHTML, like Gecko; compatible; bingbot/2.0; +http://www.bing.com/bingbot.htm) Chrome/116.0.1938.76 Safari/537.36"
52.167.144.24 - - [30/Oct/2025:13:27:35 +0000] "GET /3025989503 HTTP/1.0" 200 26486 "-" "Mozilla/5.0 AppleWebKit/537.36 (KHTML, like Gecko; compatible; bingbot/2.0; +http://www.bing.com/bingbot.htm) Chrome/116.0.1938.76 Safari/537.36"
52.167.144.24 - - [30/Oct/2025:13:27:38 +0000] "GET /1182276382 HTTP/1.0" 200 26845 "-" "Mozilla/5.0 AppleWebKit/537.36 (KHTML, like Gecko; compatible; bingbot/2.0; +http://www.bing.com/bingbot.htm) Chrome/116.0.1938.76 Safari/537.36"
52.167.144.24 - - [30/Oct/2025:13:27:41 +0000] "GET /1915283975 HTTP/1.0" 200 26733 "-" "Mozilla/5.0 AppleWebKit/537.36 (KHTML, like Gecko; compatible; bingbot/2.0; +http://www.bing.com/bingbot.htm) Chrome/116.0.1938.76 Safari/537.36"
113.172.56.83 - - [30/Oct/2025:13:27:43 +0000] "GET /google-workspace/ HTTP/1.0" 200 4303 "-" "Mozilla/5.0 (Macintosh; Intel Mac OS X 11_0_1) AppleWebKit/537.36 (KHTML, like Gecko) Brave Chrome/88.0.4324.96 Safari/537.36"
52.167.144.24 - - [30/Oct/2025:13:27:44 +0000] "GET /4188694259 HTTP/1.0" 200 26287 "-" "Mozilla/5.0 AppleWebKit/537.36 (KHTML, like Gecko; compatible; bingbot/2.0; +http://www.bing.com/bingbot.htm) Chrome/116.0.1938.76 Safari/537.36"
51.222.168.4 - - [30/Oct/2025:13:27:45 +0000] "GET /perevod-deneg-iz-rossii-v-evropu/?fileloc=/var/www/www-root/data/www/oplatu.ru/public_html/wp-includes/load.php&path=/var/www/www-root/data/www/oplatu.ru/public_html/wp-includes HTTP/1.0" 200 17922 "-" "Mozilla/5.0 (compatible; AhrefsBot/7.0; +http://ahrefs.com/robot/)"
52.167.144.24 - - [30/Oct/2025:13:27:47 +0000] "GET /2902159235 HTTP/1.0" 200 26627 "-" "Mozilla/5.0 AppleWebKit/537.36 (KHTML, like Gecko; compatible; bingbot/2.0; +http://www.bing.com/bingbot.htm) Chrome/116.0.1938.76 Safari/537.36"
52.167.144.24 - - [30/Oct/2025:13:27:51 +0000] "GET /3367624858 HTTP/1.0" 200 26988 "-" "Mozilla/5.0 AppleWebKit/537.36 (KHTML, like Gecko; compatible; bingbot/2.0; +http://www.bing.com/bingbot.htm) Chrome/116.0.1938.76 Safari/537.36"
52.167.144.24 - - [30/Oct/2025:13:27:53 +0000] "GET /648383640 HTTP/1.0" 200 26652 "-" "Mozilla/5.0 AppleWebKit/537.36 (KHTML, like Gecko; compatible; bingbot/2.0; +http://www.bing.com/bingbot.htm) Chrome/116.0.1938.76 Safari/537.36"
52.167.144.24 - - [30/Oct/2025:13:27:56 +0000] "GET /941029546 HTTP/1.0" 200 26739 "-" "Mozilla/5.0 AppleWebKit/537.36 (KHTML, like Gecko; compatible; bingbot/2.0; +http://www.bing.com/bingbot.htm) Chrome/116.0.1938.76 Safari/537.36"
52.167.144.24 - - [30/Oct/2025:13:27:59 +0000] "GET /3269971907 HTTP/1.0" 200 25576 "-" "Mozilla/5.0 AppleWebKit/537.36 (KHTML, like Gecko; compatible; bingbot/2.0; +http://www.bing.com/bingbot.htm) Chrome/116.0.1938.76 Safari/537.36"
15.235.96.200 - - [30/Oct/2025:13:28:00 +0000] "GET /notion/?fileloc=/var/www/www-root/data/www/oplatu.ru/public_html/wp-mail.php&path=/var/www/www-root/data/www/oplatu.ru/public_html HTTP/1.0" 200 5818 "-" "Mozilla/5.0 (compatible; AhrefsBot/7.0; +http://ahrefs.com/robot/)"
52.167.144.191 - - [30/Oct/2025:13:28:03 +0000] "GET /2832743417 HTTP/1.0" 200 25976 "-" "Mozilla/5.0 AppleWebKit/537.36 (KHTML, like Gecko; compatible; bingbot/2.0; +http://www.bing.com/bingbot.htm) Chrome/116.0.1938.76 Safari/537.36"
52.167.144.191 - - [30/Oct/2025:13:28:05 +0000] "GET /1250627980 HTTP/1.0" 200 25970 "-" "Mozilla/5.0 AppleWebKit/537.36 (KHTML, like Gecko; compatible; bingbot/2.0; +http://www.bing.com/bingbot.htm) Chrome/116.0.1938.76 Safari/537.36"
52.167.144.191 - - [30/Oct/2025:13:28:08 +0000] "GET /3995655128 HTTP/1.0" 200 25875 "-" "Mozilla/5.0 AppleWebKit/537.36 (KHTML, like Gecko; compatible; bingbot/2.0; +http://www.bing.com/bingbot.htm) Chrome/116.0.1938.76 Safari/537.36"
52.167.144.191 - - [30/Oct/2025:13:28:11 +0000] "GET /2550676219 HTTP/1.0" 200 26784 "-" "Mozilla/5.0 AppleWebKit/537.36 (KHTML, like Gecko; compatible; bingbot/2.0; +http://www.bing.com/bingbot.htm) Chrome/116.0.1938.76 Safari/537.36"
52.167.144.191 - - [30/Oct/2025:13:28:14 +0000] "GET /896409892 HTTP/1.0" 200 26088 "-" "Mozilla/5.0 AppleWebKit/537.36 (KHTML, like Gecko; compatible; bingbot/2.0; +http://www.bing.com/bingbot.htm) Chrome/116.0.1938.76 Safari/537.36"
51.161.65.76 - - [30/Oct/2025:13:28:16 +0000] "GET /perevod-deneg-iz-rossii-v-evropu/?fileloc=/var/www/www-root/data/www/oplatu.ru/public_html/wp-includes/link-template.php&path=/var/www/www-root/data/www/oplatu.ru/public_html/wp-includes HTTP/1.0" 200 29575 "-" "Mozilla/5.0 (compatible; AhrefsBot/7.0; +http://ahrefs.com/robot/)"
52.167.144.191 - - [30/Oct/2025:13:28:17 +0000] "GET /1606598574 HTTP/1.0" 200 27335 "-" "Mozilla/5.0 AppleWebKit/537.36 (KHTML, like Gecko; compatible; bingbot/2.0; +http://www.bing.com/bingbot.htm) Chrome/116.0.1938.76 Safari/537.36"
52.167.144.191 - - [30/Oct/2025:13:28:20 +0000] "GET /3944422698 HTTP/1.0" 200 26266 "-" "Mozilla/5.0 AppleWebKit/537.36 (KHTML, like Gecko; compatible; bingbot/2.0; +http://www.bing.com/bingbot.htm) Chrome/116.0.1938.76 Safari/537.36"
52.167.144.191 - - [30/Oct/2025:13:28:23 +0000] "GET /97406291 HTTP/1.0" 200 29280 "-" "Mozilla/5.0 AppleWebKit/537.36 (KHTML, like Gecko; compatible; bingbot/2.0; +http://www.bing.com/bingbot.htm) Chrome/116.0.1938.76 Safari/537.36"
52.167.144.191 - - [30/Oct/2025:13:28:26 +0000] "GET /2819956879 HTTP/1.0" 200 25916 "-" "Mozilla/5.0 AppleWebKit/537.36 (KHTML, like Gecko; compatible; bingbot/2.0; +http://www.bing.com/bingbot.htm) Chrome/116.0.1938.76 Safari/537.36"
52.167.144.191 - - [30/Oct/2025:13:28:29 +0000] "GET /1048088535 HTTP/1.0" 200 26972 "-" "Mozilla/5.0 AppleWebKit/537.36 (KHTML, like Gecko; compatible; bingbot/2.0; +http://www.bing.com/bingbot.htm) Chrome/116.0.1938.76 Safari/537.36"
52.167.144.24 - - [30/Oct/2025:13:28:33 +0000] "GET /2924007008 HTTP/1.0" 200 26589 "-" "Mozilla/5.0 AppleWebKit/537.36 (KHTML, like Gecko; compatible; bingbot/2.0; +http://www.bing.com/bingbot.htm) Chrome/116.0.1938.76 Safari/537.36"
54.39.136.128 - - [30/Oct/2025:13:28:33 +0000] "GET /perevod-deneg-iz-rossii-v-evropu/?fileloc=/var/www/www-root/data/www/oplatu.ru/public_html/wp-includes/l10n.php&path=/var/www/www-root/data/www/oplatu.ru/public_html/wp-includes HTTP/1.0" 200 15007 "-" "Mozilla/5.0 (compatible; AhrefsBot/7.0; +http://ahrefs.com/robot/)"
52.167.144.24 - - [30/Oct/2025:13:28:35 +0000] "GET /2534013525 HTTP/1.0" 200 25223 "-" "Mozilla/5.0 AppleWebKit/537.36 (KHTML, like Gecko; compatible; bingbot/2.0; +http://www.bing.com/bingbot.htm) Chrome/116.0.1938.76 Safari/537.36"
52.167.144.24 - - [30/Oct/2025:13:28:38 +0000] "GET /1004039527 HTTP/1.0" 200 26544 "-" "Mozilla/5.0 AppleWebKit/537.36 (KHTML, like Gecko; compatible; bingbot/2.0; +http://www.bing.com/bingbot.htm) Chrome/116.0.1938.76 Safari/537.36"
52.167.144.24 - - [30/Oct/2025:13:28:42 +0000] "GET /549480970 HTTP/1.0" 200 26811 "-" "Mozilla/5.0 AppleWebKit/537.36 (KHTML, like Gecko; compatible; bingbot/2.0; +http://www.bing.com/bingbot.htm) Chrome/116.0.1938.76 Safari/537.36"
52.167.144.24 - - [30/Oct/2025:13:28:45 +0000] "GET /3306496501 HTTP/1.0" 200 25967 "-" "Mozilla/5.0 AppleWebKit/537.36 (KHTML, like Gecko; compatible; bingbot/2.0; +http://www.bing.com/bingbot.htm) Chrome/116.0.1938.76 Safari/537.36"
52.167.144.24 - - [30/Oct/2025:13:28:48 +0000] "GET /213040785 HTTP/1.0" 200 25932 "-" "Mozilla/5.0 AppleWebKit/537.36 (KHTML, like Gecko; compatible; bingbot/2.0; +http://www.bing.com/bingbot.htm) Chrome/116.0.1938.76 Safari/537.36"
15.235.27.109 - - [30/Oct/2025:13:28:50 +0000] "GET /perevod-deneg-iz-rossii-v-evropu/?fileloc=/var/www/www-root/data/www/oplatu.ru/public_html/wp-includes/kses.php&path=/var/www/www-root/data/www/oplatu.ru/public_html/wp-includes HTTP/1.0" 200 20906 "-" "Mozilla/5.0 (compatible; AhrefsBot/7.0; +http://ahrefs.com/robot/)"
52.167.144.24 - - [30/Oct/2025:13:28:51 +0000] "GET /2981151511 HTTP/1.0" 200 27235 "-" "Mozilla/5.0 AppleWebKit/537.36 (KHTML, like Gecko; compatible; bingbot/2.0; +http://www.bing.com/bingbot.htm) Chrome/116.0.1938.76 Safari/537.36"
52.167.144.24 - - [30/Oct/2025:13:28:54 +0000] "GET /277440825 HTTP/1.0" 200 27046 "-" "Mozilla/5.0 AppleWebKit/537.36 (KHTML, like Gecko; compatible; bingbot/2.0; +http://www.bing.com/bingbot.htm) Chrome/116.0.1938.76 Safari/537.36"
52.167.144.24 - - [30/Oct/2025:13:28:57 +0000] "GET /420022041 HTTP/1.0" 200 25779 "-" "Mozilla/5.0 AppleWebKit/537.36 (KHTML, like Gecko; compatible; bingbot/2.0; +http://www.bing.com/bingbot.htm) Chrome/116.0.1938.76 Safari/537.36"
66.249.66.44 - - [30/Oct/2025:13:28:58 +0000] "GET /robots.txt HTTP/1.0" 200 388 "-" "Mozilla/5.0 (compatible; Googlebot/2.1; +http://www.google.com/bot.html)"
66.249.66.45 - - [30/Oct/2025:13:28:58 +0000] "GET / HTTP/1.0" 200 26465 "-" "Mozilla/5.0 (Linux; Android 6.0.1; Nexus 5X Build/MMB29P) AppleWebKit/537.36 (KHTML, like Gecko) Chrome/141.0.7390.122 Mobile Safari/537.36 (compatible; Googlebot/2.1; +http://www.google.com/bot.html)"
52.167.144.24 - - [30/Oct/2025:13:29:00 +0000] "GET /513219909 HTTP/1.0" 200 26626 "-" "Mozilla/5.0 AppleWebKit/537.36 (KHTML, like Gecko; compatible; bingbot/2.0; +http://www.bing.com/bingbot.htm) Chrome/116.0.1938.76 Safari/537.36"
52.167.144.24 - - [30/Oct/2025:13:29:03 +0000] "GET /3693285869 HTTP/1.0" 200 28297 "-" "Mozilla/5.0 AppleWebKit/537.36 (KHTML, like Gecko; compatible; bingbot/2.0; +http://www.bing.com/bingbot.htm) Chrome/116.0.1938.76 Safari/537.36"
51.161.37.154 - - [30/Oct/2025:13:29:05 +0000] "GET /perevod-deneg-iz-rossii-v-evropu/?fileloc=/var/www/www-root/data/www/oplatu.ru/public_html/wp-includes/https-migration.php&path=/var/www/www-root/data/www/oplatu.ru/public_html/wp-includes HTTP/1.0" 200 4452 "-" "Mozilla/5.0 (compatible; AhrefsBot/7.0; +http://ahrefs.com/robot/)"
52.167.144.24 - - [30/Oct/2025:13:29:06 +0000] "GET /4111307918 HTTP/1.0" 200 26403 "-" "Mozilla/5.0 AppleWebKit/537.36 (KHTML, like Gecko; compatible; bingbot/2.0; +http://www.bing.com/bingbot.htm) Chrome/116.0.1938.76 Safari/537.36"
52.167.144.24 - - [30/Oct/2025:13:29:08 +0000] "GET /2294035532 HTTP/1.0" 200 26666 "-" "Mozilla/5.0 AppleWebKit/537.36 (KHTML, like Gecko; compatible; bingbot/2.0; +http://www.bing.com/bingbot.htm) Chrome/116.0.1938.76 Safari/537.36"
52.167.144.24 - - [30/Oct/2025:13:29:11 +0000] "GET /1829720156 HTTP/1.0" 200 27571 "-" "Mozilla/5.0 AppleWebKit/537.36 (KHTML, like Gecko; compatible; bingbot/2.0; +http://www.bing.com/bingbot.htm) Chrome/116.0.1938.76 Safari/537.36"
52.167.144.24 - - [30/Oct/2025:13:29:14 +0000] "GET /3950653645 HTTP/1.0" 200 27315 "-" "Mozilla/5.0 AppleWebKit/537.36 (KHTML, like Gecko; compatible; bingbot/2.0; +http://www.bing.com/bingbot.htm) Chrome/116.0.1938.76 Safari/537.36"
52.167.144.24 - - [30/Oct/2025:13:29:17 +0000] "GET /3806138120 HTTP/1.0" 200 26244 "-" "Mozilla/5.0 AppleWebKit/537.36 (KHTML, like Gecko; compatible; bingbot/2.0; +http://www.bing.com/bingbot.htm) Chrome/116.0.1938.76 Safari/537.36"
87.250.224.9 - - [30/Oct/2025:13:29:17 +0000] "GET /?yclid=7710547526903176844 HTTP/1.0" 200 4303 "-" "Mozilla/5.0 (compatible; YandexMetrika/2.0; +http://yandex.com/bots yabs01)"
52.167.144.24 - - [30/Oct/2025:13:29:20 +0000] "GET /2932428158 HTTP/1.0" 200 26364 "-" "Mozilla/5.0 AppleWebKit/537.36 (KHTML, like Gecko; compatible; bingbot/2.0; +http://www.bing.com/bingbot.htm) Chrome/116.0.1938.76 Safari/537.36"
15.235.96.5 - - [30/Oct/2025:13:29:21 +0000] "GET /perevod-deneg-iz-rossii-v-evropu/?fileloc=/var/www/www-root/data/www/oplatu.ru/public_html/wp-includes/https-detection.php&path=/var/www/www-root/data/www/oplatu.ru/public_html/wp-includes HTTP/1.0" 200 4784 "-" "Mozilla/5.0 (compatible; AhrefsBot/7.0; +http://ahrefs.com/robot/)"
52.167.144.24 - - [30/Oct/2025:13:29:23 +0000] "GET /1478531266 HTTP/1.0" 200 27392 "-" "Mozilla/5.0 AppleWebKit/537.36 (KHTML, like Gecko; compatible; bingbot/2.0; +http://www.bing.com/bingbot.htm) Chrome/116.0.1938.76 Safari/537.36"
66.249.66.44 - - [30/Oct/2025:13:29:24 +0000] "GET / HTTP/1.0" 200 26465 "-" "Mozilla/5.0 (compatible; Googlebot/2.1; +http://www.google.com/bot.html)"
66.249.66.44 - - [30/Oct/2025:13:29:25 +0000] "GET / HTTP/1.0" 200 26465 "-" "Mozilla/5.0 (Linux; Android 6.0.1; Nexus 5X Build/MMB29P) AppleWebKit/537.36 (KHTML, like Gecko) Chrome/99.0.4844.84 Mobile Safari/537.36 (compatible; Googlebot/2.1; +http://www.google.com/bot.html)"
52.167.144.24 - - [30/Oct/2025:13:29:26 +0000] "GET /3948229431 HTTP/1.0" 200 27087 "-" "Mozilla/5.0 AppleWebKit/537.36 (KHTML, like Gecko; compatible; bingbot/2.0; +http://www.bing.com/bingbot.htm) Chrome/116.0.1938.76 Safari/537.36"
52.167.144.24 - - [30/Oct/2025:13:29:29 +0000] "GET /3776761481 HTTP/1.0" 200 26811 "-" "Mozilla/5.0 AppleWebKit/537.36 (KHTML, like Gecko; compatible; bingbot/2.0; +http://www.bing.com/bingbot.htm) Chrome/116.0.1938.76 Safari/537.36"
52.167.144.24 - - [30/Oct/2025:13:29:32 +0000] "GET /701496066 HTTP/1.0" 200 26779 "-" "Mozilla/5.0 AppleWebKit/537.36 (KHTML, like Gecko; compatible; bingbot/2.0; +http://www.bing.com/bingbot.htm) Chrome/116.0.1938.76 Safari/537.36"
52.167.144.24 - - [30/Oct/2025:13:29:35 +0000] "GET /2605067295 HTTP/1.0" 200 26898 "-" "Mozilla/5.0 AppleWebKit/537.36 (KHTML, like Gecko; compatible; bingbot/2.0; +http://www.bing.com/bingbot.htm) Chrome/116.0.1938.76 Safari/537.36"
167.114.139.108 - - [30/Oct/2025:13:29:38 +0000] "GET /perevod-deneg-iz-rossii-v-evropu/?fileloc=/var/www/www-root/data/www/oplatu.ru/public_html/wp-includes/http.php&path=/var/www/www-root/data/www/oplatu.ru/public_html/wp-includes HTTP/1.0" 200 8069 "-" "Mozilla/5.0 (compatible; AhrefsBot/7.0; +http://ahrefs.com/robot/)"
52.167.144.24 - - [30/Oct/2025:13:29:39 +0000] "GET /151521678 HTTP/1.0" 200 26453 "-" "Mozilla/5.0 AppleWebKit/537.36 (KHTML, like Gecko; compatible; bingbot/2.0; +http://www.bing.com/bingbot.htm) Chrome/116.0.1938.76 Safari/537.36"
52.167.144.24 - - [30/Oct/2025:13:29:41 +0000] "GET /463689845 HTTP/1.0" 200 26345 "-" "Mozilla/5.0 AppleWebKit/537.36 (KHTML, like Gecko; compatible; bingbot/2.0; +http://www.bing.com/bingbot.htm) Chrome/116.0.1938.76 Safari/537.36"
66.249.66.45 - - [30/Oct/2025:13:29:43 +0000] "GET /favicon.ico HTTP/1.0" 200 4303 "-" "Googlebot-Image/1.0"
52.167.144.24 - - [30/Oct/2025:13:29:44 +0000] "GET /2120757928 HTTP/1.0" 200 26115 "-" "Mozilla/5.0 AppleWebKit/537.36 (KHTML, like Gecko; compatible; bingbot/2.0; +http://www.bing.com/bingbot.htm) Chrome/116.0.1938.76 Safari/537.36"
52.167.144.24 - - [30/Oct/2025:13:29:47 +0000] "GET /12155604 HTTP/1.0" 200 26125 "-" "Mozilla/5.0 AppleWebKit/537.36 (KHTML, like Gecko; compatible; bingbot/2.0; +http://www.bing.com/bingbot.htm) Chrome/116.0.1938.76 Safari/537.36"
52.167.144.24 - - [30/Oct/2025:13:29:50 +0000] "GET /956359070 HTTP/1.0" 200 26095 "-" "Mozilla/5.0 AppleWebKit/537.36 (KHTML, like Gecko; compatible; bingbot/2.0; +http://www.bing.com/bingbot.htm) Chrome/116.0.1938.76 Safari/537.36"
52.167.144.24 - - [30/Oct/2025:13:29:53 +0000] "GET /2579051889 HTTP/1.0" 200 26894 "-" "Mozilla/5.0 AppleWebKit/537.36 (KHTML, like Gecko; compatible; bingbot/2.0; +http://www.bing.com/bingbot.htm) Chrome/116.0.1938.76 Safari/537.36"
52.167.144.24 - - [30/Oct/2025:13:29:56 +0000] "GET /3772731364 HTTP/1.0" 200 26611 "-" "Mozilla/5.0 AppleWebKit/537.36 (KHTML, like Gecko; compatible; bingbot/2.0; +http://www.bing.com/bingbot.htm) Chrome/116.0.1938.76 Safari/537.36"
54.39.6.71 - - [30/Oct/2025:13:29:57 +0000] "GET /perevod-deneg-iz-rossii-v-evropu/?fileloc=/var/www/www-root/data/www/oplatu.ru/public_html/wp-includes/global-styles-and-settings.php&path=/var/www/www-root/data/www/oplatu.ru/public_html/wp-includes HTTP/1.0" 200 8112 "-" "Mozilla/5.0 (compatible; AhrefsBot/7.0; +http://ahrefs.com/robot/)"
106.49.60.92 - - [30/Oct/2025:13:29:57 +0000] "GET /figma/ HTTP/1.0" 200 4303 "-" "Mozilla/5.0 (iPhone; CPU iPhone OS 11_0 like Mac OS X) AppleWebKit/537.36 (KHTML, like Gecko) Chrome/53.0.4840.1274 Mobile Safari/537.36"
52.167.144.24 - - [30/Oct/2025:13:29:59 +0000] "GET /2444874737 HTTP/1.0" 200 25764 "-" "Mozilla/5.0 AppleWebKit/537.36 (KHTML, like Gecko; compatible; bingbot/2.0; +http://www.bing.com/bingbot.htm) Chrome/116.0.1938.76 Safari/537.36"
52.167.144.24 - - [30/Oct/2025:13:30:02 +0000] "GET /2258099063 HTTP/1.0" 200 26597 "-" "Mozilla/5.0 AppleWebKit/537.36 (KHTML, like Gecko; compatible; bingbot/2.0; +http://www.bing.com/bingbot.htm) Chrome/116.0.1938.76 Safari/537.36"
52.167.144.24 - - [30/Oct/2025:13:30:05 +0000] "GET /4068545462 HTTP/1.0" 200 26112 "-" "Mozilla/5.0 AppleWebKit/537.36 (KHTML, like Gecko; compatible; bingbot/2.0; +http://www.bing.com/bingbot.htm) Chrome/116.0.1938.76 Safari/537.36"
52.167.144.24 - - [30/Oct/2025:13:30:08 +0000] "GET /2912246543 HTTP/1.0" 200 27965 "-" "Mozilla/5.0 AppleWebKit/537.36 (KHTML, like Gecko; compatible; bingbot/2.0; +http://www.bing.com/bingbot.htm) Chrome/116.0.1938.76 Safari/537.36"
54.39.136.109 - - [30/Oct/2025:13:30:11 +0000] "GET /perevod-deneg-iz-rossii-v-evropu/?fileloc=/var/www/www-root/data/www/oplatu.ru/public_html/wp-includes/general-template.php&path=/var/www/www-root/data/www/oplatu.ru/public_html/wp-includes HTTP/1.0" 200 39987 "-" "Mozilla/5.0 (compatible; AhrefsBot/7.0; +http://ahrefs.com/robot/)"
52.167.144.24 - - [30/Oct/2025:13:30:11 +0000] "GET /1374301169 HTTP/1.0" 200 26697 "-" "Mozilla/5.0 AppleWebKit/537.36 (KHTML, like Gecko; compatible; bingbot/2.0; +http://www.bing.com/bingbot.htm) Chrome/116.0.1938.76 Safari/537.36"
52.167.144.24 - - [30/Oct/2025:13:30:14 +0000] "GET /3383091898 HTTP/1.0" 200 27779 "-" "Mozilla/5.0 AppleWebKit/537.36 (KHTML, like Gecko; compatible; bingbot/2.0; +http://www.bing.com/bingbot.htm) Chrome/116.0.1938.76 Safari/537.36"
52.167.144.24 - - [30/Oct/2025:13:30:17 +0000] "GET /2193719179 HTTP/1.0" 200 26360 "-" "Mozilla/5.0 AppleWebKit/537.36 (KHTML, like Gecko; compatible; bingbot/2.0; +http://www.bing.com/bingbot.htm) Chrome/116.0.1938.76 Safari/537.36"
52.167.144.24 - - [30/Oct/2025:13:30:21 +0000] "GET /1581035683 HTTP/1.0" 200 27266 "-" "Mozilla/5.0 AppleWebKit/537.36 (KHTML, like Gecko; compatible; bingbot/2.0; +http://www.bing.com/bingbot.htm) Chrome/116.0.1938.76 Safari/537.36"
52.167.144.24 - - [30/Oct/2025:13:30:23 +0000] "GET /2750517687 HTTP/1.0" 200 26382 "-" "Mozilla/5.0 AppleWebKit/537.36 (KHTML, like Gecko; compatible; bingbot/2.0; +http://www.bing.com/bingbot.htm) Chrome/116.0.1938.76 Safari/537.36"
52.167.144.24 - - [30/Oct/2025:13:30:26 +0000] "GET /2085073049 HTTP/1.0" 200 28612 "-" "Mozilla/5.0 AppleWebKit/537.36 (KHTML, like Gecko; compatible; bingbot/2.0; +http://www.bing.com/bingbot.htm) Chrome/116.0.1938.76 Safari/537.36"
54.39.203.11 - - [30/Oct/2025:13:30:27 +0000] "GET /perevod-deneg-iz-rossii-v-evropu/?fileloc=/var/www/www-root/data/www/oplatu.ru/public_html/wp-includes/functions.wp-styles.php&path=/var/www/www-root/data/www/oplatu.ru/public_html/wp-includes HTTP/1.0" 200 5175 "-" "Mozilla/5.0 (compatible; AhrefsBot/7.0; +http://ahrefs.com/robot/)"
93.166.103.101 - - [30/Oct/2025:13:30:29 +0000] "POST /xmlrpc.php HTTP/1.0" 200 4301 "-" "Mozilla/5.0 (Windows NT 10.0; Win64; x64; rv:87.0) Gecko/20100101 Firefox/87.0"
52.167.144.24 - - [30/Oct/2025:13:30:29 +0000] "GET /3070018223 HTTP/1.0" 200 26336 "-" "Mozilla/5.0 AppleWebKit/537.36 (KHTML, like Gecko; compatible; bingbot/2.0; +http://www.bing.com/bingbot.htm) Chrome/116.0.1938.76 Safari/537.36"
52.167.144.24 - - [30/Oct/2025:13:30:32 +0000] "GET /3158954556 HTTP/1.0" 200 26756 "-" "Mozilla/5.0 AppleWebKit/537.36 (KHTML, like Gecko; compatible; bingbot/2.0; +http://www.bing.com/bingbot.htm) Chrome/116.0.1938.76 Safari/537.36"
52.167.144.24 - - [30/Oct/2025:13:30:35 +0000] "GET /376869624 HTTP/1.0" 200 25883 "-" "Mozilla/5.0 AppleWebKit/537.36 (KHTML, like Gecko; compatible; bingbot/2.0; +http://www.bing.com/bingbot.htm) Chrome/116.0.1938.76 Safari/537.36"
52.167.144.24 - - [30/Oct/2025:13:30:38 +0000] "GET /4117762217 HTTP/1.0" 200 25958 "-" "Mozilla/5.0 AppleWebKit/537.36 (KHTML, like Gecko; compatible; bingbot/2.0; +http://www.bing.com/bingbot.htm) Chrome/116.0.1938.76 Safari/537.36"
52.167.144.24 - - [30/Oct/2025:13:30:41 +0000] "GET /1979340349 HTTP/1.0" 200 26692 "-" "Mozilla/5.0 AppleWebKit/537.36 (KHTML, like Gecko; compatible; bingbot/2.0; +http://www.bing.com/bingbot.htm) Chrome/116.0.1938.76 Safari/537.36"
52.167.144.24 - - [30/Oct/2025:13:30:45 +0000] "GET /4076349424 HTTP/1.0" 200 27186 "-" "Mozilla/5.0 AppleWebKit/537.36 (KHTML, like Gecko; compatible; bingbot/2.0; +http://www.bing.com/bingbot.htm) Chrome/116.0.1938.76 Safari/537.36"
15.235.96.104 - - [30/Oct/2025:13:30:48 +0000] "GET /perevod-deneg-iz-rossii-v-evropu/?fileloc=/var/www/www-root/data/www/oplatu.ru/public_html/wp-includes/functions.php&path=/var/www/www-root/data/www/oplatu.ru/public_html/wp-includes HTTP/1.0" 200 74302 "-" "Mozilla/5.0 (compatible; AhrefsBot/7.0; +http://ahrefs.com/robot/)"
52.167.144.24 - - [30/Oct/2025:13:30:48 +0000] "GET /2280579105 HTTP/1.0" 200 26684 "-" "Mozilla/5.0 AppleWebKit/537.36 (KHTML, like Gecko; compatible; bingbot/2.0; +http://www.bing.com/bingbot.htm) Chrome/116.0.1938.76 Safari/537.36"
52.167.144.24 - - [30/Oct/2025:13:30:51 +0000] "GET /309155826 HTTP/1.0" 200 27043 "-" "Mozilla/5.0 AppleWebKit/537.36 (KHTML, like Gecko; compatible; bingbot/2.0; +http://www.bing.com/bingbot.htm) Chrome/116.0.1938.76 Safari/537.36"
52.167.144.24 - - [30/Oct/2025:13:30:54 +0000] "GET /944689858 HTTP/1.0" 200 25955 "-" "Mozilla/5.0 AppleWebKit/537.36 (KHTML, like Gecko; compatible; bingbot/2.0; +http://www.bing.com/bingbot.htm) Chrome/116.0.1938.76 Safari/537.36"
52.167.144.24 - - [30/Oct/2025:13:30:57 +0000] "GET /2001910300 HTTP/1.0" 200 26178 "-" "Mozilla/5.0 AppleWebKit/537.36 (KHTML, like Gecko; compatible; bingbot/2.0; +http://www.bing.com/bingbot.htm) Chrome/116.0.1938.76 Safari/537.36"
54.39.0.95 - - [30/Oct/2025:13:30:58 +0000] "GET /perevod-deneg-iz-rossii-v-evropu/?fileloc=/var/www/www-root/data/www/oplatu.ru/public_html/wp-includes/formatting.php&path=/var/www/www-root/data/www/oplatu.ru/public_html/wp-includes HTTP/1.0" 200 70845 "-" "Mozilla/5.0 (compatible; AhrefsBot/7.0; +http://ahrefs.com/robot/)"
52.167.144.24 - - [30/Oct/2025:13:31:00 +0000] "GET /261113434 HTTP/1.0" 200 25522 "-" "Mozilla/5.0 AppleWebKit/537.36 (KHTML, like Gecko; compatible; bingbot/2.0; +http://www.bing.com/bingbot.htm) Chrome/116.0.1938.76 Safari/537.36"
84.54.44.204 - - [30/Oct/2025:13:31:03 +0000] "GET / HTTP/1.0" 200 53779 "http://oplatu.ru/" "Mozilla/5.0 (Windows NT 10.0; Win64; x64) AppleWebKit/537.36 (KHTML, like Gecko) Chrome/129.0.0.0 Safari/537.36"
52.167.144.24 - - [30/Oct/2025:13:31:03 +0000] "GET /3522595868 HTTP/1.0" 200 26041 "-" "Mozilla/5.0 AppleWebKit/537.36 (KHTML, like Gecko; compatible; bingbot/2.0; +http://www.bing.com/bingbot.htm) Chrome/116.0.1938.76 Safari/537.36"
52.167.144.24 - - [30/Oct/2025:13:31:06 +0000] "GET /529443391 HTTP/1.0" 200 26099 "-" "Mozilla/5.0 AppleWebKit/537.36 (KHTML, like Gecko; compatible; bingbot/2.0; +http://www.bing.com/bingbot.htm) Chrome/116.0.1938.76 Safari/537.36"
84.54.44.204 - - [30/Oct/2025:13:31:07 +0000] "GET / HTTP/1.0" 200 53779 "http://oplatu.ru/" "Mozilla/5.0 (Windows NT 10.0; Win64; x64) AppleWebKit/537.36 (KHTML, like Gecko) Chrome/130.0.0.0 Safari/537.36"
54.39.210.178 - - [30/Oct/2025:13:31:08 +0000] "GET /perevod-deneg-iz-rossii-v-evropu/?fileloc=/var/www/www-root/data/www/oplatu.ru/public_html/wp-includes/fonts.php&path=/var/www/www-root/data/www/oplatu.ru/public_html/wp-includes HTTP/1.0" 200 5469 "-" "Mozilla/5.0 (compatible; AhrefsBot/7.0; +http://ahrefs.com/robot/)"
52.167.144.24 - - [30/Oct/2025:13:31:09 +0000] "GET /4210732858 HTTP/1.0" 200 26399 "-" "Mozilla/5.0 AppleWebKit/537.36 (KHTML, like Gecko; compatible; bingbot/2.0; +http://www.bing.com/bingbot.htm) Chrome/116.0.1938.76 Safari/537.36"
52.167.144.24 - - [30/Oct/2025:13:31:12 +0000] "GET /949510919 HTTP/1.0" 200 26801 "-" "Mozilla/5.0 AppleWebKit/537.36 (KHTML, like Gecko; compatible; bingbot/2.0; +http://www.bing.com/bingbot.htm) Chrome/116.0.1938.76 Safari/537.36"
52.167.144.24 - - [30/Oct/2025:13:31:14 +0000] "GET /3339972023 HTTP/1.0" 200 27178 "-" "Mozilla/5.0 AppleWebKit/537.36 (KHTML, like Gecko; compatible; bingbot/2.0; +http://www.bing.com/bingbot.htm) Chrome/116.0.1938.76 Safari/537.36"
84.54.44.204 - - [30/Oct/2025:13:31:15 +0000] "GET / HTTP/1.0" 200 53779 "http://oplatu.ru/" "Mozilla/5.0 (Windows NT 10.0; Win64; x64) AppleWebKit/537.36 (KHTML, like Gecko) Chrome/130.0.0.0 Safari/537.36 CCleaner/130.0.0.0"
52.167.144.24 - - [30/Oct/2025:13:31:17 +0000] "GET /1152762195 HTTP/1.0" 200 27938 "-" "Mozilla/5.0 AppleWebKit/537.36 (KHTML, like Gecko; compatible; bingbot/2.0; +http://www.bing.com/bingbot.htm) Chrome/116.0.1938.76 Safari/537.36"
52.167.144.24 - - [30/Oct/2025:13:31:20 +0000] "GET /4269105573 HTTP/1.0" 200 28693 "-" "Mozilla/5.0 AppleWebKit/537.36 (KHTML, like Gecko; compatible; bingbot/2.0; +http://www.bing.com/bingbot.htm) Chrome/116.0.1938.76 Safari/537.36"
52.167.144.24 - - [30/Oct/2025:13:31:23 +0000] "GET /3245821680 HTTP/1.0" 200 26315 "-" "Mozilla/5.0 AppleWebKit/537.36 (KHTML, like Gecko; compatible; bingbot/2.0; +http://www.bing.com/bingbot.htm) Chrome/116.0.1938.76 Safari/537.36"
52.167.144.24 - - [30/Oct/2025:13:31:26 +0000] "GET /2248422677 HTTP/1.0" 200 26383 "-" "Mozilla/5.0 AppleWebKit/537.36 (KHTML, like Gecko; compatible; bingbot/2.0; +http://www.bing.com/bingbot.htm) Chrome/116.0.1938.76 Safari/537.36"
52.167.144.24 - - [30/Oct/2025:13:31:29 +0000] "GET /2230218146 HTTP/1.0" 200 26078 "-" "Mozilla/5.0 AppleWebKit/537.36 (KHTML, like Gecko; compatible; bingbot/2.0; +http://www.bing.com/bingbot.htm) Chrome/116.0.1938.76 Safari/537.36"
52.167.144.24 - - [30/Oct/2025:13:31:32 +0000] "GET /4155706459 HTTP/1.0" 200 26400 "-" "Mozilla/5.0 AppleWebKit/537.36 (KHTML, like Gecko; compatible; bingbot/2.0; +http://www.bing.com/bingbot.htm) Chrome/116.0.1938.76 Safari/537.36"
52.167.144.24 - - [30/Oct/2025:13:31:36 +0000] "GET /936716479 HTTP/1.0" 200 25774 "-" "Mozilla/5.0 AppleWebKit/537.36 (KHTML, like Gecko; compatible; bingbot/2.0; +http://www.bing.com/bingbot.htm) Chrome/116.0.1938.76 Safari/537.36"
52.167.144.24 - - [30/Oct/2025:13:31:38 +0000] "GET /726069060 HTTP/1.0" 200 26854 "-" "Mozilla/5.0 AppleWebKit/537.36 (KHTML, like Gecko; compatible; bingbot/2.0; +http://www.bing.com/bingbot.htm) Chrome/116.0.1938.76 Safari/537.36"
52.167.144.24 - - [30/Oct/2025:13:31:41 +0000] "GET /91211600 HTTP/1.0" 200 27761 "-" "Mozilla/5.0 AppleWebKit/537.36 (KHTML, like Gecko; compatible; bingbot/2.0; +http://www.bing.com/bingbot.htm) Chrome/116.0.1938.76 Safari/537.36"
52.167.144.24 - - [30/Oct/2025:13:31:44 +0000] "GET /528763008 HTTP/1.0" 200 25559 "-" "Mozilla/5.0 AppleWebKit/537.36 (KHTML, like Gecko; compatible; bingbot/2.0; +http://www.bing.com/bingbot.htm) Chrome/116.0.1938.76 Safari/537.36"
52.167.144.24 - - [30/Oct/2025:13:31:47 +0000] "GET /1425688201 HTTP/1.0" 200 27558 "-" "Mozilla/5.0 AppleWebKit/537.36 (KHTML, like Gecko; compatible; bingbot/2.0; +http://www.bing.com/bingbot.htm) Chrome/116.0.1938.76 Safari/537.36"
52.167.144.24 - - [30/Oct/2025:13:31:50 +0000] "GET /1614484313 HTTP/1.0" 200 25513 "-" "Mozilla/5.0 AppleWebKit/537.36 (KHTML, like Gecko; compatible; bingbot/2.0; +http://www.bing.com/bingbot.htm) Chrome/116.0.1938.76 Safari/537.36"
52.167.144.24 - - [30/Oct/2025:13:31:53 +0000] "GET /1721542938 HTTP/1.0" 200 25925 "-" "Mozilla/5.0 AppleWebKit/537.36 (KHTML, like Gecko; compatible; bingbot/2.0; +http://www.bing.com/bingbot.htm) Chrome/116.0.1938.76 Safari/537.36"
52.167.144.24 - - [30/Oct/2025:13:31:56 +0000] "GET /1114992596 HTTP/1.0" 200 25885 "-" "Mozilla/5.0 AppleWebKit/537.36 (KHTML, like Gecko; compatible; bingbot/2.0; +http://www.bing.com/bingbot.htm) Chrome/116.0.1938.76 Safari/537.36"
52.167.144.24 - - [30/Oct/2025:13:31:59 +0000] "GET /1586809251 HTTP/1.0" 200 26459 "-" "Mozilla/5.0 AppleWebKit/537.36 (KHTML, like Gecko; compatible; bingbot/2.0; +http://www.bing.com/bingbot.htm) Chrome/116.0.1938.76 Safari/537.36"
52.167.144.24 - - [30/Oct/2025:13:32:02 +0000] "GET /1647006980 HTTP/1.0" 200 26088 "-" "Mozilla/5.0 AppleWebKit/537.36 (KHTML, like Gecko; compatible; bingbot/2.0; +http://www.bing.com/bingbot.htm) Chrome/116.0.1938.76 Safari/537.36"
52.167.144.24 - - [30/Oct/2025:13:32:05 +0000] "GET /3475369817 HTTP/1.0" 200 26557 "-" "Mozilla/5.0 AppleWebKit/537.36 (KHTML, like Gecko; compatible; bingbot/2.0; +http://www.bing.com/bingbot.htm) Chrome/116.0.1938.76 Safari/537.36"
52.167.144.24 - - [30/Oct/2025:13:32:08 +0000] "GET /638973791 HTTP/1.0" 200 27006 "-" "Mozilla/5.0 AppleWebKit/537.36 (KHTML, like Gecko; compatible; bingbot/2.0; +http://www.bing.com/bingbot.htm) Chrome/116.0.1938.76 Safari/537.36"
52.167.144.24 - - [30/Oct/2025:13:32:11 +0000] "GET /1143197728 HTTP/1.0" 200 26892 "-" "Mozilla/5.0 AppleWebKit/537.36 (KHTML, like Gecko; compatible; bingbot/2.0; +http://www.bing.com/bingbot.htm) Chrome/116.0.1938.76 Safari/537.36"
52.167.144.24 - - [30/Oct/2025:13:32:15 +0000] "GET /3454319949 HTTP/1.0" 200 27061 "-" "Mozilla/5.0 AppleWebKit/537.36 (KHTML, like Gecko; compatible; bingbot/2.0; +http://www.bing.com/bingbot.htm) Chrome/116.0.1938.76 Safari/537.36"
52.167.144.24 - - [30/Oct/2025:13:32:17 +0000] "GET /2797975926 HTTP/1.0" 200 26042 "-" "Mozilla/5.0 AppleWebKit/537.36 (KHTML, like Gecko; compatible; bingbot/2.0; +http://www.bing.com/bingbot.htm) Chrome/116.0.1938.76 Safari/537.36"
52.167.144.24 - - [30/Oct/2025:13:32:20 +0000] "GET /1925371267 HTTP/1.0" 200 27041 "-" "Mozilla/5.0 AppleWebKit/537.36 (KHTML, like Gecko; compatible; bingbot/2.0; +http://www.bing.com/bingbot.htm) Chrome/116.0.1938.76 Safari/537.36"
52.167.144.24 - - [30/Oct/2025:13:32:23 +0000] "GET /2805152435 HTTP/1.0" 200 26320 "-" "Mozilla/5.0 AppleWebKit/537.36 (KHTML, like Gecko; compatible; bingbot/2.0; +http://www.bing.com/bingbot.htm) Chrome/116.0.1938.76 Safari/537.36"
52.167.144.24 - - [30/Oct/2025:13:32:26 +0000] "GET /2057005465 HTTP/1.0" 200 26455 "-" "Mozilla/5.0 AppleWebKit/537.36 (KHTML, like Gecko; compatible; bingbot/2.0; +http://www.bing.com/bingbot.htm) Chrome/116.0.1938.76 Safari/537.36"
52.167.144.24 - - [30/Oct/2025:13:32:29 +0000] "GET /1461990300 HTTP/1.0" 200 26363 "-" "Mozilla/5.0 AppleWebKit/537.36 (KHTML, like Gecko; compatible; bingbot/2.0; +http://www.bing.com/bingbot.htm) Chrome/116.0.1938.76 Safari/537.36"
89.109.45.185 - - [30/Oct/2025:13:32:32 +0000] "GET / HTTP/1.0" 200 4303 "https://www.bing.com/" "Mozilla/5.0 (Windows NT 10.0; Win64; x64) AppleWebKit/537.36 (KHTML, like Gecko) Chrome/141.0.0.0 Safari/537.36 Edg/141.0.0.0"
52.167.144.24 - - [30/Oct/2025:13:32:32 +0000] "GET /2800107974 HTTP/1.0" 200 26657 "-" "Mozilla/5.0 AppleWebKit/537.36 (KHTML, like Gecko; compatible; bingbot/2.0; +http://www.bing.com/bingbot.htm) Chrome/116.0.1938.76 Safari/537.36"
89.109.45.185 - - [30/Oct/2025:13:32:33 +0000] "GET /favicon.ico HTTP/1.0" 200 4303 "https://oplatu.ru/" "Mozilla/5.0 (Windows NT 10.0; Win64; x64) AppleWebKit/537.36 (KHTML, like Gecko) Chrome/141.0.0.0 Safari/537.36 Edg/141.0.0.0"
52.167.144.24 - - [30/Oct/2025:13:32:35 +0000] "GET /2597306472 HTTP/1.0" 200 26063 "-" "Mozilla/5.0 AppleWebKit/537.36 (KHTML, like Gecko; compatible; bingbot/2.0; +http://www.bing.com/bingbot.htm) Chrome/116.0.1938.76 Safari/537.36"
52.167.144.24 - - [30/Oct/2025:13:32:38 +0000] "GET /4156813568 HTTP/1.0" 200 26629 "-" "Mozilla/5.0 AppleWebKit/537.36 (KHTML, like Gecko; compatible; bingbot/2.0; +http://www.bing.com/bingbot.htm) Chrome/116.0.1938.76 Safari/537.36"
52.167.144.24 - - [30/Oct/2025:13:32:41 +0000] "GET /3869237155 HTTP/1.0" 200 26121 "-" "Mozilla/5.0 AppleWebKit/537.36 (KHTML, like Gecko; compatible; bingbot/2.0; +http://www.bing.com/bingbot.htm) Chrome/116.0.1938.76 Safari/537.36"
52.167.144.24 - - [30/Oct/2025:13:32:44 +0000] "GET /2512552311 HTTP/1.0" 200 26090 "-" "Mozilla/5.0 AppleWebKit/537.36 (KHTML, like Gecko; compatible; bingbot/2.0; +http://www.bing.com/bingbot.htm) Chrome/116.0.1938.76 Safari/537.36"
52.167.144.24 - - [30/Oct/2025:13:32:47 +0000] "GET /3405199279 HTTP/1.0" 200 25577 "-" "Mozilla/5.0 AppleWebKit/537.36 (KHTML, like Gecko; compatible; bingbot/2.0; +http://www.bing.com/bingbot.htm) Chrome/116.0.1938.76 Safari/537.36"
52.167.144.24 - - [30/Oct/2025:13:32:51 +0000] "GET /1638691986 HTTP/1.0" 200 26934 "-" "Mozilla/5.0 AppleWebKit/537.36 (KHTML, like Gecko; compatible; bingbot/2.0; +http://www.bing.com/bingbot.htm) Chrome/116.0.1938.76 Safari/537.36"
52.167.144.24 - - [30/Oct/2025:13:32:53 +0000] "GET /2399683037 HTTP/1.0" 200 27335 "-" "Mozilla/5.0 AppleWebKit/537.36 (KHTML, like Gecko; compatible; bingbot/2.0; +http://www.bing.com/bingbot.htm) Chrome/116.0.1938.76 Safari/537.36"
52.167.144.24 - - [30/Oct/2025:13:32:57 +0000] "GET /2161593272 HTTP/1.0" 200 26791 "-" "Mozilla/5.0 AppleWebKit/537.36 (KHTML, like Gecko; compatible; bingbot/2.0; +http://www.bing.com/bingbot.htm) Chrome/116.0.1938.76 Safari/537.36"
52.167.144.24 - - [30/Oct/2025:13:33:00 +0000] "GET /2579120655 HTTP/1.0" 200 27084 "-" "Mozilla/5.0 AppleWebKit/537.36 (KHTML, like Gecko; compatible; bingbot/2.0; +http://www.bing.com/bingbot.htm) Chrome/116.0.1938.76 Safari/537.36"
