40.77.167.25 - - [30/Oct/2025:14:45:07 +0000] "GET /3510558463 HTTP/1.0" 200 25907 "-" "Mozilla/5.0 AppleWebKit/537.36 (KHTML, like Gecko; compatible; bingbot/2.0; +http://www.bing.com/bingbot.htm) Chrome/116.0.1938.76 Safari/537.36"
216.73.216.6 - - [30/Oct/2025:14:45:07 +0000] "GET /klook?path=%2Fvar%2Fwww%2Fwww-root%2Fdata%2Fwww%2Foplatu.ru%2Fpublic_html%2Fwp-admin%2Fincludes HTTP/1.0" 200 7118 "-" "Mozilla/5.0 AppleWebKit/537.36 (KHTML, like Gecko; compatible; ClaudeBot/1.0; +claudebot@anthropic.com)"
46.242.14.101 - - [30/Oct/2025:14:45:08 +0000] "GET / HTTP/1.0" 200 4303 "https://yandex.ru/" "Mozilla/5.0 (Macintosh; Intel Mac OS X 10_15_7) AppleWebKit/537.36 (KHTML, like Gecko) Chrome/141.0.0.0 Safari/537.36"
46.242.14.101 - - [30/Oct/2025:14:45:08 +0000] "GET /favicon.ico HTTP/1.0" 200 4303 "https://oplatu.ru/" "Mozilla/5.0 (Macintosh; Intel Mac OS X 10_15_7) AppleWebKit/537.36 (KHTML, like Gecko) Chrome/141.0.0.0 Safari/537.36"
40.77.167.25 - - [30/Oct/2025:14:45:10 +0000] "GET /1481452266 HTTP/1.0" 200 27518 "-" "Mozilla/5.0 AppleWebKit/537.36 (KHTML, like Gecko; compatible; bingbot/2.0; +http://www.bing.com/bingbot.htm) Chrome/116.0.1938.76 Safari/537.36"
216.73.216.6 - - [30/Oct/2025:14:45:10 +0000] "GET /klook?fileloc=%2Fvar%2Fwww%2Fwww-root%2Fdata%2Fwww%2Foplatu.ru%2Fpublic_html%2Fcgi-bin%2F.htaccess&path=%2Fvar%2Fwww%2Fwww-root%2Fdata%2Fwww%2Foplatu.ru%2Fpublic_html%2Fcgi-bin HTTP/1.0" 200 2979 "-" "Mozilla/5.0 AppleWebKit/537.36 (KHTML, like Gecko; compatible; ClaudeBot/1.0; +claudebot@anthropic.com)"
40.77.167.25 - - [30/Oct/2025:14:45:13 +0000] "GET /2601690606 HTTP/1.0" 200 26037 "-" "Mozilla/5.0 AppleWebKit/537.36 (KHTML, like Gecko; compatible; bingbot/2.0; +http://www.bing.com/bingbot.htm) Chrome/116.0.1938.76 Safari/537.36"
216.73.216.6 - - [30/Oct/2025:14:45:13 +0000] "GET /klook?fileloc=%2Fvar%2Fwww%2Fwww-root%2Fdata%2Fwww%2Foplatu.ru%2Fpublic_html%2Fwp-admin%2F.htaccess&path=%2Fvar%2Fwww%2Fwww-root%2Fdata%2Fwww%2Foplatu.ru%2Fpublic_html%2Fwp-admin HTTP/1.0" 200 3670 "-" "Mozilla/5.0 AppleWebKit/537.36 (KHTML, like Gecko; compatible; ClaudeBot/1.0; +claudebot@anthropic.com)"
216.73.216.6 - - [30/Oct/2025:14:45:16 +0000] "GET /klook?fileloc=%2Fvar%2Fwww%2Fwww-root%2Fdata%2Fwww%2Foplatu.ru%2Fpublic_html%2Fold%2Findex.html&path=%2Fvar%2Fwww%2Fwww-root%2Fdata%2Fwww%2Foplatu.ru%2Fpublic_html%2Fold HTTP/1.0" 200 7562 "-" "Mozilla/5.0 AppleWebKit/537.36 (KHTML, like Gecko; compatible; ClaudeBot/1.0; +claudebot@anthropic.com)"
40.77.167.25 - - [30/Oct/2025:14:45:16 +0000] "GET /2673270998 HTTP/1.0" 200 26450 "-" "Mozilla/5.0 AppleWebKit/537.36 (KHTML, like Gecko; compatible; bingbot/2.0; +http://www.bing.com/bingbot.htm) Chrome/116.0.1938.76 Safari/537.36"
40.77.167.13 - - [30/Oct/2025:14:45:20 +0000] "GET /4268751572 HTTP/1.0" 200 25332 "-" "Mozilla/5.0 AppleWebKit/537.36 (KHTML, like Gecko; compatible; bingbot/2.0; +http://www.bing.com/bingbot.htm) Chrome/116.0.1938.76 Safari/537.36"
216.73.216.6 - - [30/Oct/2025:14:45:21 +0000] "GET /klook?fileloc=%2Fvar%2Fwww%2Fwww-root%2Fdata%2Fwww%2Foplatu.ru%2Fpublic_html%2Fold%2Flicense.txt&path=%2Fvar%2Fwww%2Fwww-root%2Fdata%2Fwww%2Foplatu.ru%2Fpublic_html%2Fold HTTP/1.0" 200 10234 "-" "Mozilla/5.0 AppleWebKit/537.36 (KHTML, like Gecko; compatible; ClaudeBot/1.0; +claudebot@anthropic.com)"
40.77.167.13 - - [30/Oct/2025:14:45:23 +0000] "GET /1361583365 HTTP/1.0" 200 26722 "-" "Mozilla/5.0 AppleWebKit/537.36 (KHTML, like Gecko; compatible; bingbot/2.0; +http://www.bing.com/bingbot.htm) Chrome/116.0.1938.76 Safari/537.36"
216.73.216.6 - - [30/Oct/2025:14:45:23 +0000] "GET /klook?fileloc=%2Fvar%2Fwww%2Fwww-root%2Fdata%2Fwww%2Foplatu.ru%2Fpublic_html%2Fold%2F.htaccess&path=%2Fvar%2Fwww%2Fwww-root%2Fdata%2Fwww%2Foplatu.ru%2Fpublic_html%2Fold HTTP/1.0" 200 2976 "-" "Mozilla/5.0 AppleWebKit/537.36 (KHTML, like Gecko; compatible; ClaudeBot/1.0; +claudebot@anthropic.com)"
40.77.167.13 - - [30/Oct/2025:14:45:25 +0000] "GET /2819044207 HTTP/1.0" 200 25204 "-" "Mozilla/5.0 AppleWebKit/537.36 (KHTML, like Gecko; compatible; bingbot/2.0; +http://www.bing.com/bingbot.htm) Chrome/116.0.1938.76 Safari/537.36"
216.73.216.6 - - [30/Oct/2025:14:45:26 +0000] "GET /klook?path=%2Fvar%2Fwww%2Fwww-root%2Fdata%2Fwww%2Foplatu.ru%2Fpublic_html%2Fwp-admin%2Fjs HTTP/1.0" 200 6589 "-" "Mozilla/5.0 AppleWebKit/537.36 (KHTML, like Gecko; compatible; ClaudeBot/1.0; +claudebot@anthropic.com)"
216.73.216.6 - - [30/Oct/2025:14:45:29 +0000] "GET /klook?fileloc=%2Fvar%2Fwww%2Fwww-root%2Fdata%2Fwww%2Foplatu.ru%2Fpublic_html%2Fwp-admin%2Fcredits.php&path=%2Fvar%2Fwww%2Fwww-root%2Fdata%2Fwww%2Foplatu.ru%2Fpublic_html%2Fwp-admin HTTP/1.0" 200 4044 "-" "Mozilla/5.0 AppleWebKit/537.36 (KHTML, like Gecko; compatible; ClaudeBot/1.0; +claudebot@anthropic.com)"
40.77.167.13 - - [30/Oct/2025:14:45:30 +0000] "GET /2446480656 HTTP/1.0" 200 26170 "-" "Mozilla/5.0 AppleWebKit/537.36 (KHTML, like Gecko; compatible; bingbot/2.0; +http://www.bing.com/bingbot.htm) Chrome/116.0.1938.76 Safari/537.36"
40.77.167.13 - - [30/Oct/2025:14:45:33 +0000] "GET /2204709320 HTTP/1.0" 200 26024 "-" "Mozilla/5.0 AppleWebKit/537.36 (KHTML, like Gecko; compatible; bingbot/2.0; +http://www.bing.com/bingbot.htm) Chrome/116.0.1938.76 Safari/537.36"
40.77.167.13 - - [30/Oct/2025:14:45:36 +0000] "GET /1550962841 HTTP/1.0" 200 26450 "-" "Mozilla/5.0 AppleWebKit/537.36 (KHTML, like Gecko; compatible; bingbot/2.0; +http://www.bing.com/bingbot.htm) Chrome/116.0.1938.76 Safari/537.36"
15.235.98.209 - - [30/Oct/2025:14:45:38 +0000] "GET /chatgpt/?fileloc=/var/www/www-root/data/www/oplatu.ru/public_html/wp-admin/setup-config.php&path=/var/www/www-root/data/www/oplatu.ru/public_html/wp-admin HTTP/1.0" 200 8696 "-" "Mozilla/5.0 (compatible; AhrefsBot/7.0; +http://ahrefs.com/robot/)"
40.77.167.13 - - [30/Oct/2025:14:45:39 +0000] "GET /2268583495 HTTP/1.0" 200 26543 "-" "Mozilla/5.0 AppleWebKit/537.36 (KHTML, like Gecko; compatible; bingbot/2.0; +http://www.bing.com/bingbot.htm) Chrome/116.0.1938.76 Safari/537.36"
40.77.167.13 - - [30/Oct/2025:14:45:42 +0000] "GET /1891501925 HTTP/1.0" 200 25839 "-" "Mozilla/5.0 AppleWebKit/537.36 (KHTML, like Gecko; compatible; bingbot/2.0; +http://www.bing.com/bingbot.htm) Chrome/116.0.1938.76 Safari/537.36"
40.77.167.13 - - [30/Oct/2025:14:45:45 +0000] "GET /4054731964 HTTP/1.0" 200 26692 "-" "Mozilla/5.0 AppleWebKit/537.36 (KHTML, like Gecko; compatible; bingbot/2.0; +http://www.bing.com/bingbot.htm) Chrome/116.0.1938.76 Safari/537.36"
40.77.167.13 - - [30/Oct/2025:14:45:48 +0000] "GET /831753678 HTTP/1.0" 200 25737 "-" "Mozilla/5.0 AppleWebKit/537.36 (KHTML, like Gecko; compatible; bingbot/2.0; +http://www.bing.com/bingbot.htm) Chrome/116.0.1938.76 Safari/537.36"
40.77.167.13 - - [30/Oct/2025:14:45:52 +0000] "GET /1155846750 HTTP/1.0" 200 26071 "-" "Mozilla/5.0 AppleWebKit/537.36 (KHTML, like Gecko; compatible; bingbot/2.0; +http://www.bing.com/bingbot.htm) Chrome/116.0.1938.76 Safari/537.36"
15.235.98.133 - - [30/Oct/2025:14:45:54 +0000] "GET /chatgpt/?fileloc=/var/www/www-root/data/www/oplatu.ru/public_html/wp-admin/revision.php&path=/var/www/www-root/data/www/oplatu.ru/public_html/wp-admin HTTP/1.0" 200 4867 "-" "Mozilla/5.0 (compatible; AhrefsBot/7.0; +http://ahrefs.com/robot/)"
40.77.167.13 - - [30/Oct/2025:14:45:54 +0000] "GET /2598606051 HTTP/1.0" 200 26274 "-" "Mozilla/5.0 AppleWebKit/537.36 (KHTML, like Gecko; compatible; bingbot/2.0; +http://www.bing.com/bingbot.htm) Chrome/116.0.1938.76 Safari/537.36"
40.77.167.13 - - [30/Oct/2025:14:45:57 +0000] "GET /2002623573 HTTP/1.0" 200 26138 "-" "Mozilla/5.0 AppleWebKit/537.36 (KHTML, like Gecko; compatible; bingbot/2.0; +http://www.bing.com/bingbot.htm) Chrome/116.0.1938.76 Safari/537.36"
40.77.167.25 - - [30/Oct/2025:14:46:01 +0000] "GET /3962042074 HTTP/1.0" 200 26751 "-" "Mozilla/5.0 AppleWebKit/537.36 (KHTML, like Gecko; compatible; bingbot/2.0; +http://www.bing.com/bingbot.htm) Chrome/116.0.1938.76 Safari/537.36"
40.77.167.25 - - [30/Oct/2025:14:46:03 +0000] "GET /2476218195 HTTP/1.0" 200 26005 "-" "Mozilla/5.0 AppleWebKit/537.36 (KHTML, like Gecko; compatible; bingbot/2.0; +http://www.bing.com/bingbot.htm) Chrome/116.0.1938.76 Safari/537.36"
54.39.0.27 - - [30/Oct/2025:14:46:05 +0000] "GET /chatgpt/?fileloc=/var/www/www-root/data/www/oplatu.ru/public_html/wp-admin/profile.php&path=/var/www/www-root/data/www/oplatu.ru/public_html/wp-admin HTTP/1.0" 200 3070 "-" "Mozilla/5.0 (compatible; AhrefsBot/7.0; +http://ahrefs.com/robot/)"
40.77.167.25 - - [30/Oct/2025:14:46:07 +0000] "GET /1753088358 HTTP/1.0" 200 26847 "-" "Mozilla/5.0 AppleWebKit/537.36 (KHTML, like Gecko; compatible; bingbot/2.0; +http://www.bing.com/bingbot.htm) Chrome/116.0.1938.76 Safari/537.36"
40.77.167.25 - - [30/Oct/2025:14:46:10 +0000] "GET /2173253595 HTTP/1.0" 200 27151 "-" "Mozilla/5.0 AppleWebKit/537.36 (KHTML, like Gecko; compatible; bingbot/2.0; +http://www.bing.com/bingbot.htm) Chrome/116.0.1938.76 Safari/537.36"
40.77.167.25 - - [30/Oct/2025:14:46:12 +0000] "GET /1278586963 HTTP/1.0" 200 30442 "-" "Mozilla/5.0 AppleWebKit/537.36 (KHTML, like Gecko; compatible; bingbot/2.0; +http://www.bing.com/bingbot.htm) Chrome/116.0.1938.76 Safari/537.36"
40.77.167.25 - - [30/Oct/2025:14:46:15 +0000] "GET /3484710916 HTTP/1.0" 200 26401 "-" "Mozilla/5.0 AppleWebKit/537.36 (KHTML, like Gecko; compatible; bingbot/2.0; +http://www.bing.com/bingbot.htm) Chrome/116.0.1938.76 Safari/537.36"
40.77.167.25 - - [30/Oct/2025:14:46:18 +0000] "GET /3884575206 HTTP/1.0" 200 26347 "-" "Mozilla/5.0 AppleWebKit/537.36 (KHTML, like Gecko; compatible; bingbot/2.0; +http://www.bing.com/bingbot.htm) Chrome/116.0.1938.76 Safari/537.36"
15.235.96.213 - - [30/Oct/2025:14:46:20 +0000] "GET /chatgpt/?fileloc=/var/www/www-root/data/www/oplatu.ru/public_html/wp-admin/privacy.php&path=/var/www/www-root/data/www/oplatu.ru/public_html/wp-admin HTTP/1.0" 200 3899 "-" "Mozilla/5.0 (compatible; AhrefsBot/7.0; +http://ahrefs.com/robot/)"
40.77.167.25 - - [30/Oct/2025:14:46:21 +0000] "GET /1479218926 HTTP/1.0" 200 26575 "-" "Mozilla/5.0 AppleWebKit/537.36 (KHTML, like Gecko; compatible; bingbot/2.0; +http://www.bing.com/bingbot.htm) Chrome/116.0.1938.76 Safari/537.36"
40.77.167.25 - - [30/Oct/2025:14:46:25 +0000] "GET /3840935099 HTTP/1.0" 200 26260 "-" "Mozilla/5.0 AppleWebKit/537.36 (KHTML, like Gecko; compatible; bingbot/2.0; +http://www.bing.com/bingbot.htm) Chrome/116.0.1938.76 Safari/537.36"
40.77.167.25 - - [30/Oct/2025:14:46:27 +0000] "GET /1342480044 HTTP/1.0" 200 26353 "-" "Mozilla/5.0 AppleWebKit/537.36 (KHTML, like Gecko; compatible; bingbot/2.0; +http://www.bing.com/bingbot.htm) Chrome/116.0.1938.76 Safari/537.36"
5.255.231.170 - - [30/Oct/2025:14:46:31 +0000] "GET /?yclid=7710547526903176844 HTTP/1.0" 200 4303 "-" "Mozilla/5.0 (compatible; YandexMetrika/2.0; +http://yandex.com/bots yabs01)"
40.77.167.25 - - [30/Oct/2025:14:46:31 +0000] "GET /3608548461 HTTP/1.0" 200 25348 "-" "Mozilla/5.0 AppleWebKit/537.36 (KHTML, like Gecko; compatible; bingbot/2.0; +http://www.bing.com/bingbot.htm) Chrome/116.0.1938.76 Safari/537.36"
142.44.225.249 - - [30/Oct/2025:14:46:32 +0000] "GET /chatgpt/?fileloc=/var/www/www-root/data/www/oplatu.ru/public_html/wp-admin/privacy-policy-guide.php&path=/var/www/www-root/data/www/oplatu.ru/public_html/wp-admin HTTP/1.0" 200 4328 "-" "Mozilla/5.0 (compatible; AhrefsBot/7.0; +http://ahrefs.com/robot/)"
40.77.167.25 - - [30/Oct/2025:14:46:34 +0000] "GET /308243154 HTTP/1.0" 200 25402 "-" "Mozilla/5.0 AppleWebKit/537.36 (KHTML, like Gecko; compatible; bingbot/2.0; +http://www.bing.com/bingbot.htm) Chrome/116.0.1938.76 Safari/537.36"
40.77.167.25 - - [30/Oct/2025:14:46:36 +0000] "GET /615723457 HTTP/1.0" 200 25647 "-" "Mozilla/5.0 AppleWebKit/537.36 (KHTML, like Gecko; compatible; bingbot/2.0; +http://www.bing.com/bingbot.htm) Chrome/116.0.1938.76 Safari/537.36"
40.77.167.25 - - [30/Oct/2025:14:46:39 +0000] "GET /2789417260 HTTP/1.0" 200 26253 "-" "Mozilla/5.0 AppleWebKit/537.36 (KHTML, like Gecko; compatible; bingbot/2.0; +http://www.bing.com/bingbot.htm) Chrome/116.0.1938.76 Safari/537.36"
51.161.37.50 - - [30/Oct/2025:14:46:42 +0000] "GET /chatgpt/?fileloc=/var/www/www-root/data/www/oplatu.ru/public_html/wp-admin/press-this.php&path=/var/www/www-root/data/www/oplatu.ru/public_html/wp-admin HTTP/1.0" 200 3851 "-" "Mozilla/5.0 (compatible; AhrefsBot/7.0; +http://ahrefs.com/robot/)"
40.77.167.25 - - [30/Oct/2025:14:46:42 +0000] "GET /3856986801 HTTP/1.0" 200 26356 "-" "Mozilla/5.0 AppleWebKit/537.36 (KHTML, like Gecko; compatible; bingbot/2.0; +http://www.bing.com/bingbot.htm) Chrome/116.0.1938.76 Safari/537.36"
40.77.167.25 - - [30/Oct/2025:14:46:45 +0000] "GET /3290032219 HTTP/1.0" 200 26554 "-" "Mozilla/5.0 AppleWebKit/537.36 (KHTML, like Gecko; compatible; bingbot/2.0; +http://www.bing.com/bingbot.htm) Chrome/116.0.1938.76 Safari/537.36"
40.77.167.25 - - [30/Oct/2025:14:46:49 +0000] "GET /3195645220 HTTP/1.0" 200 25881 "-" "Mozilla/5.0 AppleWebKit/537.36 (KHTML, like Gecko; compatible; bingbot/2.0; +http://www.bing.com/bingbot.htm) Chrome/116.0.1938.76 Safari/537.36"
40.77.167.25 - - [30/Oct/2025:14:46:52 +0000] "GET /1431160714 HTTP/1.0" 200 29233 "-" "Mozilla/5.0 AppleWebKit/537.36 (KHTML, like Gecko; compatible; bingbot/2.0; +http://www.bing.com/bingbot.htm) Chrome/116.0.1938.76 Safari/537.36"
51.161.37.139 - - [30/Oct/2025:14:46:54 +0000] "GET /chatgpt/?fileloc=/var/www/www-root/data/www/oplatu.ru/public_html/wp-admin/post.php&path=/var/www/www-root/data/www/oplatu.ru/public_html/wp-admin HTTP/1.0" 200 5833 "-" "Mozilla/5.0 (compatible; AhrefsBot/7.0; +http://ahrefs.com/robot/)"
40.77.167.25 - - [30/Oct/2025:14:46:55 +0000] "GET /2697431475 HTTP/1.0" 200 25910 "-" "Mozilla/5.0 AppleWebKit/537.36 (KHTML, like Gecko; compatible; bingbot/2.0; +http://www.bing.com/bingbot.htm) Chrome/116.0.1938.76 Safari/537.36"
40.77.167.25 - - [30/Oct/2025:14:46:58 +0000] "GET /814345068 HTTP/1.0" 200 26867 "-" "Mozilla/5.0 AppleWebKit/537.36 (KHTML, like Gecko; compatible; bingbot/2.0; +http://www.bing.com/bingbot.htm) Chrome/116.0.1938.76 Safari/537.36"
40.77.167.25 - - [30/Oct/2025:14:47:01 +0000] "GET /2424774142 HTTP/1.0" 200 26769 "-" "Mozilla/5.0 AppleWebKit/537.36 (KHTML, like Gecko; compatible; bingbot/2.0; +http://www.bing.com/bingbot.htm) Chrome/116.0.1938.76 Safari/537.36"
40.77.167.25 - - [30/Oct/2025:14:47:04 +0000] "GET /2686716746 HTTP/1.0" 200 26775 "-" "Mozilla/5.0 AppleWebKit/537.36 (KHTML, like Gecko; compatible; bingbot/2.0; +http://www.bing.com/bingbot.htm) Chrome/116.0.1938.76 Safari/537.36"
40.77.167.25 - - [30/Oct/2025:14:47:07 +0000] "GET /577877799 HTTP/1.0" 200 27010 "-" "Mozilla/5.0 AppleWebKit/537.36 (KHTML, like Gecko; compatible; bingbot/2.0; +http://www.bing.com/bingbot.htm) Chrome/116.0.1938.76 Safari/537.36"
40.77.167.25 - - [30/Oct/2025:14:47:09 +0000] "GET /964163000 HTTP/1.0" 200 26043 "-" "Mozilla/5.0 AppleWebKit/537.36 (KHTML, like Gecko; compatible; bingbot/2.0; +http://www.bing.com/bingbot.htm) Chrome/116.0.1938.76 Safari/537.36"
40.77.167.25 - - [30/Oct/2025:14:47:12 +0000] "GET /3566438198 HTTP/1.0" 200 26697 "-" "Mozilla/5.0 AppleWebKit/537.36 (KHTML, like Gecko; compatible; bingbot/2.0; +http://www.bing.com/bingbot.htm) Chrome/116.0.1938.76 Safari/537.36"
40.77.167.25 - - [30/Oct/2025:14:47:15 +0000] "GET /72555393 HTTP/1.0" 200 26501 "-" "Mozilla/5.0 AppleWebKit/537.36 (KHTML, like Gecko; compatible; bingbot/2.0; +http://www.bing.com/bingbot.htm) Chrome/116.0.1938.76 Safari/537.36"
40.77.167.25 - - [30/Oct/2025:14:47:18 +0000] "GET /2424911658 HTTP/1.0" 200 26464 "-" "Mozilla/5.0 AppleWebKit/537.36 (KHTML, like Gecko; compatible; bingbot/2.0; +http://www.bing.com/bingbot.htm) Chrome/116.0.1938.76 Safari/537.36"
40.77.167.25 - - [30/Oct/2025:14:47:21 +0000] "GET /2303246012 HTTP/1.0" 200 25618 "-" "Mozilla/5.0 AppleWebKit/537.36 (KHTML, like Gecko; compatible; bingbot/2.0; +http://www.bing.com/bingbot.htm) Chrome/116.0.1938.76 Safari/537.36"
40.77.167.25 - - [30/Oct/2025:14:47:24 +0000] "GET /2426123773 HTTP/1.0" 200 26970 "-" "Mozilla/5.0 AppleWebKit/537.36 (KHTML, like Gecko; compatible; bingbot/2.0; +http://www.bing.com/bingbot.htm) Chrome/116.0.1938.76 Safari/537.36"
40.77.167.25 - - [30/Oct/2025:14:47:27 +0000] "GET /3441756779 HTTP/1.0" 200 26777 "-" "Mozilla/5.0 AppleWebKit/537.36 (KHTML, like Gecko; compatible; bingbot/2.0; +http://www.bing.com/bingbot.htm) Chrome/116.0.1938.76 Safari/537.36"
40.77.167.25 - - [30/Oct/2025:14:47:30 +0000] "GET /3895703882 HTTP/1.0" 200 26930 "-" "Mozilla/5.0 AppleWebKit/537.36 (KHTML, like Gecko; compatible; bingbot/2.0; +http://www.bing.com/bingbot.htm) Chrome/116.0.1938.76 Safari/537.36"
40.77.167.25 - - [30/Oct/2025:14:47:33 +0000] "GET /3115956100 HTTP/1.0" 200 26445 "-" "Mozilla/5.0 AppleWebKit/537.36 (KHTML, like Gecko; compatible; bingbot/2.0; +http://www.bing.com/bingbot.htm) Chrome/116.0.1938.76 Safari/537.36"
40.77.167.25 - - [30/Oct/2025:14:47:37 +0000] "GET /2317456650 HTTP/1.0" 200 26096 "-" "Mozilla/5.0 AppleWebKit/537.36 (KHTML, like Gecko; compatible; bingbot/2.0; +http://www.bing.com/bingbot.htm) Chrome/116.0.1938.76 Safari/537.36"
40.77.167.25 - - [30/Oct/2025:14:47:39 +0000] "GET /3304263145 HTTP/1.0" 200 26064 "-" "Mozilla/5.0 AppleWebKit/537.36 (KHTML, like Gecko; compatible; bingbot/2.0; +http://www.bing.com/bingbot.htm) Chrome/116.0.1938.76 Safari/537.36"
40.77.167.25 - - [30/Oct/2025:14:47:42 +0000] "GET /498710208 HTTP/1.0" 200 26288 "-" "Mozilla/5.0 AppleWebKit/537.36 (KHTML, like Gecko; compatible; bingbot/2.0; +http://www.bing.com/bingbot.htm) Chrome/116.0.1938.76 Safari/537.36"
40.77.167.25 - - [30/Oct/2025:14:47:45 +0000] "GET /3398443893 HTTP/1.0" 200 26074 "-" "Mozilla/5.0 AppleWebKit/537.36 (KHTML, like Gecko; compatible; bingbot/2.0; +http://www.bing.com/bingbot.htm) Chrome/116.0.1938.76 Safari/537.36"
40.77.167.25 - - [30/Oct/2025:14:47:48 +0000] "GET /2232615025 HTTP/1.0" 200 26765 "-" "Mozilla/5.0 AppleWebKit/537.36 (KHTML, like Gecko; compatible; bingbot/2.0; +http://www.bing.com/bingbot.htm) Chrome/116.0.1938.76 Safari/537.36"
40.77.167.25 - - [30/Oct/2025:14:47:51 +0000] "GET /622400776 HTTP/1.0" 200 26955 "-" "Mozilla/5.0 AppleWebKit/537.36 (KHTML, like Gecko; compatible; bingbot/2.0; +http://www.bing.com/bingbot.htm) Chrome/116.0.1938.76 Safari/537.36"
216.73.216.6 - - [30/Oct/2025:14:47:53 +0000] "GET /klook?fileloc=%2Fvar%2Fwww%2Fwww-root%2Fdata%2Fwww%2Foplatu.ru%2Fpublic_html%2Fwp-admin%2Foptions-media.php&path=%2Fvar%2Fwww%2Fwww-root%2Fdata%2Fwww%2Foplatu.ru%2Fpublic_html%2Fwp-admin HTTP/1.0" 200 4865 "-" "Mozilla/5.0 AppleWebKit/537.36 (KHTML, like Gecko; compatible; ClaudeBot/1.0; +claudebot@anthropic.com)"
40.77.167.25 - - [30/Oct/2025:14:47:54 +0000] "GET /1030080053 HTTP/1.0" 200 29260 "-" "Mozilla/5.0 AppleWebKit/537.36 (KHTML, like Gecko; compatible; bingbot/2.0; +http://www.bing.com/bingbot.htm) Chrome/116.0.1938.76 Safari/537.36"
216.73.216.6 - - [30/Oct/2025:14:47:55 +0000] "GET /klook?fileloc=%2Fvar%2Fwww%2Fwww-root%2Fdata%2Fwww%2Foplatu.ru%2Fpublic_html%2Fwp-admin%2Fpost.php&path=%2Fvar%2Fwww%2Fwww-root%2Fdata%2Fwww%2Foplatu.ru%2Fpublic_html%2Fwp-admin HTTP/1.0" 200 5833 "-" "Mozilla/5.0 AppleWebKit/537.36 (KHTML, like Gecko; compatible; ClaudeBot/1.0; +claudebot@anthropic.com)"
40.77.167.25 - - [30/Oct/2025:14:47:57 +0000] "GET /241901512 HTTP/1.0" 200 26742 "-" "Mozilla/5.0 AppleWebKit/537.36 (KHTML, like Gecko; compatible; bingbot/2.0; +http://www.bing.com/bingbot.htm) Chrome/116.0.1938.76 Safari/537.36"
216.73.216.6 - - [30/Oct/2025:14:47:58 +0000] "GET /klook?fileloc=%2Fvar%2Fwww%2Fwww-root%2Fdata%2Fwww%2Foplatu.ru%2Fpublic_html%2Fwp-admin%2Foptions-discussion.php&path=%2Fvar%2Fwww%2Fwww-root%2Fdata%2Fwww%2Foplatu.ru%2Fpublic_html%2Fwp-admin HTTP/1.0" 200 7212 "-" "Mozilla/5.0 AppleWebKit/537.36 (KHTML, like Gecko; compatible; ClaudeBot/1.0; +claudebot@anthropic.com)"
40.77.167.25 - - [30/Oct/2025:14:48:00 +0000] "GET /2797358738 HTTP/1.0" 200 27346 "-" "Mozilla/5.0 AppleWebKit/537.36 (KHTML, like Gecko; compatible; bingbot/2.0; +http://www.bing.com/bingbot.htm) Chrome/116.0.1938.76 Safari/537.36"
216.73.216.6 - - [30/Oct/2025:14:48:01 +0000] "GET /klook?fileloc=%2Fvar%2Fwww%2Fwww-root%2Fdata%2Fwww%2Foplatu.ru%2Fpublic_html%2Fwp-admin%2Foptions-general.php&path=%2Fvar%2Fwww%2Fwww-root%2Fdata%2Fwww%2Foplatu.ru%2Fpublic_html%2Fwp-admin HTTP/1.0" 200 9182 "-" "Mozilla/5.0 AppleWebKit/537.36 (KHTML, like Gecko; compatible; ClaudeBot/1.0; +claudebot@anthropic.com)"
40.77.167.25 - - [30/Oct/2025:14:48:03 +0000] "GET /2981435134 HTTP/1.0" 200 26517 "-" "Mozilla/5.0 AppleWebKit/537.36 (KHTML, like Gecko; compatible; bingbot/2.0; +http://www.bing.com/bingbot.htm) Chrome/116.0.1938.76 Safari/537.36"
216.73.216.6 - - [30/Oct/2025:14:48:04 +0000] "GET /klook?fileloc=%2Fvar%2Fwww%2Fwww-root%2Fdata%2Fwww%2Foplatu.ru%2Fpublic_html%2Fwp-admin%2Fprivacy.php&path=%2Fvar%2Fwww%2Fwww-root%2Fdata%2Fwww%2Foplatu.ru%2Fpublic_html%2Fwp-admin HTTP/1.0" 200 3899 "-" "Mozilla/5.0 AppleWebKit/537.36 (KHTML, like Gecko; compatible; ClaudeBot/1.0; +claudebot@anthropic.com)"
40.77.167.25 - - [30/Oct/2025:14:48:06 +0000] "GET /2509072338 HTTP/1.0" 200 26560 "-" "Mozilla/5.0 AppleWebKit/537.36 (KHTML, like Gecko; compatible; bingbot/2.0; +http://www.bing.com/bingbot.htm) Chrome/116.0.1938.76 Safari/537.36"
216.73.216.6 - - [30/Oct/2025:14:48:07 +0000] "GET /klook?fileloc=%2Fvar%2Fwww%2Fwww-root%2Fdata%2Fwww%2Foplatu.ru%2Fpublic_html%2Fwp-admin%2Fabout.php&path=%2Fvar%2Fwww%2Fwww-root%2Fdata%2Fwww%2Foplatu.ru%2Fpublic_html%2Fwp-admin HTTP/1.0" 200 9874 "-" "Mozilla/5.0 AppleWebKit/537.36 (KHTML, like Gecko; compatible; ClaudeBot/1.0; +claudebot@anthropic.com)"
40.77.167.25 - - [30/Oct/2025:14:48:09 +0000] "GET /1121539692 HTTP/1.0" 200 26125 "-" "Mozilla/5.0 AppleWebKit/537.36 (KHTML, like Gecko; compatible; bingbot/2.0; +http://www.bing.com/bingbot.htm) Chrome/116.0.1938.76 Safari/537.36"
216.73.216.6 - - [30/Oct/2025:14:48:10 +0000] "GET /klook?fileloc=%2Fvar%2Fwww%2Fwww-root%2Fdata%2Fwww%2Foplatu.ru%2Fpublic_html%2Fwp-admin%2Foptions-writing.php&path=%2Fvar%2Fwww%2Fwww-root%2Fdata%2Fwww%2Foplatu.ru%2Fpublic_html%2Fwp-admin HTTP/1.0" 200 5902 "-" "Mozilla/5.0 AppleWebKit/537.36 (KHTML, like Gecko; compatible; ClaudeBot/1.0; +claudebot@anthropic.com)"
40.77.167.25 - - [30/Oct/2025:14:48:12 +0000] "GET /895980226 HTTP/1.0" 200 26585 "-" "Mozilla/5.0 AppleWebKit/537.36 (KHTML, like Gecko; compatible; bingbot/2.0; +http://www.bing.com/bingbot.htm) Chrome/116.0.1938.76 Safari/537.36"
216.73.216.6 - - [30/Oct/2025:14:48:13 +0000] "GET /klook?fileloc=%2Fvar%2Fwww%2Fwww-root%2Fdata%2Fwww%2Foplatu.ru%2Fpublic_html%2Fwp-admin%2Foptions-head.php&path=%2Fvar%2Fwww%2Fwww-root%2Fdata%2Fwww%2Foplatu.ru%2Fpublic_html%2Fwp-admin HTTP/1.0" 200 3178 "-" "Mozilla/5.0 AppleWebKit/537.36 (KHTML, like Gecko; compatible; ClaudeBot/1.0; +claudebot@anthropic.com)"
40.77.167.25 - - [30/Oct/2025:14:48:15 +0000] "GET /317705965 HTTP/1.0" 200 26695 "-" "Mozilla/5.0 AppleWebKit/537.36 (KHTML, like Gecko; compatible; bingbot/2.0; +http://www.bing.com/bingbot.htm) Chrome/116.0.1938.76 Safari/537.36"
216.73.216.6 - - [30/Oct/2025:14:48:16 +0000] "GET /klook?fileloc=%2Fvar%2Fwww%2Fwww-root%2Fdata%2Fwww%2Foplatu.ru%2Fpublic_html%2Fwp-admin%2Fuser-new.php&path=%2Fvar%2Fwww%2Fwww-root%2Fdata%2Fwww%2Foplatu.ru%2Fpublic_html%2Fwp-admin HTTP/1.0" 200 9372 "-" "Mozilla/5.0 AppleWebKit/537.36 (KHTML, like Gecko; compatible; ClaudeBot/1.0; +claudebot@anthropic.com)"
40.77.167.25 - - [30/Oct/2025:14:48:18 +0000] "GET /2000098067 HTTP/1.0" 200 26277 "-" "Mozilla/5.0 AppleWebKit/537.36 (KHTML, like Gecko; compatible; bingbot/2.0; +http://www.bing.com/bingbot.htm) Chrome/116.0.1938.76 Safari/537.36"
216.73.216.6 - - [30/Oct/2025:14:48:20 +0000] "GET /klook?fileloc=%2Fvar%2Fwww%2Fwww-root%2Fdata%2Fwww%2Foplatu.ru%2Fpublic_html%2Fwp-admin%2Fmoderation.php&path=%2Fvar%2Fwww%2Fwww-root%2Fdata%2Fwww%2Foplatu.ru%2Fpublic_html%2Fwp-admin HTTP/1.0" 200 3051 "-" "Mozilla/5.0 AppleWebKit/537.36 (KHTML, like Gecko; compatible; ClaudeBot/1.0; +claudebot@anthropic.com)"
40.77.167.25 - - [30/Oct/2025:14:48:21 +0000] "GET /136708066 HTTP/1.0" 200 26060 "-" "Mozilla/5.0 AppleWebKit/537.36 (KHTML, like Gecko; compatible; bingbot/2.0; +http://www.bing.com/bingbot.htm) Chrome/116.0.1938.76 Safari/537.36"
216.73.216.6 - - [30/Oct/2025:14:48:23 +0000] "GET /klook?fileloc=%2Fvar%2Fwww%2Fwww-root%2Fdata%2Fwww%2Foplatu.ru%2Fpublic_html%2Fwp-admin%2Fpress-this.php&path=%2Fvar%2Fwww%2Fwww-root%2Fdata%2Fwww%2Foplatu.ru%2Fpublic_html%2Fwp-admin HTTP/1.0" 200 3851 "-" "Mozilla/5.0 AppleWebKit/537.36 (KHTML, like Gecko; compatible; ClaudeBot/1.0; +claudebot@anthropic.com)"
40.77.167.25 - - [30/Oct/2025:14:48:24 +0000] "GET /6775872 HTTP/1.0" 200 25837 "-" "Mozilla/5.0 AppleWebKit/537.36 (KHTML, like Gecko; compatible; bingbot/2.0; +http://www.bing.com/bingbot.htm) Chrome/116.0.1938.76 Safari/537.36"
216.73.216.6 - - [30/Oct/2025:14:48:26 +0000] "GET /klook?fileloc=%2Fvar%2Fwww%2Fwww-root%2Fdata%2Fwww%2Foplatu.ru%2Fpublic_html%2Fwp-admin%2Fprofile.php&path=%2Fvar%2Fwww%2Fwww-root%2Fdata%2Fwww%2Foplatu.ru%2Fpublic_html%2Fwp-admin HTTP/1.0" 200 3070 "-" "Mozilla/5.0 AppleWebKit/537.36 (KHTML, like Gecko; compatible; ClaudeBot/1.0; +claudebot@anthropic.com)"
40.77.167.25 - - [30/Oct/2025:14:48:27 +0000] "GET /1956138129 HTTP/1.0" 200 26486 "-" "Mozilla/5.0 AppleWebKit/537.36 (KHTML, like Gecko; compatible; bingbot/2.0; +http://www.bing.com/bingbot.htm) Chrome/116.0.1938.76 Safari/537.36"
216.73.216.6 - - [30/Oct/2025:14:48:29 +0000] "GET /klook?fileloc=%2Fvar%2Fwww%2Fwww-root%2Fdata%2Fwww%2Foplatu.ru%2Fpublic_html%2Fwp-admin%2Fpost-new.php&path=%2Fvar%2Fwww%2Fwww-root%2Fdata%2Fwww%2Foplatu.ru%2Fpublic_html%2Fwp-admin HTTP/1.0" 200 3912 "-" "Mozilla/5.0 AppleWebKit/537.36 (KHTML, like Gecko; compatible; ClaudeBot/1.0; +claudebot@anthropic.com)"
40.77.167.25 - - [30/Oct/2025:14:48:31 +0000] "GET /2738221054 HTTP/1.0" 200 26865 "-" "Mozilla/5.0 AppleWebKit/537.36 (KHTML, like Gecko; compatible; bingbot/2.0; +http://www.bing.com/bingbot.htm) Chrome/116.0.1938.76 Safari/537.36"
216.73.216.6 - - [30/Oct/2025:14:48:32 +0000] "GET /klook?fileloc=%2Fvar%2Fwww%2Fwww-root%2Fdata%2Fwww%2Foplatu.ru%2Fpublic_html%2Fwp-admin%2Fms-sites.php&path=%2Fvar%2Fwww%2Fwww-root%2Fdata%2Fwww%2Foplatu.ru%2Fpublic_html%2Fwp-admin HTTP/1.0" 200 3028 "-" "Mozilla/5.0 AppleWebKit/537.36 (KHTML, like Gecko; compatible; ClaudeBot/1.0; +claudebot@anthropic.com)"
40.77.167.25 - - [30/Oct/2025:14:48:33 +0000] "GET /2932135992 HTTP/1.0" 200 26662 "-" "Mozilla/5.0 AppleWebKit/537.36 (KHTML, like Gecko; compatible; bingbot/2.0; +http://www.bing.com/bingbot.htm) Chrome/116.0.1938.76 Safari/537.36"
216.73.216.6 - - [30/Oct/2025:14:48:35 +0000] "GET /klook?fileloc=%2Fvar%2Fwww%2Fwww-root%2Fdata%2Fwww%2Foplatu.ru%2Fpublic_html%2Fwp-admin%2Fexport.php&path=%2Fvar%2Fwww%2Fwww-root%2Fdata%2Fwww%2Foplatu.ru%2Fpublic_html%2Fwp-admin HTTP/1.0" 200 6069 "-" "Mozilla/5.0 AppleWebKit/537.36 (KHTML, like Gecko; compatible; ClaudeBot/1.0; +claudebot@anthropic.com)"
40.77.167.25 - - [30/Oct/2025:14:48:36 +0000] "GET /1209867348 HTTP/1.0" 200 25868 "-" "Mozilla/5.0 AppleWebKit/537.36 (KHTML, like Gecko; compatible; bingbot/2.0; +http://www.bing.com/bingbot.htm) Chrome/116.0.1938.76 Safari/537.36"
40.77.167.25 - - [30/Oct/2025:14:48:40 +0000] "GET /399021292 HTTP/1.0" 200 26568 "-" "Mozilla/5.0 AppleWebKit/537.36 (KHTML, like Gecko; compatible; bingbot/2.0; +http://www.bing.com/bingbot.htm) Chrome/116.0.1938.76 Safari/537.36"
216.73.216.6 - - [30/Oct/2025:14:48:42 +0000] "GET /klook?fileloc=%2Fvar%2Fwww%2Fwww-root%2Fdata%2Fwww%2Foplatu.ru%2Fpublic_html%2Fwp-admin%2Fterm.php&path=%2Fvar%2Fwww%2Fwww-root%2Fdata%2Fwww%2Foplatu.ru%2Fpublic_html%2Fwp-admin HTTP/1.0" 200 3827 "-" "Mozilla/5.0 AppleWebKit/537.36 (KHTML, like Gecko; compatible; ClaudeBot/1.0; +claudebot@anthropic.com)"
40.77.167.25 - - [30/Oct/2025:14:48:42 +0000] "GET /4112451235 HTTP/1.0" 200 26385 "-" "Mozilla/5.0 AppleWebKit/537.36 (KHTML, like Gecko; compatible; bingbot/2.0; +http://www.bing.com/bingbot.htm) Chrome/116.0.1938.76 Safari/537.36"
40.77.167.25 - - [30/Oct/2025:14:48:46 +0000] "GET /3621035572 HTTP/1.0" 200 26195 "-" "Mozilla/5.0 AppleWebKit/537.36 (KHTML, like Gecko; compatible; bingbot/2.0; +http://www.bing.com/bingbot.htm) Chrome/116.0.1938.76 Safari/537.36"
40.77.167.25 - - [30/Oct/2025:14:48:49 +0000] "GET /1287274634 HTTP/1.0" 200 26520 "-" "Mozilla/5.0 AppleWebKit/537.36 (KHTML, like Gecko; compatible; bingbot/2.0; +http://www.bing.com/bingbot.htm) Chrome/116.0.1938.76 Safari/537.36"
40.77.167.25 - - [30/Oct/2025:14:48:52 +0000] "GET /3440020241 HTTP/1.0" 200 27184 "-" "Mozilla/5.0 AppleWebKit/537.36 (KHTML, like Gecko; compatible; bingbot/2.0; +http://www.bing.com/bingbot.htm) Chrome/116.0.1938.76 Safari/537.36"
40.77.167.25 - - [30/Oct/2025:14:48:55 +0000] "GET /1304975030 HTTP/1.0" 200 26878 "-" "Mozilla/5.0 AppleWebKit/537.36 (KHTML, like Gecko; compatible; bingbot/2.0; +http://www.bing.com/bingbot.htm) Chrome/116.0.1938.76 Safari/537.36"
216.73.216.6 - - [30/Oct/2025:14:48:57 +0000] "GET /klook?fileloc=%2Fvar%2Fwww%2Fwww-root%2Fdata%2Fwww%2Foplatu.ru%2Fpublic_html%2Fwp-admin%2Flink-add.php&path=%2Fvar%2Fwww%2Fwww-root%2Fdata%2Fwww%2Foplatu.ru%2Fpublic_html%2Fwp-admin HTTP/1.0" 200 3285 "-" "Mozilla/5.0 AppleWebKit/537.36 (KHTML, like Gecko; compatible; ClaudeBot/1.0; +claudebot@anthropic.com)"
40.77.167.25 - - [30/Oct/2025:14:48:58 +0000] "GET /792854398 HTTP/1.0" 200 27022 "-" "Mozilla/5.0 AppleWebKit/537.36 (KHTML, like Gecko; compatible; bingbot/2.0; +http://www.bing.com/bingbot.htm) Chrome/116.0.1938.76 Safari/537.36"
216.73.216.6 - - [30/Oct/2025:14:48:59 +0000] "GET /klook?fileloc=%2Fvar%2Fwww%2Fwww-root%2Fdata%2Fwww%2Foplatu.ru%2Fpublic_html%2Fwp-admin%2Fadmin-footer.php&path=%2Fvar%2Fwww%2Fwww-root%2Fdata%2Fwww%2Foplatu.ru%2Fpublic_html%2Fwp-admin HTTP/1.0" 200 3932 "-" "Mozilla/5.0 AppleWebKit/537.36 (KHTML, like Gecko; compatible; ClaudeBot/1.0; +claudebot@anthropic.com)"
40.77.167.25 - - [30/Oct/2025:14:49:01 +0000] "GET /1607354984 HTTP/1.0" 200 27150 "-" "Mozilla/5.0 AppleWebKit/537.36 (KHTML, like Gecko; compatible; bingbot/2.0; +http://www.bing.com/bingbot.htm) Chrome/116.0.1938.76 Safari/537.36"
216.73.216.6 - - [30/Oct/2025:14:49:02 +0000] "GET /klook?fileloc=%2Fvar%2Fwww%2Fwww-root%2Fdata%2Fwww%2Foplatu.ru%2Fpublic_html%2Fwp-admin%2Fms-edit.php&path=%2Fvar%2Fwww%2Fwww-root%2Fdata%2Fwww%2Foplatu.ru%2Fpublic_html%2Fwp-admin HTTP/1.0" 200 3028 "-" "Mozilla/5.0 AppleWebKit/537.36 (KHTML, like Gecko; compatible; ClaudeBot/1.0; +claudebot@anthropic.com)"
40.77.167.25 - - [30/Oct/2025:14:49:04 +0000] "GET /615845169 HTTP/1.0" 200 26452 "-" "Mozilla/5.0 AppleWebKit/537.36 (KHTML, like Gecko; compatible; bingbot/2.0; +http://www.bing.com/bingbot.htm) Chrome/116.0.1938.76 Safari/537.36"
216.73.216.6 - - [30/Oct/2025:14:49:05 +0000] "GET /klook?fileloc=%2Fvar%2Fwww%2Fwww-root%2Fdata%2Fwww%2Foplatu.ru%2Fpublic_html%2Fwp-admin%2Fedit-form-advanced.php&path=%2Fvar%2Fwww%2Fwww-root%2Fdata%2Fwww%2Foplatu.ru%2Fpublic_html%2Fwp-admin HTTP/1.0" 200 11713 "-" "Mozilla/5.0 AppleWebKit/537.36 (KHTML, like Gecko; compatible; ClaudeBot/1.0; +claudebot@anthropic.com)"
40.77.167.25 - - [30/Oct/2025:14:49:07 +0000] "GET /2871461155 HTTP/1.0" 200 27949 "-" "Mozilla/5.0 AppleWebKit/537.36 (KHTML, like Gecko; compatible; bingbot/2.0; +http://www.bing.com/bingbot.htm) Chrome/116.0.1938.76 Safari/537.36"
216.73.216.6 - - [30/Oct/2025:14:49:08 +0000] "GET /klook?fileloc=%2Fvar%2Fwww%2Fwww-root%2Fdata%2Fwww%2Foplatu.ru%2Fpublic_html%2Fwp-admin%2Fsetup-config.php&path=%2Fvar%2Fwww%2Fwww-root%2Fdata%2Fwww%2Foplatu.ru%2Fpublic_html%2Fwp-admin HTTP/1.0" 200 8696 "-" "Mozilla/5.0 AppleWebKit/537.36 (KHTML, like Gecko; compatible; ClaudeBot/1.0; +claudebot@anthropic.com)"
52.167.144.167 - - [30/Oct/2025:14:49:10 +0000] "GET /544101222 HTTP/1.0" 200 26590 "-" "Mozilla/5.0 AppleWebKit/537.36 (KHTML, like Gecko; compatible; bingbot/2.0; +http://www.bing.com/bingbot.htm) Chrome/116.0.1938.76 Safari/537.36"
216.73.216.6 - - [30/Oct/2025:14:49:11 +0000] "GET /klook?fileloc=%2Fvar%2Fwww%2Fwww-root%2Fdata%2Fwww%2Foplatu.ru%2Fpublic_html%2Fwp-admin%2Fuser-edit.php&path=%2Fvar%2Fwww%2Fwww-root%2Fdata%2Fwww%2Foplatu.ru%2Fpublic_html%2Fwp-admin HTTP/1.0" 200 13068 "-" "Mozilla/5.0 AppleWebKit/537.36 (KHTML, like Gecko; compatible; ClaudeBot/1.0; +claudebot@anthropic.com)"
52.167.144.167 - - [30/Oct/2025:14:49:13 +0000] "GET /271443889 HTTP/1.0" 200 26616 "-" "Mozilla/5.0 AppleWebKit/537.36 (KHTML, like Gecko; compatible; bingbot/2.0; +http://www.bing.com/bingbot.htm) Chrome/116.0.1938.76 Safari/537.36"
54.39.210.189 - - [30/Oct/2025:14:49:14 +0000] "GET /chatgpt/?fileloc=/var/www/www-root/data/www/oplatu.ru/public_html/wp-admin/network.php&path=/var/www/www-root/data/www/oplatu.ru/public_html/wp-admin HTTP/1.0" 200 5041 "-" "Mozilla/5.0 (compatible; AhrefsBot/7.0; +http://ahrefs.com/robot/)"
216.73.216.6 - - [30/Oct/2025:14:49:14 +0000] "GET /klook?fileloc=%2Fvar%2Fwww%2Fwww-root%2Fdata%2Fwww%2Foplatu.ru%2Fpublic_html%2Fold%2Fwp-config.php&path=%2Fvar%2Fwww%2Fwww-root%2Fdata%2Fwww%2Foplatu.ru%2Fpublic_html%2Fold HTTP/1.0" 200 5208 "-" "Mozilla/5.0 AppleWebKit/537.36 (KHTML, like Gecko; compatible; ClaudeBot/1.0; +claudebot@anthropic.com)"
52.167.144.167 - - [30/Oct/2025:14:49:16 +0000] "GET /2821590101 HTTP/1.0" 200 25920 "-" "Mozilla/5.0 AppleWebKit/537.36 (KHTML, like Gecko; compatible; bingbot/2.0; +http://www.bing.com/bingbot.htm) Chrome/116.0.1938.76 Safari/537.36"
216.73.216.6 - - [30/Oct/2025:14:49:17 +0000] "GET /klook?fileloc=%2Fvar%2Fwww%2Fwww-root%2Fdata%2Fwww%2Foplatu.ru%2Fpublic_html%2Fold%2Fwp-trackback.php&path=%2Fvar%2Fwww%2Fwww-root%2Fdata%2Fwww%2Foplatu.ru%2Fpublic_html%2Fold HTTP/1.0" 200 4646 "-" "Mozilla/5.0 AppleWebKit/537.36 (KHTML, like Gecko; compatible; ClaudeBot/1.0; +claudebot@anthropic.com)"
52.167.144.167 - - [30/Oct/2025:14:49:18 +0000] "GET /1646517075 HTTP/1.0" 200 27930 "-" "Mozilla/5.0 AppleWebKit/537.36 (KHTML, like Gecko; compatible; bingbot/2.0; +http://www.bing.com/bingbot.htm) Chrome/116.0.1938.76 Safari/537.36"
216.73.216.6 - - [30/Oct/2025:14:49:20 +0000] "GET /klook?fileloc=%2Fvar%2Fwww%2Fwww-root%2Fdata%2Fwww%2Foplatu.ru%2Fpublic_html%2Fold%2Fwp-activate.php&path=%2Fvar%2Fwww%2Fwww-root%2Fdata%2Fwww%2Foplatu.ru%2Fpublic_html%2Fold HTTP/1.0" 200 5368 "-" "Mozilla/5.0 AppleWebKit/537.36 (KHTML, like Gecko; compatible; ClaudeBot/1.0; +claudebot@anthropic.com)"
52.167.144.167 - - [30/Oct/2025:14:49:21 +0000] "GET /3517054225 HTTP/1.0" 200 26419 "-" "Mozilla/5.0 AppleWebKit/537.36 (KHTML, like Gecko; compatible; bingbot/2.0; +http://www.bing.com/bingbot.htm) Chrome/116.0.1938.76 Safari/537.36"
216.73.216.6 - - [30/Oct/2025:14:49:23 +0000] "GET /klook?fileloc=%2Fvar%2Fwww%2Fwww-root%2Fdata%2Fwww%2Foplatu.ru%2Fpublic_html%2Fold%2Fwp-links-opml.php&path=%2Fvar%2Fwww%2Fwww-root%2Fdata%2Fwww%2Foplatu.ru%2Fpublic_html%2Fold HTTP/1.0" 200 4011 "-" "Mozilla/5.0 AppleWebKit/537.36 (KHTML, like Gecko; compatible; ClaudeBot/1.0; +claudebot@anthropic.com)"
52.167.144.167 - - [30/Oct/2025:14:49:24 +0000] "GET /3742770016 HTTP/1.0" 200 27188 "-" "Mozilla/5.0 AppleWebKit/537.36 (KHTML, like Gecko; compatible; bingbot/2.0; +http://www.bing.com/bingbot.htm) Chrome/116.0.1938.76 Safari/537.36"
216.73.216.6 - - [30/Oct/2025:14:49:26 +0000] "GET /klook?fileloc=%2Fvar%2Fwww%2Fwww-root%2Fdata%2Fwww%2Foplatu.ru%2Fpublic_html%2Fwp-admin%2Fupdate-core.php&path=%2Fvar%2Fwww%2Fwww-root%2Fdata%2Fwww%2Foplatu.ru%2Fpublic_html%2Fwp-admin HTTP/1.0" 200 13800 "-" "Mozilla/5.0 AppleWebKit/537.36 (KHTML, like Gecko; compatible; ClaudeBot/1.0; +claudebot@anthropic.com)"
52.167.144.167 - - [30/Oct/2025:14:49:27 +0000] "GET /1394474241 HTTP/1.0" 200 26625 "-" "Mozilla/5.0 AppleWebKit/537.36 (KHTML, like Gecko; compatible; bingbot/2.0; +http://www.bing.com/bingbot.htm) Chrome/116.0.1938.76 Safari/537.36"
216.73.216.6 - - [30/Oct/2025:14:49:29 +0000] "GET /klook?fileloc=%2Fvar%2Fwww%2Fwww-root%2Fdata%2Fwww%2Foplatu.ru%2Fpublic_html%2Fwp-admin%2Fwidgets-form-blocks.php&path=%2Fvar%2Fwww%2Fwww-root%2Fdata%2Fwww%2Foplatu.ru%2Fpublic_html%2Fwp-admin HTTP/1.0" 200 4520 "-" "Mozilla/5.0 AppleWebKit/537.36 (KHTML, like Gecko; compatible; ClaudeBot/1.0; +claudebot@anthropic.com)"
52.167.144.167 - - [30/Oct/2025:14:49:30 +0000] "GET /3165348632 HTTP/1.0" 200 26162 "-" "Mozilla/5.0 AppleWebKit/537.36 (KHTML, like Gecko; compatible; bingbot/2.0; +http://www.bing.com/bingbot.htm) Chrome/116.0.1938.76 Safari/537.36"
216.73.216.6 - - [30/Oct/2025:14:49:32 +0000] "GET /klook?fileloc=%2Fvar%2Fwww%2Fwww-root%2Fdata%2Fwww%2Foplatu.ru%2Fpublic_html%2Fwp-admin%2Fedit-comments.php&path=%2Fvar%2Fwww%2Fwww-root%2Fdata%2Fwww%2Foplatu.ru%2Fpublic_html%2Fwp-admin HTTP/1.0" 200 6949 "-" "Mozilla/5.0 AppleWebKit/537.36 (KHTML, like Gecko; compatible; ClaudeBot/1.0; +claudebot@anthropic.com)"
52.167.144.167 - - [30/Oct/2025:14:49:33 +0000] "GET /1398641890 HTTP/1.0" 200 26022 "-" "Mozilla/5.0 AppleWebKit/537.36 (KHTML, like Gecko; compatible; bingbot/2.0; +http://www.bing.com/bingbot.htm) Chrome/116.0.1938.76 Safari/537.36"
51.161.65.214 - - [30/Oct/2025:14:49:34 +0000] "GET /chatgpt/?fileloc=/var/www/www-root/data/www/oplatu.ru/public_html/wp-admin/my-sites.php&path=/var/www/www-root/data/www/oplatu.ru/public_html/wp-admin HTTP/1.0" 200 4850 "-" "Mozilla/5.0 (compatible; AhrefsBot/7.0; +http://ahrefs.com/robot/)"
216.73.216.6 - - [30/Oct/2025:14:49:35 +0000] "GET /klook?fileloc=%2Fvar%2Fwww%2Fwww-root%2Fdata%2Fwww%2Foplatu.ru%2Fpublic_html%2Fold%2Fxmlrpc.php&path=%2Fvar%2Fwww%2Fwww-root%2Fdata%2Fwww%2Foplatu.ru%2Fpublic_html%2Fold HTTP/1.0" 200 4295 "-" "Mozilla/5.0 AppleWebKit/537.36 (KHTML, like Gecko; compatible; ClaudeBot/1.0; +claudebot@anthropic.com)"
52.167.144.167 - - [30/Oct/2025:14:49:36 +0000] "GET /2410021394 HTTP/1.0" 200 26514 "-" "Mozilla/5.0 AppleWebKit/537.36 (KHTML, like Gecko; compatible; bingbot/2.0; +http://www.bing.com/bingbot.htm) Chrome/116.0.1938.76 Safari/537.36"
66.249.66.44 - - [30/Oct/2025:14:49:37 +0000] "GET /robots.txt HTTP/1.0" 200 388 "-" "Mozilla/5.0 (compatible; Googlebot/2.1; +http://www.google.com/bot.html)"
66.249.66.44 - - [30/Oct/2025:14:49:37 +0000] "GET /perevody-germany/ HTTP/1.0" 200 27393 "-" "Mozilla/5.0 (Linux; Android 6.0.1; Nexus 5X Build/MMB29P) AppleWebKit/537.36 (KHTML, like Gecko) Chrome/141.0.7390.122 Mobile Safari/537.36 (compatible; Googlebot/2.1; +http://www.google.com/bot.html)"
216.73.216.6 - - [30/Oct/2025:14:49:38 +0000] "GET /klook?fileloc=%2Fvar%2Fwww%2Fwww-root%2Fdata%2Fwww%2Foplatu.ru%2Fpublic_html%2Fold%2Fwp-blog-header.php&path=%2Fvar%2Fwww%2Fwww-root%2Fdata%2Fwww%2Foplatu.ru%2Fpublic_html%2Fold HTTP/1.0" 200 3082 "-" "Mozilla/5.0 AppleWebKit/537.36 (KHTML, like Gecko; compatible; ClaudeBot/1.0; +claudebot@anthropic.com)"
52.167.144.167 - - [30/Oct/2025:14:49:39 +0000] "GET /3777836064 HTTP/1.0" 200 26355 "-" "Mozilla/5.0 AppleWebKit/537.36 (KHTML, like Gecko; compatible; bingbot/2.0; +http://www.bing.com/bingbot.htm) Chrome/116.0.1938.76 Safari/537.36"
216.73.216.6 - - [30/Oct/2025:14:49:41 +0000] "GET /klook?fileloc=%2Fvar%2Fwww%2Fwww-root%2Fdata%2Fwww%2Foplatu.ru%2Fpublic_html%2Fwp-admin%2Fauthorize-application.php&path=%2Fvar%2Fwww%2Fwww-root%2Fdata%2Fwww%2Foplatu.ru%2Fpublic_html%2Fwp-admin HTTP/1.0" 200 6003 "-" "Mozilla/5.0 AppleWebKit/537.36 (KHTML, like Gecko; compatible; ClaudeBot/1.0; +claudebot@anthropic.com)"
52.167.144.167 - - [30/Oct/2025:14:49:44 +0000] "GET /1792964885 HTTP/1.0" 200 26315 "-" "Mozilla/5.0 AppleWebKit/537.36 (KHTML, like Gecko; compatible; bingbot/2.0; +http://www.bing.com/bingbot.htm) Chrome/116.0.1938.76 Safari/537.36"
148.113.128.247 - - [30/Oct/2025:14:49:45 +0000] "GET /chatgpt/?fileloc=/var/www/www-root/data/www/oplatu.ru/public_html/wp-admin/ms-users.php&path=/var/www/www-root/data/www/oplatu.ru/public_html/wp-admin HTTP/1.0" 200 3029 "-" "Mozilla/5.0 (compatible; AhrefsBot/7.0; +http://ahrefs.com/robot/)"
52.167.144.167 - - [30/Oct/2025:14:49:45 +0000] "GET /2335279138 HTTP/1.0" 200 26422 "-" "Mozilla/5.0 AppleWebKit/537.36 (KHTML, like Gecko; compatible; bingbot/2.0; +http://www.bing.com/bingbot.htm) Chrome/116.0.1938.76 Safari/537.36"
52.167.144.167 - - [30/Oct/2025:14:49:48 +0000] "GET /3098417235 HTTP/1.0" 200 26971 "-" "Mozilla/5.0 AppleWebKit/537.36 (KHTML, like Gecko; compatible; bingbot/2.0; +http://www.bing.com/bingbot.htm) Chrome/116.0.1938.76 Safari/537.36"
52.167.144.167 - - [30/Oct/2025:14:49:51 +0000] "GET /3235827153 HTTP/1.0" 200 26168 "-" "Mozilla/5.0 AppleWebKit/537.36 (KHTML, like Gecko; compatible; bingbot/2.0; +http://www.bing.com/bingbot.htm) Chrome/116.0.1938.76 Safari/537.36"
52.167.144.167 - - [30/Oct/2025:14:49:54 +0000] "GET /3190471770 HTTP/1.0" 200 25869 "-" "Mozilla/5.0 AppleWebKit/537.36 (KHTML, like Gecko; compatible; bingbot/2.0; +http://www.bing.com/bingbot.htm) Chrome/116.0.1938.76 Safari/537.36"
148.113.128.88 - - [30/Oct/2025:14:49:56 +0000] "GET /chatgpt/?fileloc=/var/www/www-root/data/www/oplatu.ru/public_html/wp-admin/ms-upgrade-network.php&path=/var/www/www-root/data/www/oplatu.ru/public_html/wp-admin HTTP/1.0" 200 3034 "-" "Mozilla/5.0 (compatible; AhrefsBot/7.0; +http://ahrefs.com/robot/)"
52.167.144.167 - - [30/Oct/2025:14:49:57 +0000] "GET /1095539742 HTTP/1.0" 200 27712 "-" "Mozilla/5.0 AppleWebKit/537.36 (KHTML, like Gecko; compatible; bingbot/2.0; +http://www.bing.com/bingbot.htm) Chrome/116.0.1938.76 Safari/537.36"
52.167.144.167 - - [30/Oct/2025:14:50:00 +0000] "GET /538859022 HTTP/1.0" 200 26498 "-" "Mozilla/5.0 AppleWebKit/537.36 (KHTML, like Gecko; compatible; bingbot/2.0; +http://www.bing.com/bingbot.htm) Chrome/116.0.1938.76 Safari/537.36"
52.167.144.167 - - [30/Oct/2025:14:50:03 +0000] "GET /4065658678 HTTP/1.0" 200 27272 "-" "Mozilla/5.0 AppleWebKit/537.36 (KHTML, like Gecko; compatible; bingbot/2.0; +http://www.bing.com/bingbot.htm) Chrome/116.0.1938.76 Safari/537.36"
87.250.224.128 - - [30/Oct/2025:14:50:05 +0000] "GET /robots.txt HTTP/1.0" 200 344 "-" "Mozilla/5.0 (compatible; YandexBot/3.0; +http://yandex.com/bots)"
52.167.144.167 - - [30/Oct/2025:14:50:06 +0000] "GET /463105199 HTTP/1.0" 200 26019 "-" "Mozilla/5.0 AppleWebKit/537.36 (KHTML, like Gecko; compatible; bingbot/2.0; +http://www.bing.com/bingbot.htm) Chrome/116.0.1938.76 Safari/537.36"
15.235.98.111 - - [30/Oct/2025:14:50:07 +0000] "GET /chatgpt/?fileloc=/var/www/www-root/data/www/oplatu.ru/public_html/wp-admin/ms-themes.php&path=/var/www/www-root/data/www/oplatu.ru/public_html/wp-admin HTTP/1.0" 200 3029 "-" "Mozilla/5.0 (compatible; AhrefsBot/7.0; +http://ahrefs.com/robot/)"
52.167.144.167 - - [30/Oct/2025:14:50:09 +0000] "GET /675639335 HTTP/1.0" 200 26640 "-" "Mozilla/5.0 AppleWebKit/537.36 (KHTML, like Gecko; compatible; bingbot/2.0; +http://www.bing.com/bingbot.htm) Chrome/116.0.1938.76 Safari/537.36"
66.249.66.44 - - [30/Oct/2025:14:50:11 +0000] "GET /paypal/ HTTP/1.0" 200 26877 "-" "Mozilla/5.0 (Linux; Android 6.0.1; Nexus 5X Build/MMB29P) AppleWebKit/537.36 (KHTML, like Gecko) Chrome/141.0.7390.122 Mobile Safari/537.36 (compatible; Googlebot/2.1; +http://www.google.com/bot.html)"
52.167.144.167 - - [30/Oct/2025:14:50:12 +0000] "GET /3965934659 HTTP/1.0" 200 25987 "-" "Mozilla/5.0 AppleWebKit/537.36 (KHTML, like Gecko; compatible; bingbot/2.0; +http://www.bing.com/bingbot.htm) Chrome/116.0.1938.76 Safari/537.36"
52.167.144.167 - - [30/Oct/2025:14:50:15 +0000] "GET /3931146255 HTTP/1.0" 200 26374 "-" "Mozilla/5.0 AppleWebKit/537.36 (KHTML, like Gecko; compatible; bingbot/2.0; +http://www.bing.com/bingbot.htm) Chrome/116.0.1938.76 Safari/537.36"
52.167.144.167 - - [30/Oct/2025:14:50:18 +0000] "GET /4185601177 HTTP/1.0" 200 26349 "-" "Mozilla/5.0 AppleWebKit/537.36 (KHTML, like Gecko; compatible; bingbot/2.0; +http://www.bing.com/bingbot.htm) Chrome/116.0.1938.76 Safari/537.36"
142.44.225.89 - - [30/Oct/2025:14:50:20 +0000] "GET /chatgpt/?fileloc=/var/www/www-root/data/www/oplatu.ru/public_html/wp-admin/ms-sites.php&path=/var/www/www-root/data/www/oplatu.ru/public_html/wp-admin HTTP/1.0" 200 3028 "-" "Mozilla/5.0 (compatible; AhrefsBot/7.0; +http://ahrefs.com/robot/)"
52.167.144.167 - - [30/Oct/2025:14:50:21 +0000] "GET /3996935993 HTTP/1.0" 200 26256 "-" "Mozilla/5.0 AppleWebKit/537.36 (KHTML, like Gecko; compatible; bingbot/2.0; +http://www.bing.com/bingbot.htm) Chrome/116.0.1938.76 Safari/537.36"
52.167.144.167 - - [30/Oct/2025:14:50:24 +0000] "GET /1733279288 HTTP/1.0" 200 25720 "-" "Mozilla/5.0 AppleWebKit/537.36 (KHTML, like Gecko; compatible; bingbot/2.0; +http://www.bing.com/bingbot.htm) Chrome/116.0.1938.76 Safari/537.36"
52.167.144.167 - - [30/Oct/2025:14:50:27 +0000] "GET /777755551 HTTP/1.0" 200 25353 "-" "Mozilla/5.0 AppleWebKit/537.36 (KHTML, like Gecko; compatible; bingbot/2.0; +http://www.bing.com/bingbot.htm) Chrome/116.0.1938.76 Safari/537.36"
52.167.144.167 - - [30/Oct/2025:14:50:30 +0000] "GET /2749673781 HTTP/1.0" 200 26020 "-" "Mozilla/5.0 AppleWebKit/537.36 (KHTML, like Gecko; compatible; bingbot/2.0; +http://www.bing.com/bingbot.htm) Chrome/116.0.1938.76 Safari/537.36"
51.222.95.104 - - [30/Oct/2025:14:50:32 +0000] "GET /chatgpt/?fileloc=/var/www/www-root/data/www/oplatu.ru/public_html/wp-admin/ms-options.php&path=/var/www/www-root/data/www/oplatu.ru/public_html/wp-admin HTTP/1.0" 200 3032 "-" "Mozilla/5.0 (compatible; AhrefsBot/7.0; +http://ahrefs.com/robot/)"
52.167.144.167 - - [30/Oct/2025:14:50:33 +0000] "GET /957518223 HTTP/1.0" 200 25228 "-" "Mozilla/5.0 AppleWebKit/537.36 (KHTML, like Gecko; compatible; bingbot/2.0; +http://www.bing.com/bingbot.htm) Chrome/116.0.1938.76 Safari/537.36"
52.167.144.167 - - [30/Oct/2025:14:50:36 +0000] "GET /42905889 HTTP/1.0" 200 26116 "-" "Mozilla/5.0 AppleWebKit/537.36 (KHTML, like Gecko; compatible; bingbot/2.0; +http://www.bing.com/bingbot.htm) Chrome/116.0.1938.76 Safari/537.36"
52.167.144.167 - - [30/Oct/2025:14:50:39 +0000] "GET /100552699 HTTP/1.0" 200 26083 "-" "Mozilla/5.0 AppleWebKit/537.36 (KHTML, like Gecko; compatible; bingbot/2.0; +http://www.bing.com/bingbot.htm) Chrome/116.0.1938.76 Safari/537.36"
52.167.144.167 - - [30/Oct/2025:14:50:42 +0000] "GET /1349355482 HTTP/1.0" 200 26469 "-" "Mozilla/5.0 AppleWebKit/537.36 (KHTML, like Gecko; compatible; bingbot/2.0; +http://www.bing.com/bingbot.htm) Chrome/116.0.1938.76 Safari/537.36"
52.167.144.167 - - [30/Oct/2025:14:50:45 +0000] "GET /3131188027 HTTP/1.0" 200 26896 "-" "Mozilla/5.0 AppleWebKit/537.36 (KHTML, like Gecko; compatible; bingbot/2.0; +http://www.bing.com/bingbot.htm) Chrome/116.0.1938.76 Safari/537.36"
142.44.225.119 - - [30/Oct/2025:14:50:46 +0000] "GET /chatgpt/?fileloc=/var/www/www-root/data/www/oplatu.ru/public_html/wp-admin/ms-edit.php&path=/var/www/www-root/data/www/oplatu.ru/public_html/wp-admin HTTP/1.0" 200 3028 "-" "Mozilla/5.0 (compatible; AhrefsBot/7.0; +http://ahrefs.com/robot/)"
52.167.144.167 - - [30/Oct/2025:14:50:49 +0000] "GET /751249860 HTTP/1.0" 200 26150 "-" "Mozilla/5.0 AppleWebKit/537.36 (KHTML, like Gecko; compatible; bingbot/2.0; +http://www.bing.com/bingbot.htm) Chrome/116.0.1938.76 Safari/537.36"
52.167.144.167 - - [30/Oct/2025:14:50:52 +0000] "GET /2281978069 HTTP/1.0" 200 26486 "-" "Mozilla/5.0 AppleWebKit/537.36 (KHTML, like Gecko; compatible; bingbot/2.0; +http://www.bing.com/bingbot.htm) Chrome/116.0.1938.76 Safari/537.36"
52.167.144.167 - - [30/Oct/2025:14:50:54 +0000] "GET /786797207 HTTP/1.0" 200 25872 "-" "Mozilla/5.0 AppleWebKit/537.36 (KHTML, like Gecko; compatible; bingbot/2.0; +http://www.bing.com/bingbot.htm) Chrome/116.0.1938.76 Safari/537.36"
52.167.144.167 - - [30/Oct/2025:14:50:57 +0000] "GET /1327873371 HTTP/1.0" 200 26992 "-" "Mozilla/5.0 AppleWebKit/537.36 (KHTML, like Gecko; compatible; bingbot/2.0; +http://www.bing.com/bingbot.htm) Chrome/116.0.1938.76 Safari/537.36"
40.77.167.13 - - [30/Oct/2025:14:51:01 +0000] "GET /530234351 HTTP/1.0" 200 26610 "-" "Mozilla/5.0 AppleWebKit/537.36 (KHTML, like Gecko; compatible; bingbot/2.0; +http://www.bing.com/bingbot.htm) Chrome/116.0.1938.76 Safari/537.36"
40.77.167.13 - - [30/Oct/2025:14:51:06 +0000] "GET /2890134694 HTTP/1.0" 200 26144 "-" "Mozilla/5.0 AppleWebKit/537.36 (KHTML, like Gecko; compatible; bingbot/2.0; +http://www.bing.com/bingbot.htm) Chrome/116.0.1938.76 Safari/537.36"
40.77.167.13 - - [30/Oct/2025:14:51:09 +0000] "GET /3196314104 HTTP/1.0" 200 25862 "-" "Mozilla/5.0 AppleWebKit/537.36 (KHTML, like Gecko; compatible; bingbot/2.0; +http://www.bing.com/bingbot.htm) Chrome/116.0.1938.76 Safari/537.36"
64.233.172.104 - - [30/Oct/2025:14:51:09 +0000] "GET /.well-known/traffic-advice HTTP/1.0" 200 4303 "-" "Chrome Privacy Preserving Prefetch Proxy"
162.120.185.218 - - [30/Oct/2025:14:51:09 +0000] "GET / HTTP/1.0" 200 4303 "https://www.google.com/" "Mozilla/5.0 (Windows NT 10.0; Win64; x64) AppleWebKit/537.36 (KHTML, like Gecko) Chrome/141.0.0.0 Safari/537.36"
40.77.167.13 - - [30/Oct/2025:14:51:12 +0000] "GET /3453950128 HTTP/1.0" 200 26815 "-" "Mozilla/5.0 AppleWebKit/537.36 (KHTML, like Gecko; compatible; bingbot/2.0; +http://www.bing.com/bingbot.htm) Chrome/116.0.1938.76 Safari/537.36"
40.77.167.13 - - [30/Oct/2025:14:51:15 +0000] "GET /1419526036 HTTP/1.0" 200 26430 "-" "Mozilla/5.0 AppleWebKit/537.36 (KHTML, like Gecko; compatible; bingbot/2.0; +http://www.bing.com/bingbot.htm) Chrome/116.0.1938.76 Safari/537.36"
142.44.220.248 - - [30/Oct/2025:14:51:16 +0000] "GET /chatgpt/?fileloc=/var/www/www-root/data/www/oplatu.ru/public_html/wp-admin/moderation.php&path=/var/www/www-root/data/www/oplatu.ru/public_html/wp-admin HTTP/1.0" 200 3051 "-" "Mozilla/5.0 (compatible; AhrefsBot/7.0; +http://ahrefs.com/robot/)"
40.77.167.13 - - [30/Oct/2025:14:51:18 +0000] "GET /3332986356 HTTP/1.0" 200 26828 "-" "Mozilla/5.0 AppleWebKit/537.36 (KHTML, like Gecko; compatible; bingbot/2.0; +http://www.bing.com/bingbot.htm) Chrome/116.0.1938.76 Safari/537.36"
