40.77.167.224 - - [30/Oct/2025:13:05:08 +0000] "GET /2658388636 HTTP/1.0" 200 25709 "-" "Mozilla/5.0 AppleWebKit/537.36 (KHTML, like Gecko; compatible; bingbot/2.0; +http://www.bing.com/bingbot.htm) Chrome/116.0.1938.76 Safari/537.36"
40.77.167.224 - - [30/Oct/2025:13:05:11 +0000] "GET /4010468740 HTTP/1.0" 200 28328 "-" "Mozilla/5.0 AppleWebKit/537.36 (KHTML, like Gecko; compatible; bingbot/2.0; +http://www.bing.com/bingbot.htm) Chrome/116.0.1938.76 Safari/537.36"
40.77.167.224 - - [30/Oct/2025:13:05:14 +0000] "GET /2814990368 HTTP/1.0" 200 26909 "-" "Mozilla/5.0 AppleWebKit/537.36 (KHTML, like Gecko; compatible; bingbot/2.0; +http://www.bing.com/bingbot.htm) Chrome/116.0.1938.76 Safari/537.36"
40.77.167.224 - - [30/Oct/2025:13:05:17 +0000] "GET /3107337211 HTTP/1.0" 200 26064 "-" "Mozilla/5.0 AppleWebKit/537.36 (KHTML, like Gecko; compatible; bingbot/2.0; +http://www.bing.com/bingbot.htm) Chrome/116.0.1938.76 Safari/537.36"
40.77.167.224 - - [30/Oct/2025:13:05:20 +0000] "GET /2714970340 HTTP/1.0" 200 26648 "-" "Mozilla/5.0 AppleWebKit/537.36 (KHTML, like Gecko; compatible; bingbot/2.0; +http://www.bing.com/bingbot.htm) Chrome/116.0.1938.76 Safari/537.36"
40.77.167.224 - - [30/Oct/2025:13:05:23 +0000] "GET /221006246 HTTP/1.0" 200 29024 "-" "Mozilla/5.0 AppleWebKit/537.36 (KHTML, like Gecko; compatible; bingbot/2.0; +http://www.bing.com/bingbot.htm) Chrome/116.0.1938.76 Safari/537.36"
40.77.167.224 - - [30/Oct/2025:13:05:26 +0000] "GET /3329815981 HTTP/1.0" 200 27248 "-" "Mozilla/5.0 AppleWebKit/537.36 (KHTML, like Gecko; compatible; bingbot/2.0; +http://www.bing.com/bingbot.htm) Chrome/116.0.1938.76 Safari/537.36"
40.77.167.224 - - [30/Oct/2025:13:05:29 +0000] "GET /2941966996 HTTP/1.0" 200 25672 "-" "Mozilla/5.0 AppleWebKit/537.36 (KHTML, like Gecko; compatible; bingbot/2.0; +http://www.bing.com/bingbot.htm) Chrome/116.0.1938.76 Safari/537.36"
40.77.167.224 - - [30/Oct/2025:13:05:32 +0000] "GET /3454251183 HTTP/1.0" 200 26253 "-" "Mozilla/5.0 AppleWebKit/537.36 (KHTML, like Gecko; compatible; bingbot/2.0; +http://www.bing.com/bingbot.htm) Chrome/116.0.1938.76 Safari/537.36"
40.77.167.224 - - [30/Oct/2025:13:05:35 +0000] "GET /1968924683 HTTP/1.0" 200 26349 "-" "Mozilla/5.0 AppleWebKit/537.36 (KHTML, like Gecko; compatible; bingbot/2.0; +http://www.bing.com/bingbot.htm) Chrome/116.0.1938.76 Safari/537.36"
40.77.167.224 - - [30/Oct/2025:13:05:38 +0000] "GET /3340668242 HTTP/1.0" 200 26654 "-" "Mozilla/5.0 AppleWebKit/537.36 (KHTML, like Gecko; compatible; bingbot/2.0; +http://www.bing.com/bingbot.htm) Chrome/116.0.1938.76 Safari/537.36"
40.77.167.224 - - [30/Oct/2025:13:05:41 +0000] "GET /1352242266 HTTP/1.0" 200 26937 "-" "Mozilla/5.0 AppleWebKit/537.36 (KHTML, like Gecko; compatible; bingbot/2.0; +http://www.bing.com/bingbot.htm) Chrome/116.0.1938.76 Safari/537.36"
40.77.167.224 - - [30/Oct/2025:13:05:44 +0000] "GET /2944391194 HTTP/1.0" 200 26767 "-" "Mozilla/5.0 AppleWebKit/537.36 (KHTML, like Gecko; compatible; bingbot/2.0; +http://www.bing.com/bingbot.htm) Chrome/116.0.1938.76 Safari/537.36"
40.77.167.224 - - [30/Oct/2025:13:05:47 +0000] "GET /1751455136 HTTP/1.0" 200 26166 "-" "Mozilla/5.0 AppleWebKit/537.36 (KHTML, like Gecko; compatible; bingbot/2.0; +http://www.bing.com/bingbot.htm) Chrome/116.0.1938.76 Safari/537.36"
40.77.167.224 - - [30/Oct/2025:13:05:50 +0000] "GET /2265239348 HTTP/1.0" 200 27094 "-" "Mozilla/5.0 AppleWebKit/537.36 (KHTML, like Gecko; compatible; bingbot/2.0; +http://www.bing.com/bingbot.htm) Chrome/116.0.1938.76 Safari/537.36"
40.77.167.224 - - [30/Oct/2025:13:05:53 +0000] "GET /1937566246 HTTP/1.0" 200 26107 "-" "Mozilla/5.0 AppleWebKit/537.36 (KHTML, like Gecko; compatible; bingbot/2.0; +http://www.bing.com/bingbot.htm) Chrome/116.0.1938.76 Safari/537.36"
40.77.167.224 - - [30/Oct/2025:13:05:56 +0000] "GET /2562904086 HTTP/1.0" 200 26638 "-" "Mozilla/5.0 AppleWebKit/537.36 (KHTML, like Gecko; compatible; bingbot/2.0; +http://www.bing.com/bingbot.htm) Chrome/116.0.1938.76 Safari/537.36"
40.77.167.224 - - [30/Oct/2025:13:05:59 +0000] "GET /2846183399 HTTP/1.0" 200 26107 "-" "Mozilla/5.0 AppleWebKit/537.36 (KHTML, like Gecko; compatible; bingbot/2.0; +http://www.bing.com/bingbot.htm) Chrome/116.0.1938.76 Safari/537.36"
40.77.167.224 - - [30/Oct/2025:13:06:02 +0000] "GET /4100257902 HTTP/1.0" 200 26227 "-" "Mozilla/5.0 AppleWebKit/537.36 (KHTML, like Gecko; compatible; bingbot/2.0; +http://www.bing.com/bingbot.htm) Chrome/116.0.1938.76 Safari/537.36"
40.77.167.224 - - [30/Oct/2025:13:06:05 +0000] "GET /4275927717 HTTP/1.0" 200 26511 "-" "Mozilla/5.0 AppleWebKit/537.36 (KHTML, like Gecko; compatible; bingbot/2.0; +http://www.bing.com/bingbot.htm) Chrome/116.0.1938.76 Safari/537.36"
40.77.167.224 - - [30/Oct/2025:13:06:08 +0000] "GET /1882393131 HTTP/1.0" 200 27216 "-" "Mozilla/5.0 AppleWebKit/537.36 (KHTML, like Gecko; compatible; bingbot/2.0; +http://www.bing.com/bingbot.htm) Chrome/116.0.1938.76 Safari/537.36"
40.77.167.224 - - [30/Oct/2025:13:06:12 +0000] "GET /353842310 HTTP/1.0" 200 26273 "-" "Mozilla/5.0 AppleWebKit/537.36 (KHTML, like Gecko; compatible; bingbot/2.0; +http://www.bing.com/bingbot.htm) Chrome/116.0.1938.76 Safari/537.36"
40.77.167.224 - - [30/Oct/2025:13:06:14 +0000] "GET /4145084495 HTTP/1.0" 200 26308 "-" "Mozilla/5.0 AppleWebKit/537.36 (KHTML, like Gecko; compatible; bingbot/2.0; +http://www.bing.com/bingbot.htm) Chrome/116.0.1938.76 Safari/537.36"
40.77.167.224 - - [30/Oct/2025:13:06:18 +0000] "GET /3875664151 HTTP/1.0" 200 26658 "-" "Mozilla/5.0 AppleWebKit/537.36 (KHTML, like Gecko; compatible; bingbot/2.0; +http://www.bing.com/bingbot.htm) Chrome/116.0.1938.76 Safari/537.36"
40.77.167.224 - - [30/Oct/2025:13:06:20 +0000] "GET /1043336240 HTTP/1.0" 200 26243 "-" "Mozilla/5.0 AppleWebKit/537.36 (KHTML, like Gecko; compatible; bingbot/2.0; +http://www.bing.com/bingbot.htm) Chrome/116.0.1938.76 Safari/537.36"
40.77.167.224 - - [30/Oct/2025:13:06:24 +0000] "GET /2658749552 HTTP/1.0" 200 26800 "-" "Mozilla/5.0 AppleWebKit/537.36 (KHTML, like Gecko; compatible; bingbot/2.0; +http://www.bing.com/bingbot.htm) Chrome/116.0.1938.76 Safari/537.36"
40.77.167.224 - - [30/Oct/2025:13:06:26 +0000] "GET /181035833 HTTP/1.0" 200 26080 "-" "Mozilla/5.0 AppleWebKit/537.36 (KHTML, like Gecko; compatible; bingbot/2.0; +http://www.bing.com/bingbot.htm) Chrome/116.0.1938.76 Safari/537.36"
40.77.167.224 - - [30/Oct/2025:13:06:30 +0000] "GET /1863333194 HTTP/1.0" 200 26644 "-" "Mozilla/5.0 AppleWebKit/537.36 (KHTML, like Gecko; compatible; bingbot/2.0; +http://www.bing.com/bingbot.htm) Chrome/116.0.1938.76 Safari/537.36"
40.77.167.27 - - [30/Oct/2025:13:06:33 +0000] "GET /4097078952 HTTP/1.0" 200 26143 "-" "Mozilla/5.0 AppleWebKit/537.36 (KHTML, like Gecko; compatible; bingbot/2.0; +http://www.bing.com/bingbot.htm) Chrome/116.0.1938.76 Safari/537.36"
40.77.167.27 - - [30/Oct/2025:13:06:35 +0000] "GET /4256966744 HTTP/1.0" 200 26001 "-" "Mozilla/5.0 AppleWebKit/537.36 (KHTML, like Gecko; compatible; bingbot/2.0; +http://www.bing.com/bingbot.htm) Chrome/116.0.1938.76 Safari/537.36"
40.77.167.27 - - [30/Oct/2025:13:06:41 +0000] "GET /3436514547 HTTP/1.0" 200 25894 "-" "Mozilla/5.0 AppleWebKit/537.36 (KHTML, like Gecko; compatible; bingbot/2.0; +http://www.bing.com/bingbot.htm) Chrome/116.0.1938.76 Safari/537.36"
40.77.167.27 - - [30/Oct/2025:13:06:42 +0000] "GET /1493834783 HTTP/1.0" 200 26840 "-" "Mozilla/5.0 AppleWebKit/537.36 (KHTML, like Gecko; compatible; bingbot/2.0; +http://www.bing.com/bingbot.htm) Chrome/116.0.1938.76 Safari/537.36"
142.44.233.28 - - [30/Oct/2025:13:06:44 +0000] "GET /perevod-deneg-iz-rossii-v-evropu/?fileloc=/var/www/www-root/data/www/oplatu.ru/public_html/wp-content/advanced-cache.php&path=/var/www/www-root/data/www/oplatu.ru/public_html/wp-content HTTP/1.0" 200 2894 "-" "Mozilla/5.0 (compatible; AhrefsBot/7.0; +http://ahrefs.com/robot/)"
40.77.167.27 - - [30/Oct/2025:13:06:45 +0000] "GET /3697281452 HTTP/1.0" 200 26133 "-" "Mozilla/5.0 AppleWebKit/537.36 (KHTML, like Gecko; compatible; bingbot/2.0; +http://www.bing.com/bingbot.htm) Chrome/116.0.1938.76 Safari/537.36"
40.77.167.27 - - [30/Oct/2025:13:06:48 +0000] "GET /4004342815 HTTP/1.0" 200 27377 "-" "Mozilla/5.0 AppleWebKit/537.36 (KHTML, like Gecko; compatible; bingbot/2.0; +http://www.bing.com/bingbot.htm) Chrome/116.0.1938.76 Safari/537.36"
40.77.167.27 - - [30/Oct/2025:13:06:51 +0000] "GET /2188083127 HTTP/1.0" 200 25796 "-" "Mozilla/5.0 AppleWebKit/537.36 (KHTML, like Gecko; compatible; bingbot/2.0; +http://www.bing.com/bingbot.htm) Chrome/116.0.1938.76 Safari/537.36"
40.77.167.27 - - [30/Oct/2025:13:06:54 +0000] "GET /637692926 HTTP/1.0" 200 26044 "-" "Mozilla/5.0 AppleWebKit/537.36 (KHTML, like Gecko; compatible; bingbot/2.0; +http://www.bing.com/bingbot.htm) Chrome/116.0.1938.76 Safari/537.36"
142.44.225.16 - - [30/Oct/2025:13:06:55 +0000] "GET /perevod-deneg-iz-rossii-v-evropu/?fileloc=/var/www/www-root/data/www/oplatu.ru/public_html/wp-content/.htaccess&path=/var/www/www-root/data/www/oplatu.ru/public_html/wp-content HTTP/1.0" 200 2979 "-" "Mozilla/5.0 (compatible; AhrefsBot/7.0; +http://ahrefs.com/robot/)"
40.77.167.27 - - [30/Oct/2025:13:06:57 +0000] "GET /4007951793 HTTP/1.0" 200 26029 "-" "Mozilla/5.0 AppleWebKit/537.36 (KHTML, like Gecko; compatible; bingbot/2.0; +http://www.bing.com/bingbot.htm) Chrome/116.0.1938.76 Safari/537.36"
40.77.167.27 - - [30/Oct/2025:13:07:00 +0000] "GET /2989234232 HTTP/1.0" 200 29435 "-" "Mozilla/5.0 AppleWebKit/537.36 (KHTML, like Gecko; compatible; bingbot/2.0; +http://www.bing.com/bingbot.htm) Chrome/116.0.1938.76 Safari/537.36"
20.15.133.184 - - [30/Oct/2025:13:07:02 +0000] "GET /1908712432 HTTP/1.0" 200 26101 "-" "Mozilla/5.0 AppleWebKit/537.36 (KHTML, like Gecko; compatible; bingbot/2.0; +http://www.bing.com/bingbot.htm) Chrome/116.0.1938.76 Safari/537.36"
40.77.167.27 - - [30/Oct/2025:13:07:04 +0000] "GET /3238713937 HTTP/1.0" 200 26604 "-" "Mozilla/5.0 AppleWebKit/537.36 (KHTML, like Gecko; compatible; bingbot/2.0; +http://www.bing.com/bingbot.htm) Chrome/116.0.1938.76 Safari/537.36"
40.77.167.27 - - [30/Oct/2025:13:07:05 +0000] "GET /3279082345 HTTP/1.0" 200 27017 "-" "Mozilla/5.0 AppleWebKit/537.36 (KHTML, like Gecko; compatible; bingbot/2.0; +http://www.bing.com/bingbot.htm) Chrome/116.0.1938.76 Safari/537.36"
40.77.167.27 - - [30/Oct/2025:13:07:09 +0000] "GET /32348964 HTTP/1.0" 200 26761 "-" "Mozilla/5.0 AppleWebKit/537.36 (KHTML, like Gecko; compatible; bingbot/2.0; +http://www.bing.com/bingbot.htm) Chrome/116.0.1938.76 Safari/537.36"
40.77.167.27 - - [30/Oct/2025:13:07:11 +0000] "GET /1975841584 HTTP/1.0" 200 27961 "-" "Mozilla/5.0 AppleWebKit/537.36 (KHTML, like Gecko; compatible; bingbot/2.0; +http://www.bing.com/bingbot.htm) Chrome/116.0.1938.76 Safari/537.36"
40.77.167.27 - - [30/Oct/2025:13:07:14 +0000] "GET /4145574400 HTTP/1.0" 200 25891 "-" "Mozilla/5.0 AppleWebKit/537.36 (KHTML, like Gecko; compatible; bingbot/2.0; +http://www.bing.com/bingbot.htm) Chrome/116.0.1938.76 Safari/537.36"
40.77.167.27 - - [30/Oct/2025:13:07:17 +0000] "GET /4216437676 HTTP/1.0" 200 26798 "-" "Mozilla/5.0 AppleWebKit/537.36 (KHTML, like Gecko; compatible; bingbot/2.0; +http://www.bing.com/bingbot.htm) Chrome/116.0.1938.76 Safari/537.36"
40.77.167.27 - - [30/Oct/2025:13:07:20 +0000] "GET /3139471645 HTTP/1.0" 200 26061 "-" "Mozilla/5.0 AppleWebKit/537.36 (KHTML, like Gecko; compatible; bingbot/2.0; +http://www.bing.com/bingbot.htm) Chrome/116.0.1938.76 Safari/537.36"
40.77.167.27 - - [30/Oct/2025:13:07:23 +0000] "GET /3818366003 HTTP/1.0" 200 26030 "-" "Mozilla/5.0 AppleWebKit/537.36 (KHTML, like Gecko; compatible; bingbot/2.0; +http://www.bing.com/bingbot.htm) Chrome/116.0.1938.76 Safari/537.36"
40.77.167.27 - - [30/Oct/2025:13:07:26 +0000] "GET /1600016960 HTTP/1.0" 200 27207 "-" "Mozilla/5.0 AppleWebKit/537.36 (KHTML, like Gecko; compatible; bingbot/2.0; +http://www.bing.com/bingbot.htm) Chrome/116.0.1938.76 Safari/537.36"
40.77.167.27 - - [30/Oct/2025:13:07:29 +0000] "GET /2869887794 HTTP/1.0" 200 29340 "-" "Mozilla/5.0 AppleWebKit/537.36 (KHTML, like Gecko; compatible; bingbot/2.0; +http://www.bing.com/bingbot.htm) Chrome/116.0.1938.76 Safari/537.36"
40.77.167.27 - - [30/Oct/2025:13:07:32 +0000] "GET /1992106599 HTTP/1.0" 200 26242 "-" "Mozilla/5.0 AppleWebKit/537.36 (KHTML, like Gecko; compatible; bingbot/2.0; +http://www.bing.com/bingbot.htm) Chrome/116.0.1938.76 Safari/537.36"
40.77.167.27 - - [30/Oct/2025:13:07:36 +0000] "GET /115224295 HTTP/1.0" 200 25308 "-" "Mozilla/5.0 AppleWebKit/537.36 (KHTML, like Gecko; compatible; bingbot/2.0; +http://www.bing.com/bingbot.htm) Chrome/116.0.1938.76 Safari/537.36"
40.77.167.27 - - [30/Oct/2025:13:07:38 +0000] "GET /2913106269 HTTP/1.0" 200 27149 "-" "Mozilla/5.0 AppleWebKit/537.36 (KHTML, like Gecko; compatible; bingbot/2.0; +http://www.bing.com/bingbot.htm) Chrome/116.0.1938.76 Safari/537.36"
40.77.167.27 - - [30/Oct/2025:13:07:41 +0000] "GET /362727736 HTTP/1.0" 200 26155 "-" "Mozilla/5.0 AppleWebKit/537.36 (KHTML, like Gecko; compatible; bingbot/2.0; +http://www.bing.com/bingbot.htm) Chrome/116.0.1938.76 Safari/537.36"
40.77.167.27 - - [30/Oct/2025:13:07:44 +0000] "GET /2519689818 HTTP/1.0" 200 25682 "-" "Mozilla/5.0 AppleWebKit/537.36 (KHTML, like Gecko; compatible; bingbot/2.0; +http://www.bing.com/bingbot.htm) Chrome/116.0.1938.76 Safari/537.36"
40.77.167.27 - - [30/Oct/2025:13:07:48 +0000] "GET /867137502 HTTP/1.0" 200 25345 "-" "Mozilla/5.0 AppleWebKit/537.36 (KHTML, like Gecko; compatible; bingbot/2.0; +http://www.bing.com/bingbot.htm) Chrome/116.0.1938.76 Safari/537.36"
40.77.167.27 - - [30/Oct/2025:13:07:50 +0000] "GET /677150877 HTTP/1.0" 200 25615 "-" "Mozilla/5.0 AppleWebKit/537.36 (KHTML, like Gecko; compatible; bingbot/2.0; +http://www.bing.com/bingbot.htm) Chrome/116.0.1938.76 Safari/537.36"
40.77.167.27 - - [30/Oct/2025:13:07:53 +0000] "GET /2917695057 HTTP/1.0" 200 26447 "-" "Mozilla/5.0 AppleWebKit/537.36 (KHTML, like Gecko; compatible; bingbot/2.0; +http://www.bing.com/bingbot.htm) Chrome/116.0.1938.76 Safari/537.36"
40.77.167.27 - - [30/Oct/2025:13:07:56 +0000] "GET /558424945 HTTP/1.0" 200 25757 "-" "Mozilla/5.0 AppleWebKit/537.36 (KHTML, like Gecko; compatible; bingbot/2.0; +http://www.bing.com/bingbot.htm) Chrome/116.0.1938.76 Safari/537.36"
40.77.167.27 - - [30/Oct/2025:13:07:59 +0000] "GET /4075274841 HTTP/1.0" 200 29115 "-" "Mozilla/5.0 AppleWebKit/537.36 (KHTML, like Gecko; compatible; bingbot/2.0; +http://www.bing.com/bingbot.htm) Chrome/116.0.1938.76 Safari/537.36"
40.77.167.27 - - [30/Oct/2025:13:08:02 +0000] "GET /2422024874 HTTP/1.0" 200 26637 "-" "Mozilla/5.0 AppleWebKit/537.36 (KHTML, like Gecko; compatible; bingbot/2.0; +http://www.bing.com/bingbot.htm) Chrome/116.0.1938.76 Safari/537.36"
40.77.167.27 - - [30/Oct/2025:13:08:06 +0000] "GET /1897997687 HTTP/1.0" 200 26567 "-" "Mozilla/5.0 AppleWebKit/537.36 (KHTML, like Gecko; compatible; bingbot/2.0; +http://www.bing.com/bingbot.htm) Chrome/116.0.1938.76 Safari/537.36"
40.77.167.27 - - [30/Oct/2025:13:08:09 +0000] "GET /1521545626 HTTP/1.0" 200 26419 "-" "Mozilla/5.0 AppleWebKit/537.36 (KHTML, like Gecko; compatible; bingbot/2.0; +http://www.bing.com/bingbot.htm) Chrome/116.0.1938.76 Safari/537.36"
40.77.167.27 - - [30/Oct/2025:13:08:12 +0000] "GET /766391846 HTTP/1.0" 200 26561 "-" "Mozilla/5.0 AppleWebKit/537.36 (KHTML, like Gecko; compatible; bingbot/2.0; +http://www.bing.com/bingbot.htm) Chrome/116.0.1938.76 Safari/537.36"
40.77.167.27 - - [30/Oct/2025:13:08:14 +0000] "GET /795347362 HTTP/1.0" 200 25817 "-" "Mozilla/5.0 AppleWebKit/537.36 (KHTML, like Gecko; compatible; bingbot/2.0; +http://www.bing.com/bingbot.htm) Chrome/116.0.1938.76 Safari/537.36"
40.77.167.27 - - [30/Oct/2025:13:08:17 +0000] "GET /2112021779 HTTP/1.0" 200 26160 "-" "Mozilla/5.0 AppleWebKit/537.36 (KHTML, like Gecko; compatible; bingbot/2.0; +http://www.bing.com/bingbot.htm) Chrome/116.0.1938.76 Safari/537.36"
40.77.167.27 - - [30/Oct/2025:13:08:20 +0000] "GET /444655274 HTTP/1.0" 200 26550 "-" "Mozilla/5.0 AppleWebKit/537.36 (KHTML, like Gecko; compatible; bingbot/2.0; +http://www.bing.com/bingbot.htm) Chrome/116.0.1938.76 Safari/537.36"
40.77.167.27 - - [30/Oct/2025:13:08:23 +0000] "GET /2302756107 HTTP/1.0" 200 26430 "-" "Mozilla/5.0 AppleWebKit/537.36 (KHTML, like Gecko; compatible; bingbot/2.0; +http://www.bing.com/bingbot.htm) Chrome/116.0.1938.76 Safari/537.36"
40.77.167.27 - - [30/Oct/2025:13:08:27 +0000] "GET /3633408889 HTTP/1.0" 200 26374 "-" "Mozilla/5.0 AppleWebKit/537.36 (KHTML, like Gecko; compatible; bingbot/2.0; +http://www.bing.com/bingbot.htm) Chrome/116.0.1938.76 Safari/537.36"
40.77.167.27 - - [30/Oct/2025:13:08:30 +0000] "GET /602170042 HTTP/1.0" 200 26069 "-" "Mozilla/5.0 AppleWebKit/537.36 (KHTML, like Gecko; compatible; bingbot/2.0; +http://www.bing.com/bingbot.htm) Chrome/116.0.1938.76 Safari/537.36"
40.77.167.27 - - [30/Oct/2025:13:08:32 +0000] "GET /483972259 HTTP/1.0" 200 26631 "-" "Mozilla/5.0 AppleWebKit/537.36 (KHTML, like Gecko; compatible; bingbot/2.0; +http://www.bing.com/bingbot.htm) Chrome/116.0.1938.76 Safari/537.36"
216.73.216.6 - - [30/Oct/2025:13:08:34 +0000] "GET /robots.txt HTTP/1.0" 200 388 "-" "Mozilla/5.0 AppleWebKit/537.36 (KHTML, like Gecko; compatible; ClaudeBot/1.0; +claudebot@anthropic.com)"
216.73.216.6 - - [30/Oct/2025:13:08:35 +0000] "GET /1842738983 HTTP/1.0" 200 4303 "-" "Mozilla/5.0 AppleWebKit/537.36 (KHTML, like Gecko; compatible; ClaudeBot/1.0; +claudebot@anthropic.com)"
40.77.167.27 - - [30/Oct/2025:13:08:36 +0000] "GET /3082804761 HTTP/1.0" 200 25917 "-" "Mozilla/5.0 AppleWebKit/537.36 (KHTML, like Gecko; compatible; bingbot/2.0; +http://www.bing.com/bingbot.htm) Chrome/116.0.1938.76 Safari/537.36"
154.30.75.184 - - [30/Oct/2025:13:08:36 +0000] "GET /bongacams/ HTTP/1.0" 200 4303 "-" "Mozilla/5.0 (iPhone; CPU iPhone OS 18_0 like Mac OS X) AppleWebKit/605.1.15 (KHTML, like Gecko) Version/18.0 Mobile/15E148 Safari/604.1"
216.73.216.6 - - [30/Oct/2025:13:08:38 +0000] "GET /355458478 HTTP/1.0" 200 4303 "-" "Mozilla/5.0 AppleWebKit/537.36 (KHTML, like Gecko; compatible; ClaudeBot/1.0; +claudebot@anthropic.com)"
40.77.167.27 - - [30/Oct/2025:13:08:38 +0000] "GET /3762410455 HTTP/1.0" 200 26409 "-" "Mozilla/5.0 AppleWebKit/537.36 (KHTML, like Gecko; compatible; bingbot/2.0; +http://www.bing.com/bingbot.htm) Chrome/116.0.1938.76 Safari/537.36"
216.73.216.6 - - [30/Oct/2025:13:08:41 +0000] "GET /106933400 HTTP/1.0" 200 4303 "-" "Mozilla/5.0 AppleWebKit/537.36 (KHTML, like Gecko; compatible; ClaudeBot/1.0; +claudebot@anthropic.com)"
40.77.167.27 - - [30/Oct/2025:13:08:42 +0000] "GET /611230374 HTTP/1.0" 200 26005 "-" "Mozilla/5.0 AppleWebKit/537.36 (KHTML, like Gecko; compatible; bingbot/2.0; +http://www.bing.com/bingbot.htm) Chrome/116.0.1938.76 Safari/537.36"
216.73.216.6 - - [30/Oct/2025:13:08:44 +0000] "GET /1103316369 HTTP/1.0" 200 4303 "-" "Mozilla/5.0 AppleWebKit/537.36 (KHTML, like Gecko; compatible; ClaudeBot/1.0; +claudebot@anthropic.com)"
40.77.167.27 - - [30/Oct/2025:13:08:45 +0000] "GET /1908712432 HTTP/1.0" 200 26101 "-" "Mozilla/5.0 AppleWebKit/537.36 (KHTML, like Gecko; compatible; bingbot/2.0; +http://www.bing.com/bingbot.htm) Chrome/116.0.1938.76 Safari/537.36"
216.73.216.6 - - [30/Oct/2025:13:08:47 +0000] "GET /2443077960 HTTP/1.0" 200 4303 "-" "Mozilla/5.0 AppleWebKit/537.36 (KHTML, like Gecko; compatible; ClaudeBot/1.0; +claudebot@anthropic.com)"
149.233.141.35 - - [30/Oct/2025:13:08:48 +0000] "GET /robots.txt HTTP/1.0" 200 344 "-" "Mozilla/5.0 (compatible; MJ12bot/v1.4.8; http://mj12bot.com/)"
40.77.167.27 - - [30/Oct/2025:13:08:48 +0000] "GET /3804042296 HTTP/1.0" 200 26397 "-" "Mozilla/5.0 AppleWebKit/537.36 (KHTML, like Gecko; compatible; bingbot/2.0; +http://www.bing.com/bingbot.htm) Chrome/116.0.1938.76 Safari/537.36"
216.73.216.6 - - [30/Oct/2025:13:08:50 +0000] "GET /3338572418 HTTP/1.0" 200 4303 "-" "Mozilla/5.0 AppleWebKit/537.36 (KHTML, like Gecko; compatible; ClaudeBot/1.0; +claudebot@anthropic.com)"
40.77.167.27 - - [30/Oct/2025:13:08:51 +0000] "GET /3491386344 HTTP/1.0" 200 27019 "-" "Mozilla/5.0 AppleWebKit/537.36 (KHTML, like Gecko; compatible; bingbot/2.0; +http://www.bing.com/bingbot.htm) Chrome/116.0.1938.76 Safari/537.36"
149.233.141.35 - - [30/Oct/2025:13:08:51 +0000] "GET /blog/oplata-booking/?fileloc=/var/www/www-root/data/www/oplatu.ru/.htaccess&path=/var/www/www-root/data/www/oplatu.ru HTTP/1.0" 200 3644 "-" "Mozilla/5.0 (compatible; MJ12bot/v1.4.8; http://mj12bot.com/)"
216.73.216.6 - - [30/Oct/2025:13:08:53 +0000] "GET /3439342814 HTTP/1.0" 200 4303 "-" "Mozilla/5.0 AppleWebKit/537.36 (KHTML, like Gecko; compatible; ClaudeBot/1.0; +claudebot@anthropic.com)"
40.77.167.27 - - [30/Oct/2025:13:08:54 +0000] "GET /3300525178 HTTP/1.0" 200 26448 "-" "Mozilla/5.0 AppleWebKit/537.36 (KHTML, like Gecko; compatible; bingbot/2.0; +http://www.bing.com/bingbot.htm) Chrome/116.0.1938.76 Safari/537.36"
149.233.141.35 - - [30/Oct/2025:13:08:55 +0000] "GET /blog/oplata-booking/?fileloc=/var/www/www-root/data/www/oplatu.ru/public_html/wp-includes/class-wp-http-streams.php&path=/var/www/www-root/data/www/oplatu.ru/public_html/wp-includes HTTP/1.0" 200 7580 "-" "Mozilla/5.0 (compatible; MJ12bot/v1.4.8; http://mj12bot.com/)"
216.73.216.6 - - [30/Oct/2025:13:08:56 +0000] "GET /376353744 HTTP/1.0" 200 4303 "-" "Mozilla/5.0 AppleWebKit/537.36 (KHTML, like Gecko; compatible; ClaudeBot/1.0; +claudebot@anthropic.com)"
40.77.167.27 - - [30/Oct/2025:13:08:57 +0000] "GET /1716954150 HTTP/1.0" 200 27279 "-" "Mozilla/5.0 AppleWebKit/537.36 (KHTML, like Gecko; compatible; bingbot/2.0; +http://www.bing.com/bingbot.htm) Chrome/116.0.1938.76 Safari/537.36"
216.73.216.6 - - [30/Oct/2025:13:08:59 +0000] "GET /1812061191 HTTP/1.0" 200 4303 "-" "Mozilla/5.0 AppleWebKit/537.36 (KHTML, like Gecko; compatible; ClaudeBot/1.0; +claudebot@anthropic.com)"
149.233.141.35 - - [30/Oct/2025:13:08:59 +0000] "GET /blog/oplata-booking/?fileloc=/var/www/www-root/data/www/oplatu.ru/public_html/wp-includes/class-wp-http.php&path=/var/www/www-root/data/www/oplatu.ru/public_html/wp-includes HTTP/1.0" 200 13942 "-" "Mozilla/5.0 (compatible; MJ12bot/v1.4.8; http://mj12bot.com/)"
40.77.167.27 - - [30/Oct/2025:13:09:00 +0000] "GET /773357225 HTTP/1.0" 200 27573 "-" "Mozilla/5.0 AppleWebKit/537.36 (KHTML, like Gecko; compatible; bingbot/2.0; +http://www.bing.com/bingbot.htm) Chrome/116.0.1938.76 Safari/537.36"
216.73.216.6 - - [30/Oct/2025:13:09:02 +0000] "GET /1010976732 HTTP/1.0" 200 4303 "-" "Mozilla/5.0 AppleWebKit/537.36 (KHTML, like Gecko; compatible; ClaudeBot/1.0; +claudebot@anthropic.com)"
149.233.141.35 - - [30/Oct/2025:13:09:03 +0000] "GET /blog/oplata-booking/?fileloc=/var/www/www-root/data/www/oplatu.ru/public_html/wp-includes/class-wp-image-editor-gd.php&path=/var/www/www-root/data/www/oplatu.ru/public_html/wp-includes HTTP/1.0" 200 7460 "-" "Mozilla/5.0 (compatible; MJ12bot/v1.4.8; http://mj12bot.com/)"
40.77.167.27 - - [30/Oct/2025:13:09:03 +0000] "GET /145550339 HTTP/1.0" 200 25893 "-" "Mozilla/5.0 AppleWebKit/537.36 (KHTML, like Gecko; compatible; bingbot/2.0; +http://www.bing.com/bingbot.htm) Chrome/116.0.1938.76 Safari/537.36"
216.73.216.6 - - [30/Oct/2025:13:09:05 +0000] "GET /570907588 HTTP/1.0" 200 4303 "-" "Mozilla/5.0 AppleWebKit/537.36 (KHTML, like Gecko; compatible; ClaudeBot/1.0; +claudebot@anthropic.com)"
40.77.167.27 - - [30/Oct/2025:13:09:06 +0000] "GET /2090255058 HTTP/1.0" 200 26799 "-" "Mozilla/5.0 AppleWebKit/537.36 (KHTML, like Gecko; compatible; bingbot/2.0; +http://www.bing.com/bingbot.htm) Chrome/116.0.1938.76 Safari/537.36"
149.233.141.35 - - [30/Oct/2025:13:09:07 +0000] "GET /blog/oplata-booking/?fileloc=/var/www/www-root/data/www/oplatu.ru/public_html/wp-includes/class-wp-image-editor-imagick.php&path=/var/www/www-root/data/www/oplatu.ru/public_html/wp-includes HTTP/1.0" 200 11786 "-" "Mozilla/5.0 (compatible; MJ12bot/v1.4.8; http://mj12bot.com/)"
216.73.216.6 - - [30/Oct/2025:13:09:08 +0000] "GET /2856131663 HTTP/1.0" 200 4303 "-" "Mozilla/5.0 AppleWebKit/537.36 (KHTML, like Gecko; compatible; ClaudeBot/1.0; +claudebot@anthropic.com)"
40.77.167.27 - - [30/Oct/2025:13:09:09 +0000] "GET /2465047809 HTTP/1.0" 200 26275 "-" "Mozilla/5.0 AppleWebKit/537.36 (KHTML, like Gecko; compatible; bingbot/2.0; +http://www.bing.com/bingbot.htm) Chrome/116.0.1938.76 Safari/537.36"
149.233.141.35 - - [30/Oct/2025:13:09:10 +0000] "GET /blog/oplata-booking/?fileloc=/var/www/www-root/data/www/oplatu.ru/public_html/wp-includes/class-wp-image-editor.php&path=/var/www/www-root/data/www/oplatu.ru/public_html/wp-includes HTTP/1.0" 200 7703 "-" "Mozilla/5.0 (compatible; MJ12bot/v1.4.8; http://mj12bot.com/)"
216.73.216.6 - - [30/Oct/2025:13:09:11 +0000] "GET /866416920 HTTP/1.0" 200 4303 "-" "Mozilla/5.0 AppleWebKit/537.36 (KHTML, like Gecko; compatible; ClaudeBot/1.0; +claudebot@anthropic.com)"
40.77.167.27 - - [30/Oct/2025:13:09:12 +0000] "GET /3273702597 HTTP/1.0" 200 25730 "-" "Mozilla/5.0 AppleWebKit/537.36 (KHTML, like Gecko; compatible; bingbot/2.0; +http://www.bing.com/bingbot.htm) Chrome/116.0.1938.76 Safari/537.36"
216.73.216.6 - - [30/Oct/2025:13:09:14 +0000] "GET /2979354766 HTTP/1.0" 200 4303 "-" "Mozilla/5.0 AppleWebKit/537.36 (KHTML, like Gecko; compatible; ClaudeBot/1.0; +claudebot@anthropic.com)"
149.233.141.35 - - [30/Oct/2025:13:09:14 +0000] "GET /blog/oplata-booking/?fileloc=/var/www/www-root/data/www/oplatu.ru/public_html/wp-includes/class-wp-list-util.php&path=/var/www/www-root/data/www/oplatu.ru/public_html/wp-includes HTTP/1.0" 200 5067 "-" "Mozilla/5.0 (compatible; MJ12bot/v1.4.8; http://mj12bot.com/)"
40.77.167.27 - - [30/Oct/2025:13:09:15 +0000] "GET /2579189421 HTTP/1.0" 200 26417 "-" "Mozilla/5.0 AppleWebKit/537.36 (KHTML, like Gecko; compatible; bingbot/2.0; +http://www.bing.com/bingbot.htm) Chrome/116.0.1938.76 Safari/537.36"
216.73.216.6 - - [30/Oct/2025:13:09:17 +0000] "GET /2295486833 HTTP/1.0" 200 4303 "-" "Mozilla/5.0 AppleWebKit/537.36 (KHTML, like Gecko; compatible; ClaudeBot/1.0; +claudebot@anthropic.com)"
149.233.141.35 - - [30/Oct/2025:13:09:18 +0000] "GET /blog/oplata-booking/?fileloc=/var/www/www-root/data/www/oplatu.ru/public_html/wp-includes/class-wp-locale-switcher.php&path=/var/www/www-root/data/www/oplatu.ru/public_html/wp-includes HTTP/1.0" 200 4662 "-" "Mozilla/5.0 (compatible; MJ12bot/v1.4.8; http://mj12bot.com/)"
40.77.167.27 - - [30/Oct/2025:13:09:18 +0000] "GET /787287112 HTTP/1.0" 200 26195 "-" "Mozilla/5.0 AppleWebKit/537.36 (KHTML, like Gecko; compatible; bingbot/2.0; +http://www.bing.com/bingbot.htm) Chrome/116.0.1938.76 Safari/537.36"
216.73.216.6 - - [30/Oct/2025:13:09:20 +0000] "GET /1960864449 HTTP/1.0" 200 4303 "-" "Mozilla/5.0 AppleWebKit/537.36 (KHTML, like Gecko; compatible; ClaudeBot/1.0; +claudebot@anthropic.com)"
40.77.167.27 - - [30/Oct/2025:13:09:20 +0000] "GET /3267806953 HTTP/1.0" 200 26551 "-" "Mozilla/5.0 AppleWebKit/537.36 (KHTML, like Gecko; compatible; bingbot/2.0; +http://www.bing.com/bingbot.htm) Chrome/116.0.1938.76 Safari/537.36"
149.233.141.35 - - [30/Oct/2025:13:09:22 +0000] "GET /blog/oplata-booking/?fileloc=/var/www/www-root/data/www/oplatu.ru/public_html/wp-includes/class-wp-locale.php&path=/var/www/www-root/data/www/oplatu.ru/public_html/wp-includes HTTP/1.0" 200 6199 "-" "Mozilla/5.0 (compatible; MJ12bot/v1.4.8; http://mj12bot.com/)"
216.73.216.6 - - [30/Oct/2025:13:09:23 +0000] "GET /1690395529 HTTP/1.0" 200 4303 "-" "Mozilla/5.0 AppleWebKit/537.36 (KHTML, like Gecko; compatible; ClaudeBot/1.0; +claudebot@anthropic.com)"
40.77.167.27 - - [30/Oct/2025:13:09:23 +0000] "GET /51894599 HTTP/1.0" 200 25984 "-" "Mozilla/5.0 AppleWebKit/537.36 (KHTML, like Gecko; compatible; bingbot/2.0; +http://www.bing.com/bingbot.htm) Chrome/116.0.1938.76 Safari/537.36"
216.73.216.6 - - [30/Oct/2025:13:09:26 +0000] "GET /1854293166 HTTP/1.0" 200 4303 "-" "Mozilla/5.0 AppleWebKit/537.36 (KHTML, like Gecko; compatible; ClaudeBot/1.0; +claudebot@anthropic.com)"
149.233.141.35 - - [30/Oct/2025:13:09:26 +0000] "GET /blog/oplata-booking/?fileloc=/var/www/www-root/data/www/oplatu.ru/public_html/wp-includes/class-wp-matchesmapregex.php&path=/var/www/www-root/data/www/oplatu.ru/public_html/wp-includes HTTP/1.0" 200 3569 "-" "Mozilla/5.0 (compatible; MJ12bot/v1.4.8; http://mj12bot.com/)"
40.77.167.27 - - [30/Oct/2025:13:09:26 +0000] "GET /229788690 HTTP/1.0" 200 28303 "-" "Mozilla/5.0 AppleWebKit/537.36 (KHTML, like Gecko; compatible; bingbot/2.0; +http://www.bing.com/bingbot.htm) Chrome/116.0.1938.76 Safari/537.36"
216.73.216.6 - - [30/Oct/2025:13:09:29 +0000] "GET /1767059708 HTTP/1.0" 200 4303 "-" "Mozilla/5.0 AppleWebKit/537.36 (KHTML, like Gecko; compatible; ClaudeBot/1.0; +claudebot@anthropic.com)"
40.77.167.27 - - [30/Oct/2025:13:09:29 +0000] "GET /2328962339 HTTP/1.0" 200 26149 "-" "Mozilla/5.0 AppleWebKit/537.36 (KHTML, like Gecko; compatible; bingbot/2.0; +http://www.bing.com/bingbot.htm) Chrome/116.0.1938.76 Safari/537.36"
149.233.141.35 - - [30/Oct/2025:13:09:30 +0000] "GET /blog/oplata-booking/?fileloc=/var/www/www-root/data/www/oplatu.ru/public_html/wp-includes/class-wp-meta-query.php&path=/var/www/www-root/data/www/oplatu.ru/public_html/wp-includes HTTP/1.0" 200 10207 "-" "Mozilla/5.0 (compatible; MJ12bot/v1.4.8; http://mj12bot.com/)"
216.73.216.6 - - [30/Oct/2025:13:09:32 +0000] "GET /1084403874 HTTP/1.0" 200 4303 "-" "Mozilla/5.0 AppleWebKit/537.36 (KHTML, like Gecko; compatible; ClaudeBot/1.0; +claudebot@anthropic.com)"
40.77.167.27 - - [30/Oct/2025:13:09:32 +0000] "GET /2879074259 HTTP/1.0" 200 26647 "-" "Mozilla/5.0 AppleWebKit/537.36 (KHTML, like Gecko; compatible; bingbot/2.0; +http://www.bing.com/bingbot.htm) Chrome/116.0.1938.76 Safari/537.36"
149.233.141.35 - - [30/Oct/2025:13:09:33 +0000] "GET /blog/oplata-booking/?fileloc=/var/www/www-root/data/www/oplatu.ru/public_html/wp-includes/class-wp-metadata-lazyloader.php&path=/var/www/www-root/data/www/oplatu.ru/public_html/wp-includes HTTP/1.0" 200 4816 "-" "Mozilla/5.0 (compatible; MJ12bot/v1.4.8; http://mj12bot.com/)"
216.73.216.6 - - [30/Oct/2025:13:09:35 +0000] "GET /1019201801 HTTP/1.0" 200 4303 "-" "Mozilla/5.0 AppleWebKit/537.36 (KHTML, like Gecko; compatible; ClaudeBot/1.0; +claudebot@anthropic.com)"
40.77.167.27 - - [30/Oct/2025:13:09:35 +0000] "GET /2623924399 HTTP/1.0" 200 26453 "-" "Mozilla/5.0 AppleWebKit/537.36 (KHTML, like Gecko; compatible; bingbot/2.0; +http://www.bing.com/bingbot.htm) Chrome/116.0.1938.76 Safari/537.36"
149.233.141.35 - - [30/Oct/2025:13:09:37 +0000] "GET /blog/oplata-booking/?fileloc=/var/www/www-root/data/www/oplatu.ru/public_html/wp-includes/class-wp-navigation-fallback.php&path=/var/www/www-root/data/www/oplatu.ru/public_html/wp-includes HTTP/1.0" 200 5141 "-" "Mozilla/5.0 (compatible; MJ12bot/v1.4.8; http://mj12bot.com/)"
216.73.216.6 - - [30/Oct/2025:13:09:38 +0000] "GET /2123713478 HTTP/1.0" 200 4303 "-" "Mozilla/5.0 AppleWebKit/537.36 (KHTML, like Gecko; compatible; ClaudeBot/1.0; +claudebot@anthropic.com)"
40.77.167.27 - - [30/Oct/2025:13:09:38 +0000] "GET /1759016560 HTTP/1.0" 200 27362 "-" "Mozilla/5.0 AppleWebKit/537.36 (KHTML, like Gecko; compatible; bingbot/2.0; +http://www.bing.com/bingbot.htm) Chrome/116.0.1938.76 Safari/537.36"
216.73.216.6 - - [30/Oct/2025:13:09:41 +0000] "GET /1016777603 HTTP/1.0" 200 4303 "-" "Mozilla/5.0 AppleWebKit/537.36 (KHTML, like Gecko; compatible; ClaudeBot/1.0; +claudebot@anthropic.com)"
149.233.141.35 - - [30/Oct/2025:13:09:41 +0000] "GET /blog/oplata-booking/?fileloc=/var/www/www-root/data/www/oplatu.ru/public_html/wp-includes/class-wp-network-query.php&path=/var/www/www-root/data/www/oplatu.ru/public_html/wp-includes HTTP/1.0" 200 7702 "-" "Mozilla/5.0 (compatible; MJ12bot/v1.4.8; http://mj12bot.com/)"
40.77.167.27 - - [30/Oct/2025:13:09:41 +0000] "GET /2709067783 HTTP/1.0" 200 26574 "-" "Mozilla/5.0 AppleWebKit/537.36 (KHTML, like Gecko; compatible; bingbot/2.0; +http://www.bing.com/bingbot.htm) Chrome/116.0.1938.76 Safari/537.36"
188.235.16.248 - - [30/Oct/2025:13:09:43 +0000] "GET / HTTP/1.0" 200 4303 "https://exnode.ru/" "Mozilla/5.0 (Windows NT 10.0; Win64; x64) AppleWebKit/537.36 (KHTML, like Gecko) Chrome/138.0.0.0 YaBrowser/25.8.0.0 Safari/537.36"
216.73.216.6 - - [30/Oct/2025:13:09:44 +0000] "GET /4048647470 HTTP/1.0" 200 4303 "-" "Mozilla/5.0 AppleWebKit/537.36 (KHTML, like Gecko; compatible; ClaudeBot/1.0; +claudebot@anthropic.com)"
188.235.16.248 - - [30/Oct/2025:13:09:44 +0000] "GET /favicon.ico HTTP/1.0" 200 4303 "https://oplatu.ru/" "Mozilla/5.0 (Windows NT 10.0; Win64; x64) AppleWebKit/537.36 (KHTML, like Gecko) Chrome/138.0.0.0 YaBrowser/25.8.0.0 Safari/537.36"
188.235.16.248 - - [30/Oct/2025:13:09:44 +0000] "GET /favicon.ico HTTP/1.0" 200 4303 "https://oplatu.ru/" "Mozilla/5.0 (Windows NT 10.0; Win64; x64) AppleWebKit/537.36 (KHTML, like Gecko) Chrome/138.0.0.0 YaBrowser/25.8.0.0 Safari/537.36"
40.77.167.27 - - [30/Oct/2025:13:09:44 +0000] "GET /3072973773 HTTP/1.0" 200 26804 "-" "Mozilla/5.0 AppleWebKit/537.36 (KHTML, like Gecko; compatible; bingbot/2.0; +http://www.bing.com/bingbot.htm) Chrome/116.0.1938.76 Safari/537.36"
149.233.141.35 - - [30/Oct/2025:13:09:45 +0000] "GET /blog/oplata-booking/?fileloc=/var/www/www-root/data/www/oplatu.ru/public_html/wp-includes/class-wp-network.php&path=/var/www/www-root/data/www/oplatu.ru/public_html/wp-includes HTTP/1.0" 200 6613 "-" "Mozilla/5.0 (compatible; MJ12bot/v1.4.8; http://mj12bot.com/)"
216.73.216.6 - - [30/Oct/2025:13:09:47 +0000] "GET /2634622026 HTTP/1.0" 200 4303 "-" "Mozilla/5.0 AppleWebKit/537.36 (KHTML, like Gecko; compatible; ClaudeBot/1.0; +claudebot@anthropic.com)"
40.77.167.27 - - [30/Oct/2025:13:09:47 +0000] "GET /2404409357 HTTP/1.0" 200 26559 "-" "Mozilla/5.0 AppleWebKit/537.36 (KHTML, like Gecko; compatible; bingbot/2.0; +http://www.bing.com/bingbot.htm) Chrome/116.0.1938.76 Safari/537.36"
149.233.141.35 - - [30/Oct/2025:13:09:49 +0000] "GET /blog/oplata-booking/?fileloc=/var/www/www-root/data/www/oplatu.ru/public_html/wp-includes/class-wp-object-cache.php&path=/var/www/www-root/data/www/oplatu.ru/public_html/wp-includes HTTP/1.0" 200 6643 "-" "Mozilla/5.0 (compatible; MJ12bot/v1.4.8; http://mj12bot.com/)"
216.73.216.6 - - [30/Oct/2025:13:09:50 +0000] "GET /2414610166 HTTP/1.0" 200 4303 "-" "Mozilla/5.0 AppleWebKit/537.36 (KHTML, like Gecko; compatible; ClaudeBot/1.0; +claudebot@anthropic.com)"
40.77.167.27 - - [30/Oct/2025:13:09:50 +0000] "GET /2240511720 HTTP/1.0" 200 28832 "-" "Mozilla/5.0 AppleWebKit/537.36 (KHTML, like Gecko; compatible; bingbot/2.0; +http://www.bing.com/bingbot.htm) Chrome/116.0.1938.76 Safari/537.36"
188.235.16.248 - - [30/Oct/2025:13:09:50 +0000] "GET / HTTP/1.0" 200 4303 "-" "Mozilla/5.0 (Windows NT 10.0; Win64; x64) AppleWebKit/537.36 (KHTML, like Gecko) Chrome/138.0.0.0 YaBrowser/25.8.0.0 Safari/537.36"
149.233.141.35 - - [30/Oct/2025:13:09:52 +0000] "GET /blog/oplata-booking/?fileloc=/var/www/www-root/data/www/oplatu.ru/public_html/wp-includes/class-wp-oembed-controller.php&path=/var/www/www-root/data/www/oplatu.ru/public_html/wp-includes HTTP/1.0" 200 4966 "-" "Mozilla/5.0 (compatible; MJ12bot/v1.4.8; http://mj12bot.com/)"
216.73.216.6 - - [30/Oct/2025:13:09:53 +0000] "GET /2684030510 HTTP/1.0" 200 4303 "-" "Mozilla/5.0 AppleWebKit/537.36 (KHTML, like Gecko; compatible; ClaudeBot/1.0; +claudebot@anthropic.com)"
40.77.167.27 - - [30/Oct/2025:13:09:53 +0000] "GET /1219861875 HTTP/1.0" 200 28946 "-" "Mozilla/5.0 AppleWebKit/537.36 (KHTML, like Gecko; compatible; bingbot/2.0; +http://www.bing.com/bingbot.htm) Chrome/116.0.1938.76 Safari/537.36"
216.73.216.6 - - [30/Oct/2025:13:09:56 +0000] "GET /1228618312 HTTP/1.0" 200 4303 "-" "Mozilla/5.0 AppleWebKit/537.36 (KHTML, like Gecko; compatible; ClaudeBot/1.0; +claudebot@anthropic.com)"
149.233.141.35 - - [30/Oct/2025:13:09:56 +0000] "GET /blog/oplata-booking/?fileloc=/var/www/www-root/data/www/oplatu.ru/public_html/wp-includes/class-wp-oembed.php&path=/var/www/www-root/data/www/oplatu.ru/public_html/wp-includes HTTP/1.0" 200 10255 "-" "Mozilla/5.0 (compatible; MJ12bot/v1.4.8; http://mj12bot.com/)"
40.77.167.27 - - [30/Oct/2025:13:09:56 +0000] "GET /4194447539 HTTP/1.0" 200 26597 "-" "Mozilla/5.0 AppleWebKit/537.36 (KHTML, like Gecko; compatible; bingbot/2.0; +http://www.bing.com/bingbot.htm) Chrome/116.0.1938.76 Safari/537.36"
216.73.216.6 - - [30/Oct/2025:13:09:59 +0000] "GET /931543013 HTTP/1.0" 200 4303 "-" "Mozilla/5.0 AppleWebKit/537.36 (KHTML, like Gecko; compatible; ClaudeBot/1.0; +claudebot@anthropic.com)"
40.77.167.27 - - [30/Oct/2025:13:09:59 +0000] "GET /2830319599 HTTP/1.0" 200 25241 "-" "Mozilla/5.0 AppleWebKit/537.36 (KHTML, like Gecko; compatible; bingbot/2.0; +http://www.bing.com/bingbot.htm) Chrome/116.0.1938.76 Safari/537.36"
149.233.141.35 - - [30/Oct/2025:13:10:00 +0000] "GET /blog/oplata-booking/?fileloc=/var/www/www-root/data/www/oplatu.ru/public_html/wp-includes/class-wp-paused-extensions-storage.php&path=/var/www/www-root/data/www/oplatu.ru/public_html/wp-includes HTTP/1.0" 200 4100 "-" "Mozilla/5.0 (compatible; MJ12bot/v1.4.8; http://mj12bot.com/)"
216.73.216.6 - - [30/Oct/2025:13:10:02 +0000] "GET /937507439 HTTP/1.0" 200 4303 "-" "Mozilla/5.0 AppleWebKit/537.36 (KHTML, like Gecko; compatible; ClaudeBot/1.0; +claudebot@anthropic.com)"
40.77.167.27 - - [30/Oct/2025:13:10:02 +0000] "GET /3462918550 HTTP/1.0" 200 27013 "-" "Mozilla/5.0 AppleWebKit/537.36 (KHTML, like Gecko; compatible; bingbot/2.0; +http://www.bing.com/bingbot.htm) Chrome/116.0.1938.76 Safari/537.36"
188.235.16.248 - - [30/Oct/2025:13:10:03 +0000] "GET /?path=/var/www/www-root/data/www/oplatu.ru/public_html/cgi-bin HTTP/1.0" 200 3285 "https://oplatu.ru/" "Mozilla/5.0 (Windows NT 10.0; Win64; x64) AppleWebKit/537.36 (KHTML, like Gecko) Chrome/138.0.0.0 YaBrowser/25.8.0.0 Safari/537.36"
149.233.141.35 - - [30/Oct/2025:13:10:04 +0000] "GET /blog/oplata-booking/?fileloc=/var/www/www-root/data/www/oplatu.ru/public_html/wp-includes/class-wp-plugin-dependencies.php&path=/var/www/www-root/data/www/oplatu.ru/public_html/wp-includes HTTP/1.0" 200 8026 "-" "Mozilla/5.0 (compatible; MJ12bot/v1.4.8; http://mj12bot.com/)"
216.73.216.6 - - [30/Oct/2025:13:10:05 +0000] "GET /2733253902 HTTP/1.0" 200 4303 "-" "Mozilla/5.0 AppleWebKit/537.36 (KHTML, like Gecko; compatible; ClaudeBot/1.0; +claudebot@anthropic.com)"
40.77.167.27 - - [30/Oct/2025:13:10:05 +0000] "GET /3837068489 HTTP/1.0" 200 26471 "-" "Mozilla/5.0 AppleWebKit/537.36 (KHTML, like Gecko; compatible; bingbot/2.0; +http://www.bing.com/bingbot.htm) Chrome/116.0.1938.76 Safari/537.36"
149.233.141.35 - - [30/Oct/2025:13:10:08 +0000] "GET /blog/oplata-booking/?fileloc=/var/www/www-root/data/www/oplatu.ru/public_html/wp-includes/class-wp-post-type.php&path=/var/www/www-root/data/www/oplatu.ru/public_html/wp-includes HTTP/1.0" 200 9465 "-" "Mozilla/5.0 (compatible; MJ12bot/v1.4.8; http://mj12bot.com/)"
216.73.216.6 - - [30/Oct/2025:13:10:08 +0000] "GET /1349071875 HTTP/1.0" 200 4303 "-" "Mozilla/5.0 AppleWebKit/537.36 (KHTML, like Gecko; compatible; ClaudeBot/1.0; +claudebot@anthropic.com)"
52.167.144.183 - - [30/Oct/2025:13:10:09 +0000] "GET /281539724 HTTP/1.0" 200 26849 "-" "Mozilla/5.0 AppleWebKit/537.36 (KHTML, like Gecko; compatible; bingbot/2.0; +http://www.bing.com/bingbot.htm) Chrome/116.0.1938.76 Safari/537.36"
216.73.216.6 - - [30/Oct/2025:13:10:11 +0000] "GET /3677643907 HTTP/1.0" 200 4303 "-" "Mozilla/5.0 AppleWebKit/537.36 (KHTML, like Gecko; compatible; ClaudeBot/1.0; +claudebot@anthropic.com)"
149.233.141.35 - - [30/Oct/2025:13:10:11 +0000] "GET /blog/oplata-booking/?fileloc=/var/www/www-root/data/www/oplatu.ru/public_html/wp-includes/class-wp-post.php&path=/var/www/www-root/data/www/oplatu.ru/public_html/wp-includes HTTP/1.0" 200 4569 "-" "Mozilla/5.0 (compatible; MJ12bot/v1.4.8; http://mj12bot.com/)"
52.167.144.183 - - [30/Oct/2025:13:10:12 +0000] "GET /1177034150 HTTP/1.0" 200 26485 "-" "Mozilla/5.0 AppleWebKit/537.36 (KHTML, like Gecko; compatible; bingbot/2.0; +http://www.bing.com/bingbot.htm) Chrome/116.0.1938.76 Safari/537.36"
216.73.216.6 - - [30/Oct/2025:13:10:14 +0000] "GET /2458172339 HTTP/1.0" 200 4303 "-" "Mozilla/5.0 AppleWebKit/537.36 (KHTML, like Gecko; compatible; ClaudeBot/1.0; +claudebot@anthropic.com)"
149.233.141.35 - - [30/Oct/2025:13:10:15 +0000] "GET /blog/oplata-booking/?fileloc=/var/www/www-root/data/www/oplatu.ru/public_html/wp-includes/class-wp-query.php&path=/var/www/www-root/data/www/oplatu.ru/public_html/wp-includes HTTP/1.0" 200 33712 "-" "Mozilla/5.0 (compatible; MJ12bot/v1.4.8; http://mj12bot.com/)"
52.167.144.183 - - [30/Oct/2025:13:10:15 +0000] "GET /1625690591 HTTP/1.0" 200 25855 "-" "Mozilla/5.0 AppleWebKit/537.36 (KHTML, like Gecko; compatible; bingbot/2.0; +http://www.bing.com/bingbot.htm) Chrome/116.0.1938.76 Safari/537.36"
216.73.216.6 - - [30/Oct/2025:13:10:17 +0000] "GET /4021391775 HTTP/1.0" 200 4303 "-" "Mozilla/5.0 AppleWebKit/537.36 (KHTML, like Gecko; compatible; ClaudeBot/1.0; +claudebot@anthropic.com)"
52.167.144.183 - - [30/Oct/2025:13:10:17 +0000] "GET /4261507925 HTTP/1.0" 200 26450 "-" "Mozilla/5.0 AppleWebKit/537.36 (KHTML, like Gecko; compatible; bingbot/2.0; +http://www.bing.com/bingbot.htm) Chrome/116.0.1938.76 Safari/537.36"
149.233.141.35 - - [30/Oct/2025:13:10:19 +0000] "GET /blog/oplata-booking/?fileloc=/var/www/www-root/data/www/oplatu.ru/public_html/wp-includes/class-wp-recovery-mode-cookie-service.php&path=/var/www/www-root/data/www/oplatu.ru/public_html/wp-includes HTTP/1.0" 200 4983 "-" "Mozilla/5.0 (compatible; MJ12bot/v1.4.8; http://mj12bot.com/)"
216.73.216.6 - - [30/Oct/2025:13:10:20 +0000] "GET /1301873421 HTTP/1.0" 200 4303 "-" "Mozilla/5.0 AppleWebKit/537.36 (KHTML, like Gecko; compatible; ClaudeBot/1.0; +claudebot@anthropic.com)"
52.167.144.183 - - [30/Oct/2025:13:10:21 +0000] "GET /2180206720 HTTP/1.0" 200 26464 "-" "Mozilla/5.0 AppleWebKit/537.36 (KHTML, like Gecko; compatible; bingbot/2.0; +http://www.bing.com/bingbot.htm) Chrome/116.0.1938.76 Safari/537.36"
216.73.216.6 - - [30/Oct/2025:13:10:23 +0000] "GET /2688597745 HTTP/1.0" 200 4303 "-" "Mozilla/5.0 AppleWebKit/537.36 (KHTML, like Gecko; compatible; ClaudeBot/1.0; +claudebot@anthropic.com)"
149.233.141.35 - - [30/Oct/2025:13:10:23 +0000] "GET /blog/oplata-booking/?fileloc=/var/www/www-root/data/www/oplatu.ru/public_html/wp-includes/class-wp-recovery-mode-email-service.php&path=/var/www/www-root/data/www/oplatu.ru/public_html/wp-includes HTTP/1.0" 200 6371 "-" "Mozilla/5.0 (compatible; MJ12bot/v1.4.8; http://mj12bot.com/)"
52.167.144.183 - - [30/Oct/2025:13:10:23 +0000] "GET /2163390049 HTTP/1.0" 200 26534 "-" "Mozilla/5.0 AppleWebKit/537.36 (KHTML, like Gecko; compatible; bingbot/2.0; +http://www.bing.com/bingbot.htm) Chrome/116.0.1938.76 Safari/537.36"
216.73.216.6 - - [30/Oct/2025:13:10:26 +0000] "GET /2443241499 HTTP/1.0" 200 4303 "-" "Mozilla/5.0 AppleWebKit/537.36 (KHTML, like Gecko; compatible; ClaudeBot/1.0; +claudebot@anthropic.com)"
149.233.141.35 - - [30/Oct/2025:13:10:27 +0000] "GET /blog/oplata-booking/?fileloc=/var/www/www-root/data/www/oplatu.ru/public_html/wp-includes/class-wp-recovery-mode-key-service.php&path=/var/www/www-root/data/www/oplatu.ru/public_html/wp-includes HTTP/1.0" 200 4227 "-" "Mozilla/5.0 (compatible; MJ12bot/v1.4.8; http://mj12bot.com/)"
52.167.144.183 - - [30/Oct/2025:13:10:26 +0000] "GET /3678288446 HTTP/1.0" 200 25966 "-" "Mozilla/5.0 AppleWebKit/537.36 (KHTML, like Gecko; compatible; bingbot/2.0; +http://www.bing.com/bingbot.htm) Chrome/116.0.1938.76 Safari/537.36"
216.73.216.6 - - [30/Oct/2025:13:10:29 +0000] "GET /4067214623 HTTP/1.0" 200 4303 "-" "Mozilla/5.0 AppleWebKit/537.36 (KHTML, like Gecko; compatible; ClaudeBot/1.0; +claudebot@anthropic.com)"
52.167.144.183 - - [30/Oct/2025:13:10:29 +0000] "GET /2684920001 HTTP/1.0" 200 26432 "-" "Mozilla/5.0 AppleWebKit/537.36 (KHTML, like Gecko; compatible; bingbot/2.0; +http://www.bing.com/bingbot.htm) Chrome/116.0.1938.76 Safari/537.36"
149.233.141.35 - - [30/Oct/2025:13:10:30 +0000] "GET /blog/oplata-booking/?fileloc=/var/www/www-root/data/www/oplatu.ru/public_html/wp-includes/class-wp-recovery-mode-link-service.php&path=/var/www/www-root/data/www/oplatu.ru/public_html/wp-includes HTTP/1.0" 200 4012 "-" "Mozilla/5.0 (compatible; MJ12bot/v1.4.8; http://mj12bot.com/)"
216.73.216.6 - - [30/Oct/2025:13:10:32 +0000] "GET /90790461 HTTP/1.0" 200 4303 "-" "Mozilla/5.0 AppleWebKit/537.36 (KHTML, like Gecko; compatible; ClaudeBot/1.0; +claudebot@anthropic.com)"
52.167.144.183 - - [30/Oct/2025:13:10:32 +0000] "GET /2440217183 HTTP/1.0" 200 27066 "-" "Mozilla/5.0 AppleWebKit/537.36 (KHTML, like Gecko; compatible; bingbot/2.0; +http://www.bing.com/bingbot.htm) Chrome/116.0.1938.76 Safari/537.36"
149.233.141.35 - - [30/Oct/2025:13:10:34 +0000] "GET /blog/oplata-booking/?fileloc=/var/www/www-root/data/www/oplatu.ru/public_html/wp-includes/class-wp-recovery-mode.php&path=/var/www/www-root/data/www/oplatu.ru/public_html/wp-includes HTTP/1.0" 200 6020 "-" "Mozilla/5.0 (compatible; MJ12bot/v1.4.8; http://mj12bot.com/)"
216.73.216.6 - - [30/Oct/2025:13:10:35 +0000] "GET /1276996500 HTTP/1.0" 200 4303 "-" "Mozilla/5.0 AppleWebKit/537.36 (KHTML, like Gecko; compatible; ClaudeBot/1.0; +claudebot@anthropic.com)"
52.167.144.183 - - [30/Oct/2025:13:10:36 +0000] "GET /3375753874 HTTP/1.0" 200 26119 "-" "Mozilla/5.0 AppleWebKit/537.36 (KHTML, like Gecko; compatible; bingbot/2.0; +http://www.bing.com/bingbot.htm) Chrome/116.0.1938.76 Safari/537.36"
216.73.216.6 - - [30/Oct/2025:13:10:38 +0000] "GET /1536634318 HTTP/1.0" 200 4303 "-" "Mozilla/5.0 AppleWebKit/537.36 (KHTML, like Gecko; compatible; ClaudeBot/1.0; +claudebot@anthropic.com)"
149.233.141.35 - - [30/Oct/2025:13:10:38 +0000] "GET /blog/oplata-booking/?fileloc=/var/www/www-root/data/www/oplatu.ru/public_html/wp-includes/class-wp-rewrite.php&path=/var/www/www-root/data/www/oplatu.ru/public_html/wp-includes HTTP/1.0" 200 17866 "-" "Mozilla/5.0 (compatible; MJ12bot/v1.4.8; http://mj12bot.com/)"
52.167.144.183 - - [30/Oct/2025:13:10:39 +0000] "GET /1373381204 HTTP/1.0" 200 26429 "-" "Mozilla/5.0 AppleWebKit/537.36 (KHTML, like Gecko; compatible; bingbot/2.0; +http://www.bing.com/bingbot.htm) Chrome/116.0.1938.76 Safari/537.36"
216.73.216.6 - - [30/Oct/2025:13:10:41 +0000] "GET /3280593507 HTTP/1.0" 200 4303 "-" "Mozilla/5.0 AppleWebKit/537.36 (KHTML, like Gecko; compatible; ClaudeBot/1.0; +claudebot@anthropic.com)"
149.233.141.35 - - [30/Oct/2025:13:10:42 +0000] "GET /blog/oplata-booking/?fileloc=/var/www/www-root/data/www/oplatu.ru/public_html/wp-includes/class-wp-role.php&path=/var/www/www-root/data/www/oplatu.ru/public_html/wp-includes HTTP/1.0" 200 3620 "-" "Mozilla/5.0 (compatible; MJ12bot/v1.4.8; http://mj12bot.com/)"
52.167.144.183 - - [30/Oct/2025:13:10:42 +0000] "GET /3680883064 HTTP/1.0" 200 27104 "-" "Mozilla/5.0 AppleWebKit/537.36 (KHTML, like Gecko; compatible; bingbot/2.0; +http://www.bing.com/bingbot.htm) Chrome/116.0.1938.76 Safari/537.36"
95.108.213.244 - - [30/Oct/2025:13:10:43 +0000] "GET /?yclid=7710547526903176844 HTTP/1.0" 200 4303 "-" "Mozilla/5.0 (compatible; YandexMetrika/2.0; +http://yandex.com/bots yabs01)"
216.73.216.6 - - [30/Oct/2025:13:10:44 +0000] "GET /3337360319 HTTP/1.0" 200 4303 "-" "Mozilla/5.0 AppleWebKit/537.36 (KHTML, like Gecko; compatible; ClaudeBot/1.0; +claudebot@anthropic.com)"
52.167.144.183 - - [30/Oct/2025:13:10:45 +0000] "GET /948436368 HTTP/1.0" 200 25712 "-" "Mozilla/5.0 AppleWebKit/537.36 (KHTML, like Gecko; compatible; bingbot/2.0; +http://www.bing.com/bingbot.htm) Chrome/116.0.1938.76 Safari/537.36"
149.233.141.35 - - [30/Oct/2025:13:10:46 +0000] "GET /blog/oplata-booking/?fileloc=/var/www/www-root/data/www/oplatu.ru/public_html/wp-includes/class-wp-roles.php&path=/var/www/www-root/data/www/oplatu.ru/public_html/wp-includes HTTP/1.0" 200 5192 "-" "Mozilla/5.0 (compatible; MJ12bot/v1.4.8; http://mj12bot.com/)"
216.73.216.6 - - [30/Oct/2025:13:10:47 +0000] "GET /2516592661 HTTP/1.0" 200 4303 "-" "Mozilla/5.0 AppleWebKit/537.36 (KHTML, like Gecko; compatible; ClaudeBot/1.0; +claudebot@anthropic.com)"
52.167.144.183 - - [30/Oct/2025:13:10:47 +0000] "GET /4229038220 HTTP/1.0" 200 26580 "-" "Mozilla/5.0 AppleWebKit/537.36 (KHTML, like Gecko; compatible; bingbot/2.0; +http://www.bing.com/bingbot.htm) Chrome/116.0.1938.76 Safari/537.36"
149.233.141.35 - - [30/Oct/2025:13:10:50 +0000] "GET /blog/oplata-booking/?fileloc=/var/www/www-root/data/www/oplatu.ru/public_html/wp-includes/class-wp-script-modules.php&path=/var/www/www-root/data/www/oplatu.ru/public_html/wp-includes HTTP/1.0" 200 5837 "-" "Mozilla/5.0 (compatible; MJ12bot/v1.4.8; http://mj12bot.com/)"
216.73.216.6 - - [30/Oct/2025:13:10:50 +0000] "GET /4212545075 HTTP/1.0" 200 4303 "-" "Mozilla/5.0 AppleWebKit/537.36 (KHTML, like Gecko; compatible; ClaudeBot/1.0; +claudebot@anthropic.com)"
52.167.144.183 - - [30/Oct/2025:13:10:50 +0000] "GET /2675274057 HTTP/1.0" 200 26909 "-" "Mozilla/5.0 AppleWebKit/537.36 (KHTML, like Gecko; compatible; bingbot/2.0; +http://www.bing.com/bingbot.htm) Chrome/116.0.1938.76 Safari/537.36"
216.73.216.6 - - [30/Oct/2025:13:10:53 +0000] "GET /2047870664 HTTP/1.0" 200 4303 "-" "Mozilla/5.0 AppleWebKit/537.36 (KHTML, like Gecko; compatible; ClaudeBot/1.0; +claudebot@anthropic.com)"
149.233.141.35 - - [30/Oct/2025:13:10:53 +0000] "GET /blog/oplata-booking/?fileloc=/var/www/www-root/data/www/oplatu.ru/public_html/wp-includes/class-wp-scripts.php&path=/var/www/www-root/data/www/oplatu.ru/public_html/wp-includes HTTP/1.0" 200 9446 "-" "Mozilla/5.0 (compatible; MJ12bot/v1.4.8; http://mj12bot.com/)"
52.167.144.183 - - [30/Oct/2025:13:10:53 +0000] "GET /833156255 HTTP/1.0" 200 26260 "-" "Mozilla/5.0 AppleWebKit/537.36 (KHTML, like Gecko; compatible; bingbot/2.0; +http://www.bing.com/bingbot.htm) Chrome/116.0.1938.76 Safari/537.36"
216.73.216.6 - - [30/Oct/2025:13:10:56 +0000] "GET /1933381511 HTTP/1.0" 200 4303 "-" "Mozilla/5.0 AppleWebKit/537.36 (KHTML, like Gecko; compatible; ClaudeBot/1.0; +claudebot@anthropic.com)"
