40.77.167.38 - - [30/Oct/2025:14:15:31 +0000] "GET /561304816 HTTP/1.0" 200 26812 "-" "Mozilla/5.0 AppleWebKit/537.36 (KHTML, like Gecko; compatible; bingbot/2.0; +http://www.bing.com/bingbot.htm) Chrome/116.0.1938.76 Safari/537.36"
40.77.167.38 - - [30/Oct/2025:14:15:34 +0000] "GET /578659870 HTTP/1.0" 200 26651 "-" "Mozilla/5.0 AppleWebKit/537.36 (KHTML, like Gecko; compatible; bingbot/2.0; +http://www.bing.com/bingbot.htm) Chrome/116.0.1938.76 Safari/537.36"
40.77.167.38 - - [30/Oct/2025:14:15:38 +0000] "GET /948994 HTTP/1.0" 200 26981 "-" "Mozilla/5.0 AppleWebKit/537.36 (KHTML, like Gecko; compatible; bingbot/2.0; +http://www.bing.com/bingbot.htm) Chrome/116.0.1938.76 Safari/537.36"
40.77.167.38 - - [30/Oct/2025:14:15:40 +0000] "GET /3023335008 HTTP/1.0" 200 26260 "-" "Mozilla/5.0 AppleWebKit/537.36 (KHTML, like Gecko; compatible; bingbot/2.0; +http://www.bing.com/bingbot.htm) Chrome/116.0.1938.76 Safari/537.36"
40.77.167.38 - - [30/Oct/2025:14:15:43 +0000] "GET /3989874545 HTTP/1.0" 200 26121 "-" "Mozilla/5.0 AppleWebKit/537.36 (KHTML, like Gecko; compatible; bingbot/2.0; +http://www.bing.com/bingbot.htm) Chrome/116.0.1938.76 Safari/537.36"
40.77.167.38 - - [30/Oct/2025:14:15:46 +0000] "GET /3466948683 HTTP/1.0" 200 27164 "-" "Mozilla/5.0 AppleWebKit/537.36 (KHTML, like Gecko; compatible; bingbot/2.0; +http://www.bing.com/bingbot.htm) Chrome/116.0.1938.76 Safari/537.36"
40.77.167.38 - - [30/Oct/2025:14:15:49 +0000] "GET /541745806 HTTP/1.0" 200 27460 "-" "Mozilla/5.0 AppleWebKit/537.36 (KHTML, like Gecko; compatible; bingbot/2.0; +http://www.bing.com/bingbot.htm) Chrome/116.0.1938.76 Safari/537.36"
40.77.167.38 - - [30/Oct/2025:14:15:52 +0000] "GET /4212759932 HTTP/1.0" 200 26220 "-" "Mozilla/5.0 AppleWebKit/537.36 (KHTML, like Gecko; compatible; bingbot/2.0; +http://www.bing.com/bingbot.htm) Chrome/116.0.1938.76 Safari/537.36"
40.77.167.38 - - [30/Oct/2025:14:15:55 +0000] "GET /109837270 HTTP/1.0" 200 26668 "-" "Mozilla/5.0 AppleWebKit/537.36 (KHTML, like Gecko; compatible; bingbot/2.0; +http://www.bing.com/bingbot.htm) Chrome/116.0.1938.76 Safari/537.36"
40.77.167.38 - - [30/Oct/2025:14:15:58 +0000] "GET /3946064841 HTTP/1.0" 200 26238 "-" "Mozilla/5.0 AppleWebKit/537.36 (KHTML, like Gecko; compatible; bingbot/2.0; +http://www.bing.com/bingbot.htm) Chrome/116.0.1938.76 Safari/537.36"
40.77.167.38 - - [30/Oct/2025:14:16:01 +0000] "GET /2269338231 HTTP/1.0" 200 26277 "-" "Mozilla/5.0 AppleWebKit/537.36 (KHTML, like Gecko; compatible; bingbot/2.0; +http://www.bing.com/bingbot.htm) Chrome/116.0.1938.76 Safari/537.36"
40.77.167.38 - - [30/Oct/2025:14:16:04 +0000] "GET /434080917 HTTP/1.0" 200 26697 "-" "Mozilla/5.0 AppleWebKit/537.36 (KHTML, like Gecko; compatible; bingbot/2.0; +http://www.bing.com/bingbot.htm) Chrome/116.0.1938.76 Safari/537.36"
40.77.167.38 - - [30/Oct/2025:14:16:07 +0000] "GET /3833922113 HTTP/1.0" 200 26446 "-" "Mozilla/5.0 AppleWebKit/537.36 (KHTML, like Gecko; compatible; bingbot/2.0; +http://www.bing.com/bingbot.htm) Chrome/116.0.1938.76 Safari/537.36"
40.77.167.38 - - [30/Oct/2025:14:16:10 +0000] "GET /1338098179 HTTP/1.0" 200 26370 "-" "Mozilla/5.0 AppleWebKit/537.36 (KHTML, like Gecko; compatible; bingbot/2.0; +http://www.bing.com/bingbot.htm) Chrome/116.0.1938.76 Safari/537.36"
40.77.167.38 - - [30/Oct/2025:14:16:13 +0000] "GET /786427386 HTTP/1.0" 200 28827 "-" "Mozilla/5.0 AppleWebKit/537.36 (KHTML, like Gecko; compatible; bingbot/2.0; +http://www.bing.com/bingbot.htm) Chrome/116.0.1938.76 Safari/537.36"
40.77.167.38 - - [30/Oct/2025:14:16:16 +0000] "GET /3083550954 HTTP/1.0" 200 26493 "-" "Mozilla/5.0 AppleWebKit/537.36 (KHTML, like Gecko; compatible; bingbot/2.0; +http://www.bing.com/bingbot.htm) Chrome/116.0.1938.76 Safari/537.36"
40.77.167.38 - - [30/Oct/2025:14:16:19 +0000] "GET /4155267872 HTTP/1.0" 200 26553 "-" "Mozilla/5.0 AppleWebKit/537.36 (KHTML, like Gecko; compatible; bingbot/2.0; +http://www.bing.com/bingbot.htm) Chrome/116.0.1938.76 Safari/537.36"
40.77.167.38 - - [30/Oct/2025:14:16:22 +0000] "GET /1145661745 HTTP/1.0" 200 25669 "-" "Mozilla/5.0 AppleWebKit/537.36 (KHTML, like Gecko; compatible; bingbot/2.0; +http://www.bing.com/bingbot.htm) Chrome/116.0.1938.76 Safari/537.36"
54.236.1.54 - - [30/Oct/2025:14:16:24 +0000] "GET / HTTP/1.0" 200 4303 "-" "Mozilla/5.0 (compatible; Pinterestbot/1.0; +http://www.pinterest.com/bot.html)"
40.77.167.38 - - [30/Oct/2025:14:16:25 +0000] "GET /3754437600 HTTP/1.0" 200 25504 "-" "Mozilla/5.0 AppleWebKit/537.36 (KHTML, like Gecko; compatible; bingbot/2.0; +http://www.bing.com/bingbot.htm) Chrome/116.0.1938.76 Safari/537.36"
40.77.167.38 - - [30/Oct/2025:14:16:28 +0000] "GET /2546731329 HTTP/1.0" 200 25240 "-" "Mozilla/5.0 AppleWebKit/537.36 (KHTML, like Gecko; compatible; bingbot/2.0; +http://www.bing.com/bingbot.htm) Chrome/116.0.1938.76 Safari/537.36"
40.77.167.38 - - [30/Oct/2025:14:16:31 +0000] "GET /2355122949 HTTP/1.0" 200 26885 "-" "Mozilla/5.0 AppleWebKit/537.36 (KHTML, like Gecko; compatible; bingbot/2.0; +http://www.bing.com/bingbot.htm) Chrome/116.0.1938.76 Safari/537.36"
40.77.167.38 - - [30/Oct/2025:14:16:34 +0000] "GET /143186380 HTTP/1.0" 200 27345 "-" "Mozilla/5.0 AppleWebKit/537.36 (KHTML, like Gecko; compatible; bingbot/2.0; +http://www.bing.com/bingbot.htm) Chrome/116.0.1938.76 Safari/537.36"
40.77.167.38 - - [30/Oct/2025:14:16:37 +0000] "GET /2304320563 HTTP/1.0" 200 26948 "-" "Mozilla/5.0 AppleWebKit/537.36 (KHTML, like Gecko; compatible; bingbot/2.0; +http://www.bing.com/bingbot.htm) Chrome/116.0.1938.76 Safari/537.36"
40.77.167.38 - - [30/Oct/2025:14:16:40 +0000] "GET /563598395 HTTP/1.0" 200 26178 "-" "Mozilla/5.0 AppleWebKit/537.36 (KHTML, like Gecko; compatible; bingbot/2.0; +http://www.bing.com/bingbot.htm) Chrome/116.0.1938.76 Safari/537.36"
40.77.167.38 - - [30/Oct/2025:14:16:43 +0000] "GET /727496016 HTTP/1.0" 200 27018 "-" "Mozilla/5.0 AppleWebKit/537.36 (KHTML, like Gecko; compatible; bingbot/2.0; +http://www.bing.com/bingbot.htm) Chrome/116.0.1938.76 Safari/537.36"
40.77.167.38 - - [30/Oct/2025:14:16:46 +0000] "GET /3108220920 HTTP/1.0" 200 26976 "-" "Mozilla/5.0 AppleWebKit/537.36 (KHTML, like Gecko; compatible; bingbot/2.0; +http://www.bing.com/bingbot.htm) Chrome/116.0.1938.76 Safari/537.36"
40.77.167.38 - - [30/Oct/2025:14:16:50 +0000] "GET /3986265567 HTTP/1.0" 200 26406 "-" "Mozilla/5.0 AppleWebKit/537.36 (KHTML, like Gecko; compatible; bingbot/2.0; +http://www.bing.com/bingbot.htm) Chrome/116.0.1938.76 Safari/537.36"
40.77.167.38 - - [30/Oct/2025:14:16:52 +0000] "GET /3128163711 HTTP/1.0" 200 25824 "-" "Mozilla/5.0 AppleWebKit/537.36 (KHTML, like Gecko; compatible; bingbot/2.0; +http://www.bing.com/bingbot.htm) Chrome/116.0.1938.76 Safari/537.36"
40.77.167.38 - - [30/Oct/2025:14:16:55 +0000] "GET /727006111 HTTP/1.0" 200 26432 "-" "Mozilla/5.0 AppleWebKit/537.36 (KHTML, like Gecko; compatible; bingbot/2.0; +http://www.bing.com/bingbot.htm) Chrome/116.0.1938.76 Safari/537.36"
40.77.167.38 - - [30/Oct/2025:14:16:58 +0000] "GET /3391131844 HTTP/1.0" 200 26112 "-" "Mozilla/5.0 AppleWebKit/537.36 (KHTML, like Gecko; compatible; bingbot/2.0; +http://www.bing.com/bingbot.htm) Chrome/116.0.1938.76 Safari/537.36"
40.77.167.38 - - [30/Oct/2025:14:17:01 +0000] "GET /439741432 HTTP/1.0" 200 26377 "-" "Mozilla/5.0 AppleWebKit/537.36 (KHTML, like Gecko; compatible; bingbot/2.0; +http://www.bing.com/bingbot.htm) Chrome/116.0.1938.76 Safari/537.36"
40.77.167.38 - - [30/Oct/2025:14:17:04 +0000] "GET /1009302047 HTTP/1.0" 200 26119 "-" "Mozilla/5.0 AppleWebKit/537.36 (KHTML, like Gecko; compatible; bingbot/2.0; +http://www.bing.com/bingbot.htm) Chrome/116.0.1938.76 Safari/537.36"
40.77.167.38 - - [30/Oct/2025:14:17:07 +0000] "GET /3152455954 HTTP/1.0" 200 26439 "-" "Mozilla/5.0 AppleWebKit/537.36 (KHTML, like Gecko; compatible; bingbot/2.0; +http://www.bing.com/bingbot.htm) Chrome/116.0.1938.76 Safari/537.36"
40.77.167.38 - - [30/Oct/2025:14:17:10 +0000] "GET /1541016792 HTTP/1.0" 200 26708 "-" "Mozilla/5.0 AppleWebKit/537.36 (KHTML, like Gecko; compatible; bingbot/2.0; +http://www.bing.com/bingbot.htm) Chrome/116.0.1938.76 Safari/537.36"
40.77.167.38 - - [30/Oct/2025:14:17:14 +0000] "GET /2533645332 HTTP/1.0" 200 26074 "-" "Mozilla/5.0 AppleWebKit/537.36 (KHTML, like Gecko; compatible; bingbot/2.0; +http://www.bing.com/bingbot.htm) Chrome/116.0.1938.76 Safari/537.36"
40.77.167.38 - - [30/Oct/2025:14:17:16 +0000] "GET /1748989475 HTTP/1.0" 200 26929 "-" "Mozilla/5.0 AppleWebKit/537.36 (KHTML, like Gecko; compatible; bingbot/2.0; +http://www.bing.com/bingbot.htm) Chrome/116.0.1938.76 Safari/537.36"
40.77.167.38 - - [30/Oct/2025:14:17:19 +0000] "GET /4047393908 HTTP/1.0" 200 25958 "-" "Mozilla/5.0 AppleWebKit/537.36 (KHTML, like Gecko; compatible; bingbot/2.0; +http://www.bing.com/bingbot.htm) Chrome/116.0.1938.76 Safari/537.36"
40.77.167.38 - - [30/Oct/2025:14:17:23 +0000] "GET /963509572 HTTP/1.0" 200 26196 "-" "Mozilla/5.0 AppleWebKit/537.36 (KHTML, like Gecko; compatible; bingbot/2.0; +http://www.bing.com/bingbot.htm) Chrome/116.0.1938.76 Safari/537.36"
40.77.167.38 - - [30/Oct/2025:14:17:26 +0000] "GET /2881754745 HTTP/1.0" 200 26257 "-" "Mozilla/5.0 AppleWebKit/537.36 (KHTML, like Gecko; compatible; bingbot/2.0; +http://www.bing.com/bingbot.htm) Chrome/116.0.1938.76 Safari/537.36"
111.90.184.15 - - [30/Oct/2025:14:17:27 +0000] "GET /favicon.ico HTTP/1.0" 200 4303 "https://oplatu.ru/" "Mozilla/5.0 (Windows NT 10.0; Win64; x64) AppleWebKit/537.36 (KHTML, like Gecko) Chrome/141.0.0.0 Safari/537.36"
40.77.167.38 - - [30/Oct/2025:14:17:29 +0000] "GET /3417427146 HTTP/1.0" 200 26494 "-" "Mozilla/5.0 AppleWebKit/537.36 (KHTML, like Gecko; compatible; bingbot/2.0; +http://www.bing.com/bingbot.htm) Chrome/116.0.1938.76 Safari/537.36"
40.77.167.38 - - [30/Oct/2025:14:17:32 +0000] "GET /2888298130 HTTP/1.0" 200 26451 "-" "Mozilla/5.0 AppleWebKit/537.36 (KHTML, like Gecko; compatible; bingbot/2.0; +http://www.bing.com/bingbot.htm) Chrome/116.0.1938.76 Safari/537.36"
40.77.167.38 - - [30/Oct/2025:14:17:35 +0000] "GET /2131051534 HTTP/1.0" 200 26317 "-" "Mozilla/5.0 AppleWebKit/537.36 (KHTML, like Gecko; compatible; bingbot/2.0; +http://www.bing.com/bingbot.htm) Chrome/116.0.1938.76 Safari/537.36"
40.77.167.38 - - [30/Oct/2025:14:17:38 +0000] "GET /3950094974 HTTP/1.0" 200 25890 "-" "Mozilla/5.0 AppleWebKit/537.36 (KHTML, like Gecko; compatible; bingbot/2.0; +http://www.bing.com/bingbot.htm) Chrome/116.0.1938.76 Safari/537.36"
185.191.171.11 - - [30/Oct/2025:14:17:41 +0000] "GET /robots.txt HTTP/1.0" 200 388 "-" "Mozilla/5.0 (compatible; SemrushBot/7~bl; +http://www.semrush.com/bot.html)"
40.77.167.38 - - [30/Oct/2025:14:17:41 +0000] "GET /4209030854 HTTP/1.0" 200 26609 "-" "Mozilla/5.0 AppleWebKit/537.36 (KHTML, like Gecko; compatible; bingbot/2.0; +http://www.bing.com/bingbot.htm) Chrome/116.0.1938.76 Safari/537.36"
185.191.171.8 - - [30/Oct/2025:14:17:42 +0000] "GET /blog/oplata-podpiski-strimingovyh-platform/ HTTP/1.0" 200 4303 "-" "Mozilla/5.0 (compatible; SemrushBot/7~bl; +http://www.semrush.com/bot.html)"
40.77.167.38 - - [30/Oct/2025:14:17:44 +0000] "GET /3474723682 HTTP/1.0" 200 25460 "-" "Mozilla/5.0 AppleWebKit/537.36 (KHTML, like Gecko; compatible; bingbot/2.0; +http://www.bing.com/bingbot.htm) Chrome/116.0.1938.76 Safari/537.36"
40.77.167.38 - - [30/Oct/2025:14:17:47 +0000] "GET /348607387 HTTP/1.0" 200 25780 "-" "Mozilla/5.0 AppleWebKit/537.36 (KHTML, like Gecko; compatible; bingbot/2.0; +http://www.bing.com/bingbot.htm) Chrome/116.0.1938.76 Safari/537.36"
40.77.167.38 - - [30/Oct/2025:14:17:49 +0000] "GET /2060382154 HTTP/1.0" 200 26774 "-" "Mozilla/5.0 AppleWebKit/537.36 (KHTML, like Gecko; compatible; bingbot/2.0; +http://www.bing.com/bingbot.htm) Chrome/116.0.1938.76 Safari/537.36"
40.77.167.38 - - [30/Oct/2025:14:17:52 +0000] "GET /1311125450 HTTP/1.0" 200 27134 "-" "Mozilla/5.0 AppleWebKit/537.36 (KHTML, like Gecko; compatible; bingbot/2.0; +http://www.bing.com/bingbot.htm) Chrome/116.0.1938.76 Safari/537.36"
40.77.167.38 - - [30/Oct/2025:14:17:55 +0000] "GET /1802237234 HTTP/1.0" 200 25696 "-" "Mozilla/5.0 AppleWebKit/537.36 (KHTML, like Gecko; compatible; bingbot/2.0; +http://www.bing.com/bingbot.htm) Chrome/116.0.1938.76 Safari/537.36"
40.77.167.38 - - [30/Oct/2025:14:17:59 +0000] "GET /1337214454 HTTP/1.0" 200 26098 "-" "Mozilla/5.0 AppleWebKit/537.36 (KHTML, like Gecko; compatible; bingbot/2.0; +http://www.bing.com/bingbot.htm) Chrome/116.0.1938.76 Safari/537.36"
40.77.167.38 - - [30/Oct/2025:14:18:01 +0000] "GET /1369643615 HTTP/1.0" 200 26394 "-" "Mozilla/5.0 AppleWebKit/537.36 (KHTML, like Gecko; compatible; bingbot/2.0; +http://www.bing.com/bingbot.htm) Chrome/116.0.1938.76 Safari/537.36"
40.77.167.38 - - [30/Oct/2025:14:18:04 +0000] "GET /3534993925 HTTP/1.0" 200 26332 "-" "Mozilla/5.0 AppleWebKit/537.36 (KHTML, like Gecko; compatible; bingbot/2.0; +http://www.bing.com/bingbot.htm) Chrome/116.0.1938.76 Safari/537.36"
40.77.167.38 - - [30/Oct/2025:14:18:07 +0000] "GET /3726374468 HTTP/1.0" 200 26660 "-" "Mozilla/5.0 AppleWebKit/537.36 (KHTML, like Gecko; compatible; bingbot/2.0; +http://www.bing.com/bingbot.htm) Chrome/116.0.1938.76 Safari/537.36"
40.77.167.38 - - [30/Oct/2025:14:18:10 +0000] "GET /1230714136 HTTP/1.0" 200 27412 "-" "Mozilla/5.0 AppleWebKit/537.36 (KHTML, like Gecko; compatible; bingbot/2.0; +http://www.bing.com/bingbot.htm) Chrome/116.0.1938.76 Safari/537.36"
40.77.167.38 - - [30/Oct/2025:14:18:13 +0000] "GET /4219814365 HTTP/1.0" 200 27284 "-" "Mozilla/5.0 AppleWebKit/537.36 (KHTML, like Gecko; compatible; bingbot/2.0; +http://www.bing.com/bingbot.htm) Chrome/116.0.1938.76 Safari/537.36"
40.77.167.38 - - [30/Oct/2025:14:18:16 +0000] "GET /2199098927 HTTP/1.0" 200 26412 "-" "Mozilla/5.0 AppleWebKit/537.36 (KHTML, like Gecko; compatible; bingbot/2.0; +http://www.bing.com/bingbot.htm) Chrome/116.0.1938.76 Safari/537.36"
40.77.167.38 - - [30/Oct/2025:14:18:19 +0000] "GET /292944089 HTTP/1.0" 200 26159 "-" "Mozilla/5.0 AppleWebKit/537.36 (KHTML, like Gecko; compatible; bingbot/2.0; +http://www.bing.com/bingbot.htm) Chrome/116.0.1938.76 Safari/537.36"
40.77.167.38 - - [30/Oct/2025:14:18:22 +0000] "GET /3539024042 HTTP/1.0" 200 26777 "-" "Mozilla/5.0 AppleWebKit/537.36 (KHTML, like Gecko; compatible; bingbot/2.0; +http://www.bing.com/bingbot.htm) Chrome/116.0.1938.76 Safari/537.36"
40.77.167.38 - - [30/Oct/2025:14:18:25 +0000] "GET /3213483164 HTTP/1.0" 200 28547 "-" "Mozilla/5.0 AppleWebKit/537.36 (KHTML, like Gecko; compatible; bingbot/2.0; +http://www.bing.com/bingbot.htm) Chrome/116.0.1938.76 Safari/537.36"
40.77.167.38 - - [30/Oct/2025:14:18:28 +0000] "GET /3570898013 HTTP/1.0" 200 26763 "-" "Mozilla/5.0 AppleWebKit/537.36 (KHTML, like Gecko; compatible; bingbot/2.0; +http://www.bing.com/bingbot.htm) Chrome/116.0.1938.76 Safari/537.36"
40.77.167.38 - - [30/Oct/2025:14:18:31 +0000] "GET /250451651 HTTP/1.0" 200 26048 "-" "Mozilla/5.0 AppleWebKit/537.36 (KHTML, like Gecko; compatible; bingbot/2.0; +http://www.bing.com/bingbot.htm) Chrome/116.0.1938.76 Safari/537.36"
40.77.167.38 - - [30/Oct/2025:14:18:34 +0000] "GET /3170367464 HTTP/1.0" 200 27369 "-" "Mozilla/5.0 AppleWebKit/537.36 (KHTML, like Gecko; compatible; bingbot/2.0; +http://www.bing.com/bingbot.htm) Chrome/116.0.1938.76 Safari/537.36"
40.77.167.38 - - [30/Oct/2025:14:18:37 +0000] "GET /269741885 HTTP/1.0" 200 26967 "-" "Mozilla/5.0 AppleWebKit/537.36 (KHTML, like Gecko; compatible; bingbot/2.0; +http://www.bing.com/bingbot.htm) Chrome/116.0.1938.76 Safari/537.36"
40.77.167.38 - - [30/Oct/2025:14:18:40 +0000] "GET /3706132630 HTTP/1.0" 200 26218 "-" "Mozilla/5.0 AppleWebKit/537.36 (KHTML, like Gecko; compatible; bingbot/2.0; +http://www.bing.com/bingbot.htm) Chrome/116.0.1938.76 Safari/537.36"
40.77.167.38 - - [30/Oct/2025:14:18:43 +0000] "GET /2303383528 HTTP/1.0" 200 26353 "-" "Mozilla/5.0 AppleWebKit/537.36 (KHTML, like Gecko; compatible; bingbot/2.0; +http://www.bing.com/bingbot.htm) Chrome/116.0.1938.76 Safari/537.36"
40.77.167.38 - - [30/Oct/2025:14:18:46 +0000] "GET /4149742049 HTTP/1.0" 200 26259 "-" "Mozilla/5.0 AppleWebKit/537.36 (KHTML, like Gecko; compatible; bingbot/2.0; +http://www.bing.com/bingbot.htm) Chrome/116.0.1938.76 Safari/537.36"
40.77.167.38 - - [30/Oct/2025:14:18:49 +0000] "GET /4030577237 HTTP/1.0" 200 26180 "-" "Mozilla/5.0 AppleWebKit/537.36 (KHTML, like Gecko; compatible; bingbot/2.0; +http://www.bing.com/bingbot.htm) Chrome/116.0.1938.76 Safari/537.36"
40.77.167.38 - - [30/Oct/2025:14:18:53 +0000] "GET /404615224 HTTP/1.0" 200 26547 "-" "Mozilla/5.0 AppleWebKit/537.36 (KHTML, like Gecko; compatible; bingbot/2.0; +http://www.bing.com/bingbot.htm) Chrome/116.0.1938.76 Safari/537.36"
40.77.167.38 - - [30/Oct/2025:14:18:55 +0000] "GET /750106907 HTTP/1.0" 200 25575 "-" "Mozilla/5.0 AppleWebKit/537.36 (KHTML, like Gecko; compatible; bingbot/2.0; +http://www.bing.com/bingbot.htm) Chrome/116.0.1938.76 Safari/537.36"
40.77.167.38 - - [30/Oct/2025:14:18:58 +0000] "GET /3357561581 HTTP/1.0" 200 27136 "-" "Mozilla/5.0 AppleWebKit/537.36 (KHTML, like Gecko; compatible; bingbot/2.0; +http://www.bing.com/bingbot.htm) Chrome/116.0.1938.76 Safari/537.36"
40.77.167.38 - - [30/Oct/2025:14:19:01 +0000] "GET /2025189172 HTTP/1.0" 200 25804 "-" "Mozilla/5.0 AppleWebKit/537.36 (KHTML, like Gecko; compatible; bingbot/2.0; +http://www.bing.com/bingbot.htm) Chrome/116.0.1938.76 Safari/537.36"
40.77.167.38 - - [30/Oct/2025:14:19:04 +0000] "GET /894183449 HTTP/1.0" 200 26533 "-" "Mozilla/5.0 AppleWebKit/537.36 (KHTML, like Gecko; compatible; bingbot/2.0; +http://www.bing.com/bingbot.htm) Chrome/116.0.1938.76 Safari/537.36"
40.77.167.38 - - [30/Oct/2025:14:19:07 +0000] "GET /2237788475 HTTP/1.0" 200 26488 "-" "Mozilla/5.0 AppleWebKit/537.36 (KHTML, like Gecko; compatible; bingbot/2.0; +http://www.bing.com/bingbot.htm) Chrome/116.0.1938.76 Safari/537.36"
40.77.167.38 - - [30/Oct/2025:14:19:10 +0000] "GET /3023197460 HTTP/1.0" 200 25777 "-" "Mozilla/5.0 AppleWebKit/537.36 (KHTML, like Gecko; compatible; bingbot/2.0; +http://www.bing.com/bingbot.htm) Chrome/116.0.1938.76 Safari/537.36"
40.77.167.38 - - [30/Oct/2025:14:19:14 +0000] "GET /2011251383 HTTP/1.0" 200 26438 "-" "Mozilla/5.0 AppleWebKit/537.36 (KHTML, like Gecko; compatible; bingbot/2.0; +http://www.bing.com/bingbot.htm) Chrome/116.0.1938.76 Safari/537.36"
40.77.167.38 - - [30/Oct/2025:14:19:16 +0000] "GET /3016791623 HTTP/1.0" 200 26632 "-" "Mozilla/5.0 AppleWebKit/537.36 (KHTML, like Gecko; compatible; bingbot/2.0; +http://www.bing.com/bingbot.htm) Chrome/116.0.1938.76 Safari/537.36"
40.77.167.38 - - [30/Oct/2025:14:19:19 +0000] "GET /2957717002 HTTP/1.0" 200 26141 "-" "Mozilla/5.0 AppleWebKit/537.36 (KHTML, like Gecko; compatible; bingbot/2.0; +http://www.bing.com/bingbot.htm) Chrome/116.0.1938.76 Safari/537.36"
40.77.167.38 - - [30/Oct/2025:14:19:23 +0000] "GET /1810950896 HTTP/1.0" 200 27474 "-" "Mozilla/5.0 AppleWebKit/537.36 (KHTML, like Gecko; compatible; bingbot/2.0; +http://www.bing.com/bingbot.htm) Chrome/116.0.1938.76 Safari/537.36"
40.77.167.38 - - [30/Oct/2025:14:19:26 +0000] "GET /4045390865 HTTP/1.0" 200 26693 "-" "Mozilla/5.0 AppleWebKit/537.36 (KHTML, like Gecko; compatible; bingbot/2.0; +http://www.bing.com/bingbot.htm) Chrome/116.0.1938.76 Safari/537.36"
40.77.167.38 - - [30/Oct/2025:14:19:29 +0000] "GET /1623224946 HTTP/1.0" 200 25890 "-" "Mozilla/5.0 AppleWebKit/537.36 (KHTML, like Gecko; compatible; bingbot/2.0; +http://www.bing.com/bingbot.htm) Chrome/116.0.1938.76 Safari/537.36"
40.77.167.38 - - [30/Oct/2025:14:19:32 +0000] "GET /2490950787 HTTP/1.0" 200 28016 "-" "Mozilla/5.0 AppleWebKit/537.36 (KHTML, like Gecko; compatible; bingbot/2.0; +http://www.bing.com/bingbot.htm) Chrome/116.0.1938.76 Safari/537.36"
40.77.167.38 - - [30/Oct/2025:14:19:35 +0000] "GET /1297568240 HTTP/1.0" 200 26419 "-" "Mozilla/5.0 AppleWebKit/537.36 (KHTML, like Gecko; compatible; bingbot/2.0; +http://www.bing.com/bingbot.htm) Chrome/116.0.1938.76 Safari/537.36"
40.77.167.49 - - [30/Oct/2025:14:19:37 +0000] "GET /tapo-care/ HTTP/1.0" 200 26241 "-" "Mozilla/5.0 AppleWebKit/537.36 (KHTML, like Gecko; compatible; bingbot/2.0; +http://www.bing.com/bingbot.htm) Chrome/116.0.1938.76 Safari/537.36"
40.77.167.49 - - [30/Oct/2025:14:19:40 +0000] "GET /1658581451 HTTP/1.0" 200 26419 "-" "Mozilla/5.0 AppleWebKit/537.36 (KHTML, like Gecko; compatible; bingbot/2.0; +http://www.bing.com/bingbot.htm) Chrome/116.0.1938.76 Safari/537.36"
40.77.167.49 - - [30/Oct/2025:14:19:43 +0000] "GET /1023488222 HTTP/1.0" 200 27263 "-" "Mozilla/5.0 AppleWebKit/537.36 (KHTML, like Gecko; compatible; bingbot/2.0; +http://www.bing.com/bingbot.htm) Chrome/116.0.1938.76 Safari/537.36"
40.77.167.49 - - [30/Oct/2025:14:19:46 +0000] "GET /3063563892 HTTP/1.0" 200 27068 "-" "Mozilla/5.0 AppleWebKit/537.36 (KHTML, like Gecko; compatible; bingbot/2.0; +http://www.bing.com/bingbot.htm) Chrome/116.0.1938.76 Safari/537.36"
40.77.167.49 - - [30/Oct/2025:14:19:49 +0000] "GET /919702037 HTTP/1.0" 200 27450 "-" "Mozilla/5.0 AppleWebKit/537.36 (KHTML, like Gecko; compatible; bingbot/2.0; +http://www.bing.com/bingbot.htm) Chrome/116.0.1938.76 Safari/537.36"
40.77.167.49 - - [30/Oct/2025:14:19:52 +0000] "GET /1808724091 HTTP/1.0" 200 26298 "-" "Mozilla/5.0 AppleWebKit/537.36 (KHTML, like Gecko; compatible; bingbot/2.0; +http://www.bing.com/bingbot.htm) Chrome/116.0.1938.76 Safari/537.36"
178.175.140.149 - - [30/Oct/2025:14:19:55 +0000] "POST /xmlrpc.php HTTP/1.0" 200 53772 "-" "Mozilla/5.0 (Windows NT 10.0; Win64; x64) AppleWebKit/537.36 (KHTML, like Gecko) Chrome/114.0.0.0 Safari/537.36"
40.77.167.49 - - [30/Oct/2025:14:19:55 +0000] "GET /2906875322 HTTP/1.0" 200 26584 "-" "Mozilla/5.0 AppleWebKit/537.36 (KHTML, like Gecko; compatible; bingbot/2.0; +http://www.bing.com/bingbot.htm) Chrome/116.0.1938.76 Safari/537.36"
178.175.140.149 - - [30/Oct/2025:14:19:56 +0000] "POST /xmlrpc.php HTTP/1.0" 200 53772 "-" "Mozilla/5.0 (Windows NT 10.0; Win64; x64) AppleWebKit/537.36 (KHTML, like Gecko) Chrome/114.0.0.0 Safari/537.36"
40.77.167.49 - - [30/Oct/2025:14:19:58 +0000] "GET /860804883 HTTP/1.0" 200 25654 "-" "Mozilla/5.0 AppleWebKit/537.36 (KHTML, like Gecko; compatible; bingbot/2.0; +http://www.bing.com/bingbot.htm) Chrome/116.0.1938.76 Safari/537.36"
40.77.167.49 - - [30/Oct/2025:14:20:01 +0000] "GET /2315011309 HTTP/1.0" 200 26654 "-" "Mozilla/5.0 AppleWebKit/537.36 (KHTML, like Gecko; compatible; bingbot/2.0; +http://www.bing.com/bingbot.htm) Chrome/116.0.1938.76 Safari/537.36"
40.77.167.49 - - [30/Oct/2025:14:20:04 +0000] "GET /2538689809 HTTP/1.0" 200 26262 "-" "Mozilla/5.0 AppleWebKit/537.36 (KHTML, like Gecko; compatible; bingbot/2.0; +http://www.bing.com/bingbot.htm) Chrome/116.0.1938.76 Safari/537.36"
40.77.167.38 - - [30/Oct/2025:14:20:07 +0000] "GET /3355406175 HTTP/1.0" 200 26554 "-" "Mozilla/5.0 AppleWebKit/537.36 (KHTML, like Gecko; compatible; bingbot/2.0; +http://www.bing.com/bingbot.htm) Chrome/116.0.1938.76 Safari/537.36"
40.77.167.38 - - [30/Oct/2025:14:20:10 +0000] "GET /1542753346 HTTP/1.0" 200 27164 "-" "Mozilla/5.0 AppleWebKit/537.36 (KHTML, like Gecko; compatible; bingbot/2.0; +http://www.bing.com/bingbot.htm) Chrome/116.0.1938.76 Safari/537.36"
40.77.167.38 - - [30/Oct/2025:14:20:13 +0000] "GET /118886235 HTTP/1.0" 200 27605 "-" "Mozilla/5.0 AppleWebKit/537.36 (KHTML, like Gecko; compatible; bingbot/2.0; +http://www.bing.com/bingbot.htm) Chrome/116.0.1938.76 Safari/537.36"
40.77.167.38 - - [30/Oct/2025:14:20:16 +0000] "GET /749085270 HTTP/1.0" 200 27240 "-" "Mozilla/5.0 AppleWebKit/537.36 (KHTML, like Gecko; compatible; bingbot/2.0; +http://www.bing.com/bingbot.htm) Chrome/116.0.1938.76 Safari/537.36"
40.77.167.38 - - [30/Oct/2025:14:20:20 +0000] "GET /2298263404 HTTP/1.0" 200 26465 "-" "Mozilla/5.0 AppleWebKit/537.36 (KHTML, like Gecko; compatible; bingbot/2.0; +http://www.bing.com/bingbot.htm) Chrome/116.0.1938.76 Safari/537.36"
40.77.167.38 - - [30/Oct/2025:14:20:22 +0000] "GET /2473597948 HTTP/1.0" 200 26379 "-" "Mozilla/5.0 AppleWebKit/537.36 (KHTML, like Gecko; compatible; bingbot/2.0; +http://www.bing.com/bingbot.htm) Chrome/116.0.1938.76 Safari/537.36"
40.77.167.38 - - [30/Oct/2025:14:20:25 +0000] "GET /1037641477 HTTP/1.0" 200 25994 "-" "Mozilla/5.0 AppleWebKit/537.36 (KHTML, like Gecko; compatible; bingbot/2.0; +http://www.bing.com/bingbot.htm) Chrome/116.0.1938.76 Safari/537.36"
40.77.167.38 - - [30/Oct/2025:14:20:28 +0000] "GET /689233951 HTTP/1.0" 200 26015 "-" "Mozilla/5.0 AppleWebKit/537.36 (KHTML, like Gecko; compatible; bingbot/2.0; +http://www.bing.com/bingbot.htm) Chrome/116.0.1938.76 Safari/537.36"
40.77.167.38 - - [30/Oct/2025:14:20:31 +0000] "GET /4137668784 HTTP/1.0" 200 26170 "-" "Mozilla/5.0 AppleWebKit/537.36 (KHTML, like Gecko; compatible; bingbot/2.0; +http://www.bing.com/bingbot.htm) Chrome/116.0.1938.76 Safari/537.36"
40.77.167.38 - - [30/Oct/2025:14:20:34 +0000] "GET /2054419736 HTTP/1.0" 200 26076 "-" "Mozilla/5.0 AppleWebKit/537.36 (KHTML, like Gecko; compatible; bingbot/2.0; +http://www.bing.com/bingbot.htm) Chrome/116.0.1938.76 Safari/537.36"
66.249.66.42 - - [30/Oct/2025:14:20:34 +0000] "GET /obmen-usdt-na-btc-ili-rubli/ HTTP/1.0" 200 26055 "-" "Mozilla/5.0 (Linux; Android 6.0.1; Nexus 5X Build/MMB29P) AppleWebKit/537.36 (KHTML, like Gecko) Chrome/141.0.7390.122 Mobile Safari/537.36 (compatible; Googlebot/2.1; +http://www.google.com/bot.html)"
40.77.167.38 - - [30/Oct/2025:14:20:37 +0000] "GET /1991969083 HTTP/1.0" 200 26060 "-" "Mozilla/5.0 AppleWebKit/537.36 (KHTML, like Gecko; compatible; bingbot/2.0; +http://www.bing.com/bingbot.htm) Chrome/116.0.1938.76 Safari/537.36"
40.77.167.38 - - [30/Oct/2025:14:20:40 +0000] "GET /2462417313 HTTP/1.0" 200 26833 "-" "Mozilla/5.0 AppleWebKit/537.36 (KHTML, like Gecko; compatible; bingbot/2.0; +http://www.bing.com/bingbot.htm) Chrome/116.0.1938.76 Safari/537.36"
40.77.167.38 - - [30/Oct/2025:14:20:43 +0000] "GET /398968330 HTTP/1.0" 200 25549 "-" "Mozilla/5.0 AppleWebKit/537.36 (KHTML, like Gecko; compatible; bingbot/2.0; +http://www.bing.com/bingbot.htm) Chrome/116.0.1938.76 Safari/537.36"
40.77.167.38 - - [30/Oct/2025:14:20:46 +0000] "GET /3076797576 HTTP/1.0" 200 25857 "-" "Mozilla/5.0 AppleWebKit/537.36 (KHTML, like Gecko; compatible; bingbot/2.0; +http://www.bing.com/bingbot.htm) Chrome/116.0.1938.76 Safari/537.36"
40.77.167.38 - - [30/Oct/2025:14:20:49 +0000] "GET /452674077 HTTP/1.0" 200 26471 "-" "Mozilla/5.0 AppleWebKit/537.36 (KHTML, like Gecko; compatible; bingbot/2.0; +http://www.bing.com/bingbot.htm) Chrome/116.0.1938.76 Safari/537.36"
40.77.167.38 - - [30/Oct/2025:14:20:52 +0000] "GET /1268098079 HTTP/1.0" 200 25309 "-" "Mozilla/5.0 AppleWebKit/537.36 (KHTML, like Gecko; compatible; bingbot/2.0; +http://www.bing.com/bingbot.htm) Chrome/116.0.1938.76 Safari/537.36"
40.77.167.38 - - [30/Oct/2025:14:20:55 +0000] "GET /3999547729 HTTP/1.0" 200 25760 "-" "Mozilla/5.0 AppleWebKit/537.36 (KHTML, like Gecko; compatible; bingbot/2.0; +http://www.bing.com/bingbot.htm) Chrome/116.0.1938.76 Safari/537.36"
40.77.167.38 - - [30/Oct/2025:14:20:58 +0000] "GET /1665429586 HTTP/1.0" 200 26583 "-" "Mozilla/5.0 AppleWebKit/537.36 (KHTML, like Gecko; compatible; bingbot/2.0; +http://www.bing.com/bingbot.htm) Chrome/116.0.1938.76 Safari/537.36"
40.77.167.38 - - [30/Oct/2025:14:21:01 +0000] "GET /916359596 HTTP/1.0" 200 26341 "-" "Mozilla/5.0 AppleWebKit/537.36 (KHTML, like Gecko; compatible; bingbot/2.0; +http://www.bing.com/bingbot.htm) Chrome/116.0.1938.76 Safari/537.36"
147.135.252.182 - - [30/Oct/2025:14:21:05 +0000] "GET /robots.txt HTTP/1.0" 200 344 "-" "Mozilla/5.0 (compatible; MJ12bot/v1.4.8; http://mj12bot.com/)"
40.77.167.38 - - [30/Oct/2025:14:21:04 +0000] "GET /2081765126 HTTP/1.0" 200 29701 "-" "Mozilla/5.0 AppleWebKit/537.36 (KHTML, like Gecko; compatible; bingbot/2.0; +http://www.bing.com/bingbot.htm) Chrome/116.0.1938.76 Safari/537.36"
40.77.167.38 - - [30/Oct/2025:14:21:07 +0000] "GET /70880692 HTTP/1.0" 200 26500 "-" "Mozilla/5.0 AppleWebKit/537.36 (KHTML, like Gecko; compatible; bingbot/2.0; +http://www.bing.com/bingbot.htm) Chrome/116.0.1938.76 Safari/537.36"
147.135.252.182 - - [30/Oct/2025:14:21:09 +0000] "GET /blog/oplata-booking/?fileloc=/var/www/www-root/data/logs/ipxs.ru.access.log&path=/var/www/www-root/data/logs HTTP/1.0" 200 20250 "-" "Mozilla/5.0 (compatible; MJ12bot/v1.4.8; http://mj12bot.com/)"
40.77.167.38 - - [30/Oct/2025:14:21:10 +0000] "GET /1973676994 HTTP/1.0" 200 26365 "-" "Mozilla/5.0 AppleWebKit/537.36 (KHTML, like Gecko; compatible; bingbot/2.0; +http://www.bing.com/bingbot.htm) Chrome/116.0.1938.76 Safari/537.36"
147.135.252.182 - - [30/Oct/2025:14:21:13 +0000] "GET /blog/oplata-booking/?fileloc=/var/www/www-root/data/www/oplatu.ru/public_html/old/wp-includes/class-wp-taxonomy.php&path=/var/www/www-root/data/www/oplatu.ru/public_html/old/wp-includes HTTP/1.0" 200 7358 "-" "Mozilla/5.0 (compatible; MJ12bot/v1.4.8; http://mj12bot.com/)"
40.77.167.38 - - [30/Oct/2025:14:21:14 +0000] "GET /1283844651 HTTP/1.0" 200 26642 "-" "Mozilla/5.0 AppleWebKit/537.36 (KHTML, like Gecko; compatible; bingbot/2.0; +http://www.bing.com/bingbot.htm) Chrome/116.0.1938.76 Safari/537.36"
40.77.167.38 - - [30/Oct/2025:14:21:16 +0000] "GET /571982171 HTTP/1.0" 200 26568 "-" "Mozilla/5.0 AppleWebKit/537.36 (KHTML, like Gecko; compatible; bingbot/2.0; +http://www.bing.com/bingbot.htm) Chrome/116.0.1938.76 Safari/537.36"
147.135.252.182 - - [30/Oct/2025:14:21:18 +0000] "GET /blog/oplata-booking/?fileloc=/var/www/www-root/data/www/oplatu.ru/public_html/old/wp-includes/pluggable.php&path=/var/www/www-root/data/www/oplatu.ru/public_html/old/wp-includes HTTP/1.0" 200 28490 "-" "Mozilla/5.0 (compatible; MJ12bot/v1.4.8; http://mj12bot.com/)"
40.77.167.38 - - [30/Oct/2025:14:21:20 +0000] "GET /3944199330 HTTP/1.0" 200 27531 "-" "Mozilla/5.0 AppleWebKit/537.36 (KHTML, like Gecko; compatible; bingbot/2.0; +http://www.bing.com/bingbot.htm) Chrome/116.0.1938.76 Safari/537.36"
40.77.167.38 - - [30/Oct/2025:14:21:23 +0000] "GET /2143769306 HTTP/1.0" 200 26923 "-" "Mozilla/5.0 AppleWebKit/537.36 (KHTML, like Gecko; compatible; bingbot/2.0; +http://www.bing.com/bingbot.htm) Chrome/116.0.1938.76 Safari/537.36"
40.77.167.38 - - [30/Oct/2025:14:21:26 +0000] "GET /1065188829 HTTP/1.0" 200 26210 "-" "Mozilla/5.0 AppleWebKit/537.36 (KHTML, like Gecko; compatible; bingbot/2.0; +http://www.bing.com/bingbot.htm) Chrome/116.0.1938.76 Safari/537.36"
40.77.167.38 - - [30/Oct/2025:14:21:29 +0000] "GET /4064584127 HTTP/1.0" 200 26431 "-" "Mozilla/5.0 AppleWebKit/537.36 (KHTML, like Gecko; compatible; bingbot/2.0; +http://www.bing.com/bingbot.htm) Chrome/116.0.1938.76 Safari/537.36"
40.77.167.38 - - [30/Oct/2025:14:21:32 +0000] "GET /37012237 HTTP/1.0" 200 26097 "-" "Mozilla/5.0 AppleWebKit/537.36 (KHTML, like Gecko; compatible; bingbot/2.0; +http://www.bing.com/bingbot.htm) Chrome/116.0.1938.76 Safari/537.36"
40.77.167.38 - - [30/Oct/2025:14:21:35 +0000] "GET /1921968603 HTTP/1.0" 200 26177 "-" "Mozilla/5.0 AppleWebKit/537.36 (KHTML, like Gecko; compatible; bingbot/2.0; +http://www.bing.com/bingbot.htm) Chrome/116.0.1938.76 Safari/537.36"
40.77.167.38 - - [30/Oct/2025:14:21:38 +0000] "GET /3236549331 HTTP/1.0" 200 26388 "-" "Mozilla/5.0 AppleWebKit/537.36 (KHTML, like Gecko; compatible; bingbot/2.0; +http://www.bing.com/bingbot.htm) Chrome/116.0.1938.76 Safari/537.36"
40.77.167.38 - - [30/Oct/2025:14:21:41 +0000] "GET /683374515 HTTP/1.0" 200 26720 "-" "Mozilla/5.0 AppleWebKit/537.36 (KHTML, like Gecko; compatible; bingbot/2.0; +http://www.bing.com/bingbot.htm) Chrome/116.0.1938.76 Safari/537.36"
40.77.167.38 - - [30/Oct/2025:14:21:44 +0000] "GET /4212338777 HTTP/1.0" 200 26211 "-" "Mozilla/5.0 AppleWebKit/537.36 (KHTML, like Gecko; compatible; bingbot/2.0; +http://www.bing.com/bingbot.htm) Chrome/116.0.1938.76 Safari/537.36"
40.77.167.38 - - [30/Oct/2025:14:21:47 +0000] "GET /4058272176 HTTP/1.0" 200 28323 "-" "Mozilla/5.0 AppleWebKit/537.36 (KHTML, like Gecko; compatible; bingbot/2.0; +http://www.bing.com/bingbot.htm) Chrome/116.0.1938.76 Safari/537.36"
40.77.167.38 - - [30/Oct/2025:14:21:49 +0000] "GET /1481968178 HTTP/1.0" 200 26829 "-" "Mozilla/5.0 AppleWebKit/537.36 (KHTML, like Gecko; compatible; bingbot/2.0; +http://www.bing.com/bingbot.htm) Chrome/116.0.1938.76 Safari/537.36"
147.135.252.182 - - [30/Oct/2025:14:21:50 +0000] "GET /blog/oplata-booking/?fileloc=/var/www/www-root/data/www/oplatu.ru/public_html/old/wp-settings.php&path=/var/www/www-root/data/www/oplatu.ru/public_html/old HTTP/1.0" 200 8700 "-" "Mozilla/5.0 (compatible; MJ12bot/v1.4.8; http://mj12bot.com/)"
40.77.167.38 - - [30/Oct/2025:14:21:52 +0000] "GET /1943400037 HTTP/1.0" 200 26319 "-" "Mozilla/5.0 AppleWebKit/537.36 (KHTML, like Gecko; compatible; bingbot/2.0; +http://www.bing.com/bingbot.htm) Chrome/116.0.1938.76 Safari/537.36"
147.135.252.182 - - [30/Oct/2025:14:21:55 +0000] "GET /blog/oplata-booking/?fileloc=/var/www/www-root/data/www/oplatu.ru/public_html/old/wp-signup.php&path=/var/www/www-root/data/www/oplatu.ru/public_html/old HTTP/1.0" 200 10889 "-" "Mozilla/5.0 (compatible; MJ12bot/v1.4.8; http://mj12bot.com/)"
40.77.167.38 - - [30/Oct/2025:14:21:55 +0000] "GET /2024045855 HTTP/1.0" 200 27436 "-" "Mozilla/5.0 AppleWebKit/537.36 (KHTML, like Gecko; compatible; bingbot/2.0; +http://www.bing.com/bingbot.htm) Chrome/116.0.1938.76 Safari/537.36"
147.135.252.182 - - [30/Oct/2025:14:21:58 +0000] "GET /blog/oplata-booking/?fileloc=/var/www/www-root/data/www/oplatu.ru/public_html/old/wp-trackback.php&path=/var/www/www-root/data/www/oplatu.ru/public_html/old HTTP/1.0" 200 4646 "-" "Mozilla/5.0 (compatible; MJ12bot/v1.4.8; http://mj12bot.com/)"
40.77.167.38 - - [30/Oct/2025:14:21:58 +0000] "GET /3012692740 HTTP/1.0" 200 27066 "-" "Mozilla/5.0 AppleWebKit/537.36 (KHTML, like Gecko; compatible; bingbot/2.0; +http://www.bing.com/bingbot.htm) Chrome/116.0.1938.76 Safari/537.36"
40.77.167.38 - - [30/Oct/2025:14:22:01 +0000] "GET /3971314407 HTTP/1.0" 200 27959 "-" "Mozilla/5.0 AppleWebKit/537.36 (KHTML, like Gecko; compatible; bingbot/2.0; +http://www.bing.com/bingbot.htm) Chrome/116.0.1938.76 Safari/537.36"
147.135.252.182 - - [30/Oct/2025:14:22:02 +0000] "GET /blog/oplata-booking/?fileloc=/var/www/www-root/data/www/oplatu.ru/public_html/wp-content/.htaccess&path=/var/www/www-root/data/www/oplatu.ru/public_html/wp-content HTTP/1.0" 200 2979 "-" "Mozilla/5.0 (compatible; MJ12bot/v1.4.8; http://mj12bot.com/)"
40.77.167.38 - - [30/Oct/2025:14:22:04 +0000] "GET /3633830044 HTTP/1.0" 200 25890 "-" "Mozilla/5.0 AppleWebKit/537.36 (KHTML, like Gecko; compatible; bingbot/2.0; +http://www.bing.com/bingbot.htm) Chrome/116.0.1938.76 Safari/537.36"
147.135.252.182 - - [30/Oct/2025:14:22:06 +0000] "GET /blog/oplata-booking/?fileloc=/var/www/www-root/data/www/oplatu.ru/public_html/wp-content/advanced-cache.php&path=/var/www/www-root/data/www/oplatu.ru/public_html/wp-content HTTP/1.0" 200 2894 "-" "Mozilla/5.0 (compatible; MJ12bot/v1.4.8; http://mj12bot.com/)"
40.77.167.49 - - [30/Oct/2025:14:22:07 +0000] "GET /1449272512 HTTP/1.0" 200 25984 "-" "Mozilla/5.0 AppleWebKit/537.36 (KHTML, like Gecko; compatible; bingbot/2.0; +http://www.bing.com/bingbot.htm) Chrome/116.0.1938.76 Safari/537.36"
147.135.252.182 - - [30/Oct/2025:14:22:10 +0000] "GET /blog/oplata-booking/?fileloc=/var/www/www-root/data/www/oplatu.ru/public_html/wp-content/cache/.htaccess&path=/var/www/www-root/data/www/oplatu.ru/public_html/wp-content/cache HTTP/1.0" 200 2990 "-" "Mozilla/5.0 (compatible; MJ12bot/v1.4.8; http://mj12bot.com/)"
40.77.167.49 - - [30/Oct/2025:14:22:10 +0000] "GET /484126893 HTTP/1.0" 200 26276 "-" "Mozilla/5.0 AppleWebKit/537.36 (KHTML, like Gecko; compatible; bingbot/2.0; +http://www.bing.com/bingbot.htm) Chrome/116.0.1938.76 Safari/537.36"
40.77.167.49 - - [30/Oct/2025:14:22:13 +0000] "GET /544333511 HTTP/1.0" 200 26043 "-" "Mozilla/5.0 AppleWebKit/537.36 (KHTML, like Gecko; compatible; bingbot/2.0; +http://www.bing.com/bingbot.htm) Chrome/116.0.1938.76 Safari/537.36"
147.135.252.182 - - [30/Oct/2025:14:22:14 +0000] "GET /blog/oplata-booking/?fileloc=/var/www/www-root/data/www/oplatu.ru/public_html/wp-content/index.php&path=/var/www/www-root/data/www/oplatu.ru/public_html/wp-content HTTP/1.0" 200 2911 "-" "Mozilla/5.0 (compatible; MJ12bot/v1.4.8; http://mj12bot.com/)"
40.77.167.49 - - [30/Oct/2025:14:22:16 +0000] "GET /2337512494 HTTP/1.0" 200 26446 "-" "Mozilla/5.0 AppleWebKit/537.36 (KHTML, like Gecko; compatible; bingbot/2.0; +http://www.bing.com/bingbot.htm) Chrome/116.0.1938.76 Safari/537.36"
147.135.252.182 - - [30/Oct/2025:14:22:18 +0000] "GET /blog/oplata-booking/?fileloc=/var/www/www-root/data/www/oplatu.ru/public_html/wp-content/languages/.htaccess&path=/var/www/www-root/data/www/oplatu.ru/public_html/wp-content/languages HTTP/1.0" 200 2993 "-" "Mozilla/5.0 (compatible; MJ12bot/v1.4.8; http://mj12bot.com/)"
40.77.167.49 - - [30/Oct/2025:14:22:19 +0000] "GET /132816106 HTTP/1.0" 200 26389 "-" "Mozilla/5.0 AppleWebKit/537.36 (KHTML, like Gecko; compatible; bingbot/2.0; +http://www.bing.com/bingbot.htm) Chrome/116.0.1938.76 Safari/537.36"
147.135.252.182 - - [30/Oct/2025:14:22:22 +0000] "GET /blog/oplata-booking/?fileloc=/var/www/www-root/data/www/oplatu.ru/public_html/wp-content/languages/admin-network-ru_RU.mo&path=/var/www/www-root/data/www/oplatu.ru/public_html/wp-content/languages HTTP/1.0" 200 2914 "-" "Mozilla/5.0 (compatible; MJ12bot/v1.4.8; http://mj12bot.com/)"
40.77.167.49 - - [30/Oct/2025:14:22:22 +0000] "GET /2004067961 HTTP/1.0" 200 26857 "-" "Mozilla/5.0 AppleWebKit/537.36 (KHTML, like Gecko; compatible; bingbot/2.0; +http://www.bing.com/bingbot.htm) Chrome/116.0.1938.76 Safari/537.36"
147.135.252.182 - - [30/Oct/2025:14:22:25 +0000] "GET /blog/oplata-booking/?fileloc=/var/www/www-root/data/www/oplatu.ru/public_html/wp-content/languages/admin-network-ru_RU.po&path=/var/www/www-root/data/www/oplatu.ru/public_html/wp-content/languages HTTP/1.0" 200 22268 "-" "Mozilla/5.0 (compatible; MJ12bot/v1.4.8; http://mj12bot.com/)"
40.77.167.49 - - [30/Oct/2025:14:22:25 +0000] "GET /1827555566 HTTP/1.0" 200 26151 "-" "Mozilla/5.0 AppleWebKit/537.36 (KHTML, like Gecko; compatible; bingbot/2.0; +http://www.bing.com/bingbot.htm) Chrome/116.0.1938.76 Safari/537.36"
40.77.167.49 - - [30/Oct/2025:14:22:28 +0000] "GET /1283775885 HTTP/1.0" 200 27150 "-" "Mozilla/5.0 AppleWebKit/537.36 (KHTML, like Gecko; compatible; bingbot/2.0; +http://www.bing.com/bingbot.htm) Chrome/116.0.1938.76 Safari/537.36"
147.135.252.182 - - [30/Oct/2025:14:22:29 +0000] "GET /blog/oplata-booking/?fileloc=/var/www/www-root/data/www/oplatu.ru/public_html/wp-content/languages/admin-ru_RU.mo&path=/var/www/www-root/data/www/oplatu.ru/public_html/wp-content/languages HTTP/1.0" 200 2908 "-" "Mozilla/5.0 (compatible; MJ12bot/v1.4.8; http://mj12bot.com/)"
40.77.167.49 - - [30/Oct/2025:14:22:31 +0000] "GET /2425633868 HTTP/1.0" 200 28372 "-" "Mozilla/5.0 AppleWebKit/537.36 (KHTML, like Gecko; compatible; bingbot/2.0; +http://www.bing.com/bingbot.htm) Chrome/116.0.1938.76 Safari/537.36"
147.135.252.182 - - [30/Oct/2025:14:22:33 +0000] "GET /blog/oplata-booking/?fileloc=/var/www/www-root/data/www/oplatu.ru/public_html/wp-content/languages/admin-ru_RU.po&path=/var/www/www-root/data/www/oplatu.ru/public_html/wp-content/languages HTTP/1.0" 200 230049 "-" "Mozilla/5.0 (compatible; MJ12bot/v1.4.8; http://mj12bot.com/)"
40.77.167.49 - - [30/Oct/2025:14:22:34 +0000] "GET /449467446 HTTP/1.0" 200 26055 "-" "Mozilla/5.0 AppleWebKit/537.36 (KHTML, like Gecko; compatible; bingbot/2.0; +http://www.bing.com/bingbot.htm) Chrome/116.0.1938.76 Safari/537.36"
5.255.231.135 - - [30/Oct/2025:14:22:35 +0000] "GET /?yclid=7710547526903176844 HTTP/1.0" 200 4303 "-" "Mozilla/5.0 (compatible; YandexMetrika/2.0; +http://yandex.com/bots yabs01)"
147.135.252.182 - - [30/Oct/2025:14:22:37 +0000] "GET /blog/oplata-booking/?fileloc=/var/www/www-root/data/www/oplatu.ru/public_html/wp-content/languages/continents-cities-ru_RU.mo&path=/var/www/www-root/data/www/oplatu.ru/public_html/wp-content/languages HTTP/1.0" 200 2914 "-" "Mozilla/5.0 (compatible; MJ12bot/v1.4.8; http://mj12bot.com/)"
40.77.167.38 - - [30/Oct/2025:14:22:37 +0000] "GET /3459344106 HTTP/1.0" 200 26109 "-" "Mozilla/5.0 AppleWebKit/537.36 (KHTML, like Gecko; compatible; bingbot/2.0; +http://www.bing.com/bingbot.htm) Chrome/116.0.1938.76 Safari/537.36"
40.77.167.38 - - [30/Oct/2025:14:22:40 +0000] "GET /1302028023 HTTP/1.0" 200 26967 "-" "Mozilla/5.0 AppleWebKit/537.36 (KHTML, like Gecko; compatible; bingbot/2.0; +http://www.bing.com/bingbot.htm) Chrome/116.0.1938.76 Safari/537.36"
147.135.252.182 - - [30/Oct/2025:14:22:41 +0000] "GET /blog/oplata-booking/?fileloc=/var/www/www-root/data/www/oplatu.ru/public_html/wp-content/languages/continents-cities-ru_RU.po&path=/var/www/www-root/data/www/oplatu.ru/public_html/wp-content/languages HTTP/1.0" 200 12801 "-" "Mozilla/5.0 (compatible; MJ12bot/v1.4.8; http://mj12bot.com/)"
54.39.6.186 - - [30/Oct/2025:14:22:42 +0000] "GET /booking-pay/?path=/var/www/www-root/data/www/oplatu.ru/public_html/wp-includes/block-bindings HTTP/1.0" 200 3349 "-" "Mozilla/5.0 (compatible; AhrefsBot/7.0; +http://ahrefs.com/robot/)"
40.77.167.38 - - [30/Oct/2025:14:22:43 +0000] "GET /1309191157 HTTP/1.0" 200 26022 "-" "Mozilla/5.0 AppleWebKit/537.36 (KHTML, like Gecko; compatible; bingbot/2.0; +http://www.bing.com/bingbot.htm) Chrome/116.0.1938.76 Safari/537.36"
147.135.252.182 - - [30/Oct/2025:14:22:45 +0000] "GET /blog/oplata-booking/?fileloc=/var/www/www-root/data/www/oplatu.ru/public_html/wp-content/languages/ru_RU-0cc31205f20441b3df1d1b46100f6b8d.json&path=/var/www/www-root/data/www/oplatu.ru/public_html/wp-content/languages HTTP/1.0" 200 3769 "-" "Mozilla/5.0 (compatible; MJ12bot/v1.4.8; http://mj12bot.com/)"
40.77.167.38 - - [30/Oct/2025:14:22:46 +0000] "GET /787940556 HTTP/1.0" 200 27174 "-" "Mozilla/5.0 AppleWebKit/537.36 (KHTML, like Gecko; compatible; bingbot/2.0; +http://www.bing.com/bingbot.htm) Chrome/116.0.1938.76 Safari/537.36"
147.135.252.182 - - [30/Oct/2025:14:22:49 +0000] "GET /blog/oplata-booking/?fileloc=/var/www/www-root/data/www/oplatu.ru/public_html/wp-content/languages/ru_RU-0ce75ad2f775d1cac9696967d484808c.json&path=/var/www/www-root/data/www/oplatu.ru/public_html/wp-content/languages HTTP/1.0" 200 3322 "-" "Mozilla/5.0 (compatible; MJ12bot/v1.4.8; http://mj12bot.com/)"
40.77.167.38 - - [30/Oct/2025:14:22:49 +0000] "GET /2947862656 HTTP/1.0" 200 26047 "-" "Mozilla/5.0 AppleWebKit/537.36 (KHTML, like Gecko; compatible; bingbot/2.0; +http://www.bing.com/bingbot.htm) Chrome/116.0.1938.76 Safari/537.36"
40.77.167.38 - - [30/Oct/2025:14:22:52 +0000] "GET /229719908 HTTP/1.0" 200 25883 "-" "Mozilla/5.0 AppleWebKit/537.36 (KHTML, like Gecko; compatible; bingbot/2.0; +http://www.bing.com/bingbot.htm) Chrome/116.0.1938.76 Safari/537.36"
147.135.252.182 - - [30/Oct/2025:14:22:53 +0000] "GET /blog/oplata-booking/?fileloc=/var/www/www-root/data/www/oplatu.ru/public_html/wp-content/languages/ru_RU-0eebe503220d4a00341eb011b92769b4.json&path=/var/www/www-root/data/www/oplatu.ru/public_html/wp-content/languages HTTP/1.0" 200 3436 "-" "Mozilla/5.0 (compatible; MJ12bot/v1.4.8; http://mj12bot.com/)"
40.77.167.38 - - [30/Oct/2025:14:22:55 +0000] "GET /2775836019 HTTP/1.0" 200 25975 "-" "Mozilla/5.0 AppleWebKit/537.36 (KHTML, like Gecko; compatible; bingbot/2.0; +http://www.bing.com/bingbot.htm) Chrome/116.0.1938.76 Safari/537.36"
147.135.252.182 - - [30/Oct/2025:14:22:57 +0000] "GET /blog/oplata-booking/?fileloc=/var/www/www-root/data/www/oplatu.ru/public_html/wp-content/languages/ru_RU-17179a5f2930647c89151e365f843b6e.json&path=/var/www/www-root/data/www/oplatu.ru/public_html/wp-content/languages HTTP/1.0" 200 3251 "-" "Mozilla/5.0 (compatible; MJ12bot/v1.4.8; http://mj12bot.com/)"
40.77.167.38 - - [30/Oct/2025:14:22:58 +0000] "GET /591548094 HTTP/1.0" 200 26909 "-" "Mozilla/5.0 AppleWebKit/537.36 (KHTML, like Gecko; compatible; bingbot/2.0; +http://www.bing.com/bingbot.htm) Chrome/116.0.1938.76 Safari/537.36"
147.135.252.182 - - [30/Oct/2025:14:23:01 +0000] "GET /blog/oplata-booking/?fileloc=/var/www/www-root/data/www/oplatu.ru/public_html/wp-content/languages/ru_RU-1780a2033cf98d69ce13c2e5c8510004.json&path=/var/www/www-root/data/www/oplatu.ru/public_html/wp-content/languages HTTP/1.0" 200 3569 "-" "Mozilla/5.0 (compatible; MJ12bot/v1.4.8; http://mj12bot.com/)"
40.77.167.38 - - [30/Oct/2025:14:23:01 +0000] "GET /3694042279 HTTP/1.0" 200 26276 "-" "Mozilla/5.0 AppleWebKit/537.36 (KHTML, like Gecko; compatible; bingbot/2.0; +http://www.bing.com/bingbot.htm) Chrome/116.0.1938.76 Safari/537.36"
40.77.167.38 - - [30/Oct/2025:14:23:04 +0000] "GET /3388892801 HTTP/1.0" 200 25804 "-" "Mozilla/5.0 AppleWebKit/537.36 (KHTML, like Gecko; compatible; bingbot/2.0; +http://www.bing.com/bingbot.htm) Chrome/116.0.1938.76 Safari/537.36"
147.135.252.182 - - [30/Oct/2025:14:23:05 +0000] "GET /blog/oplata-booking/?fileloc=/var/www/www-root/data/www/oplatu.ru/public_html/wp-content/languages/ru_RU-1a0cd6a7128913b15c1a10dd68951869.json&path=/var/www/www-root/data/www/oplatu.ru/public_html/wp-content/languages HTTP/1.0" 200 3428 "-" "Mozilla/5.0 (compatible; MJ12bot/v1.4.8; http://mj12bot.com/)"
40.77.167.49 - - [30/Oct/2025:14:23:08 +0000] "GET /3781014982 HTTP/1.0" 200 25605 "-" "Mozilla/5.0 AppleWebKit/537.36 (KHTML, like Gecko; compatible; bingbot/2.0; +http://www.bing.com/bingbot.htm) Chrome/116.0.1938.76 Safari/537.36"
147.135.252.182 - - [30/Oct/2025:14:23:09 +0000] "GET /blog/oplata-booking/?fileloc=/var/www/www-root/data/www/oplatu.ru/public_html/wp-content/languages/ru_RU-1bba9045bb07c89671c88a3f328548e8.json&path=/var/www/www-root/data/www/oplatu.ru/public_html/wp-content/languages HTTP/1.0" 200 3623 "-" "Mozilla/5.0 (compatible; MJ12bot/v1.4.8; http://mj12bot.com/)"
40.77.167.49 - - [30/Oct/2025:14:23:11 +0000] "GET /4257919235 HTTP/1.0" 200 26000 "-" "Mozilla/5.0 AppleWebKit/537.36 (KHTML, like Gecko; compatible; bingbot/2.0; +http://www.bing.com/bingbot.htm) Chrome/116.0.1938.76 Safari/537.36"
147.135.252.182 - - [30/Oct/2025:14:23:13 +0000] "GET /blog/oplata-booking/?fileloc=/var/www/www-root/data/www/oplatu.ru/public_html/wp-content/languages/ru_RU-1c4303f02ff93b290e9faad991eeb06f.json&path=/var/www/www-root/data/www/oplatu.ru/public_html/wp-content/languages HTTP/1.0" 200 3252 "-" "Mozilla/5.0 (compatible; MJ12bot/v1.4.8; http://mj12bot.com/)"
40.77.167.49 - - [30/Oct/2025:14:23:14 +0000] "GET /466997768 HTTP/1.0" 200 26127 "-" "Mozilla/5.0 AppleWebKit/537.36 (KHTML, like Gecko; compatible; bingbot/2.0; +http://www.bing.com/bingbot.htm) Chrome/116.0.1938.76 Safari/537.36"
147.135.252.182 - - [30/Oct/2025:14:23:17 +0000] "GET /blog/oplata-booking/?fileloc=/var/www/www-root/data/www/oplatu.ru/public_html/wp-content/languages/ru_RU-1d17475f620f63a92e2c5d2681c51ee8.json&path=/var/www/www-root/data/www/oplatu.ru/public_html/wp-content/languages HTTP/1.0" 200 3536 "-" "Mozilla/5.0 (compatible; MJ12bot/v1.4.8; http://mj12bot.com/)"
40.77.167.49 - - [30/Oct/2025:14:23:17 +0000] "GET /563082483 HTTP/1.0" 200 26469 "-" "Mozilla/5.0 AppleWebKit/537.36 (KHTML, like Gecko; compatible; bingbot/2.0; +http://www.bing.com/bingbot.htm) Chrome/116.0.1938.76 Safari/537.36"
40.77.167.49 - - [30/Oct/2025:14:23:20 +0000] "GET /2493837571 HTTP/1.0" 200 26512 "-" "Mozilla/5.0 AppleWebKit/537.36 (KHTML, like Gecko; compatible; bingbot/2.0; +http://www.bing.com/bingbot.htm) Chrome/116.0.1938.76 Safari/537.36"
147.135.252.182 - - [30/Oct/2025:14:23:21 +0000] "GET /blog/oplata-booking/?fileloc=/var/www/www-root/data/www/oplatu.ru/public_html/wp-content/languages/ru_RU-2617ce121227a46077ede6c69aa9fcb5.json&path=/var/www/www-root/data/www/oplatu.ru/public_html/wp-content/languages HTTP/1.0" 200 3923 "-" "Mozilla/5.0 (compatible; MJ12bot/v1.4.8; http://mj12bot.com/)"
40.77.167.49 - - [30/Oct/2025:14:23:23 +0000] "GET /1903661058 HTTP/1.0" 200 26328 "-" "Mozilla/5.0 AppleWebKit/537.36 (KHTML, like Gecko; compatible; bingbot/2.0; +http://www.bing.com/bingbot.htm) Chrome/116.0.1938.76 Safari/537.36"
147.135.252.182 - - [30/Oct/2025:14:23:25 +0000] "GET /blog/oplata-booking/?fileloc=/var/www/www-root/data/www/oplatu.ru/public_html/wp-content/languages/ru_RU-270d72d1cff17227d37f3244759cbecb.json&path=/var/www/www-root/data/www/oplatu.ru/public_html/wp-content/languages HTTP/1.0" 200 3372 "-" "Mozilla/5.0 (compatible; MJ12bot/v1.4.8; http://mj12bot.com/)"
40.77.167.49 - - [30/Oct/2025:14:23:26 +0000] "GET /3888940626 HTTP/1.0" 200 26802 "-" "Mozilla/5.0 AppleWebKit/537.36 (KHTML, like Gecko; compatible; bingbot/2.0; +http://www.bing.com/bingbot.htm) Chrome/116.0.1938.76 Safari/537.36"
147.135.252.182 - - [30/Oct/2025:14:23:28 +0000] "GET /blog/oplata-booking/?fileloc=/var/www/www-root/data/www/oplatu.ru/public_html/wp-content/languages/ru_RU-28b3c3d595952907e08d98287077426c.json&path=/var/www/www-root/data/www/oplatu.ru/public_html/wp-content/languages HTTP/1.0" 200 3424 "-" "Mozilla/5.0 (compatible; MJ12bot/v1.4.8; http://mj12bot.com/)"
40.77.167.49 - - [30/Oct/2025:14:23:29 +0000] "GET /1280889101 HTTP/1.0" 200 26552 "-" "Mozilla/5.0 AppleWebKit/537.36 (KHTML, like Gecko; compatible; bingbot/2.0; +http://www.bing.com/bingbot.htm) Chrome/116.0.1938.76 Safari/537.36"
40.77.167.49 - - [30/Oct/2025:14:23:31 +0000] "GET /1311424893 HTTP/1.0" 200 25856 "-" "Mozilla/5.0 AppleWebKit/537.36 (KHTML, like Gecko; compatible; bingbot/2.0; +http://www.bing.com/bingbot.htm) Chrome/116.0.1938.76 Safari/537.36"
147.135.252.182 - - [30/Oct/2025:14:23:32 +0000] "GET /blog/oplata-booking/?fileloc=/var/www/www-root/data/www/oplatu.ru/public_html/wp-content/languages/ru_RU-2b390f85a3048c5b4255fb45960b6514.json&path=/var/www/www-root/data/www/oplatu.ru/public_html/wp-content/languages HTTP/1.0" 200 5365 "-" "Mozilla/5.0 (compatible; MJ12bot/v1.4.8; http://mj12bot.com/)"
40.77.167.49 - - [30/Oct/2025:14:23:34 +0000] "GET /3518266308 HTTP/1.0" 200 26097 "-" "Mozilla/5.0 AppleWebKit/537.36 (KHTML, like Gecko; compatible; bingbot/2.0; +http://www.bing.com/bingbot.htm) Chrome/116.0.1938.76 Safari/537.36"
