52.167.144.238 - - [30/Oct/2025:11:03:23 +0000] "GET /3096852779 HTTP/1.0" 200 26820 "-" "Mozilla/5.0 AppleWebKit/537.36 (KHTML, like Gecko; compatible; bingbot/2.0; +http://www.bing.com/bingbot.htm) Chrome/116.0.1938.76 Safari/537.36"
52.167.144.238 - - [30/Oct/2025:11:03:26 +0000] "GET /1182611653 HTTP/1.0" 200 26612 "-" "Mozilla/5.0 AppleWebKit/537.36 (KHTML, like Gecko; compatible; bingbot/2.0; +http://www.bing.com/bingbot.htm) Chrome/116.0.1938.76 Safari/537.36"
94.139.252.237 - - [30/Oct/2025:11:03:29 +0000] "GET / HTTP/1.0" 200 4303 "https://www.google.com/" "Mozilla/5.0 (iPhone; CPU iPhone OS 18_1_1 like Mac OS X) AppleWebKit/605.1.15 (KHTML, like Gecko) GSA/363.0.743255906 Mobile/15E148 Safari/604.1"
94.139.252.237 - - [30/Oct/2025:11:03:29 +0000] "GET / HTTP/1.0" 200 4303 "https://www.google.com/" "Mozilla/5.0 (iPhone; CPU iPhone OS 18_1_1 like Mac OS X) AppleWebKit/605.1.15 (KHTML, like Gecko) GSA/363.0.743255906 Mobile/15E148 Safari/604.1"
52.167.144.238 - - [30/Oct/2025:11:03:30 +0000] "GET /3874589964 HTTP/1.0" 200 25912 "-" "Mozilla/5.0 AppleWebKit/537.36 (KHTML, like Gecko; compatible; bingbot/2.0; +http://www.bing.com/bingbot.htm) Chrome/116.0.1938.76 Safari/537.36"
52.167.144.238 - - [30/Oct/2025:11:03:32 +0000] "GET /1772069619 HTTP/1.0" 200 26085 "-" "Mozilla/5.0 AppleWebKit/537.36 (KHTML, like Gecko; compatible; bingbot/2.0; +http://www.bing.com/bingbot.htm) Chrome/116.0.1938.76 Safari/537.36"
52.167.144.238 - - [30/Oct/2025:11:03:36 +0000] "GET /3652314471 HTTP/1.0" 200 26792 "-" "Mozilla/5.0 AppleWebKit/537.36 (KHTML, like Gecko; compatible; bingbot/2.0; +http://www.bing.com/bingbot.htm) Chrome/116.0.1938.76 Safari/537.36"
52.167.144.238 - - [30/Oct/2025:11:03:38 +0000] "GET /3871634050 HTTP/1.0" 200 27689 "-" "Mozilla/5.0 AppleWebKit/537.36 (KHTML, like Gecko; compatible; bingbot/2.0; +http://www.bing.com/bingbot.htm) Chrome/116.0.1938.76 Safari/537.36"
52.167.144.238 - - [30/Oct/2025:11:03:41 +0000] "GET /1396477284 HTTP/1.0" 200 26344 "-" "Mozilla/5.0 AppleWebKit/537.36 (KHTML, like Gecko; compatible; bingbot/2.0; +http://www.bing.com/bingbot.htm) Chrome/116.0.1938.76 Safari/537.36"
52.167.144.238 - - [30/Oct/2025:11:03:44 +0000] "GET /1150896684 HTTP/1.0" 200 26085 "-" "Mozilla/5.0 AppleWebKit/537.36 (KHTML, like Gecko; compatible; bingbot/2.0; +http://www.bing.com/bingbot.htm) Chrome/116.0.1938.76 Safari/537.36"
52.167.144.238 - - [30/Oct/2025:11:03:47 +0000] "GET /2220524674 HTTP/1.0" 200 26808 "-" "Mozilla/5.0 AppleWebKit/537.36 (KHTML, like Gecko; compatible; bingbot/2.0; +http://www.bing.com/bingbot.htm) Chrome/116.0.1938.76 Safari/537.36"
52.167.144.238 - - [30/Oct/2025:11:03:50 +0000] "GET /882325403 HTTP/1.0" 200 25952 "-" "Mozilla/5.0 AppleWebKit/537.36 (KHTML, like Gecko; compatible; bingbot/2.0; +http://www.bing.com/bingbot.htm) Chrome/116.0.1938.76 Safari/537.36"
52.167.144.238 - - [30/Oct/2025:11:03:53 +0000] "GET /2553332706 HTTP/1.0" 200 26203 "-" "Mozilla/5.0 AppleWebKit/537.36 (KHTML, like Gecko; compatible; bingbot/2.0; +http://www.bing.com/bingbot.htm) Chrome/116.0.1938.76 Safari/537.36"
52.167.144.238 - - [30/Oct/2025:11:03:56 +0000] "GET /3276159337 HTTP/1.0" 200 27949 "-" "Mozilla/5.0 AppleWebKit/537.36 (KHTML, like Gecko; compatible; bingbot/2.0; +http://www.bing.com/bingbot.htm) Chrome/116.0.1938.76 Safari/537.36"
52.167.144.238 - - [30/Oct/2025:11:03:59 +0000] "GET /4124816650 HTTP/1.0" 200 25867 "-" "Mozilla/5.0 AppleWebKit/537.36 (KHTML, like Gecko; compatible; bingbot/2.0; +http://www.bing.com/bingbot.htm) Chrome/116.0.1938.76 Safari/537.36"
52.167.144.238 - - [30/Oct/2025:11:04:02 +0000] "GET /915448536 HTTP/1.0" 200 26697 "-" "Mozilla/5.0 AppleWebKit/537.36 (KHTML, like Gecko; compatible; bingbot/2.0; +http://www.bing.com/bingbot.htm) Chrome/116.0.1938.76 Safari/537.36"
52.167.144.238 - - [30/Oct/2025:11:04:05 +0000] "GET /2961884667 HTTP/1.0" 200 26834 "-" "Mozilla/5.0 AppleWebKit/537.36 (KHTML, like Gecko; compatible; bingbot/2.0; +http://www.bing.com/bingbot.htm) Chrome/116.0.1938.76 Safari/537.36"
52.167.144.238 - - [30/Oct/2025:11:04:09 +0000] "GET /1488697541 HTTP/1.0" 200 25745 "-" "Mozilla/5.0 AppleWebKit/537.36 (KHTML, like Gecko; compatible; bingbot/2.0; +http://www.bing.com/bingbot.htm) Chrome/116.0.1938.76 Safari/537.36"
52.167.144.238 - - [30/Oct/2025:11:04:11 +0000] "GET /2811751211 HTTP/1.0" 200 27252 "-" "Mozilla/5.0 AppleWebKit/537.36 (KHTML, like Gecko; compatible; bingbot/2.0; +http://www.bing.com/bingbot.htm) Chrome/116.0.1938.76 Safari/537.36"
52.167.144.238 - - [30/Oct/2025:11:04:15 +0000] "GET /2686200866 HTTP/1.0" 200 26340 "-" "Mozilla/5.0 AppleWebKit/537.36 (KHTML, like Gecko; compatible; bingbot/2.0; +http://www.bing.com/bingbot.htm) Chrome/116.0.1938.76 Safari/537.36"
52.167.144.238 - - [30/Oct/2025:11:04:18 +0000] "GET /1831654449 HTTP/1.0" 200 26401 "-" "Mozilla/5.0 AppleWebKit/537.36 (KHTML, like Gecko; compatible; bingbot/2.0; +http://www.bing.com/bingbot.htm) Chrome/116.0.1938.76 Safari/537.36"
52.167.144.238 - - [30/Oct/2025:11:04:21 +0000] "GET /242554956 HTTP/1.0" 200 26188 "-" "Mozilla/5.0 AppleWebKit/537.36 (KHTML, like Gecko; compatible; bingbot/2.0; +http://www.bing.com/bingbot.htm) Chrome/116.0.1938.76 Safari/537.36"
52.167.144.238 - - [30/Oct/2025:11:04:24 +0000] "GET /3899218103 HTTP/1.0" 200 26568 "-" "Mozilla/5.0 AppleWebKit/537.36 (KHTML, like Gecko; compatible; bingbot/2.0; +http://www.bing.com/bingbot.htm) Chrome/116.0.1938.76 Safari/537.36"
52.167.144.238 - - [30/Oct/2025:11:04:27 +0000] "GET /622736079 HTTP/1.0" 200 27110 "-" "Mozilla/5.0 AppleWebKit/537.36 (KHTML, like Gecko; compatible; bingbot/2.0; +http://www.bing.com/bingbot.htm) Chrome/116.0.1938.76 Safari/537.36"
167.114.139.60 - - [30/Oct/2025:11:04:28 +0000] "GET /booking-pay/?fileloc=/var/www/www-root/data/www/oplatu.ru/public_html/xmlrpc.php&path=/var/www/www-root/data/www/oplatu.ru/public_html HTTP/1.0" 200 4285 "-" "Mozilla/5.0 (compatible; AhrefsBot/7.0; +http://ahrefs.com/robot/)"
52.167.144.238 - - [30/Oct/2025:11:04:30 +0000] "GET /3622901115 HTTP/1.0" 200 26180 "-" "Mozilla/5.0 AppleWebKit/537.36 (KHTML, like Gecko; compatible; bingbot/2.0; +http://www.bing.com/bingbot.htm) Chrome/116.0.1938.76 Safari/537.36"
52.167.144.238 - - [30/Oct/2025:11:04:33 +0000] "GET /1170307973 HTTP/1.0" 200 26311 "-" "Mozilla/5.0 AppleWebKit/537.36 (KHTML, like Gecko; compatible; bingbot/2.0; +http://www.bing.com/bingbot.htm) Chrome/116.0.1938.76 Safari/537.36"
52.167.144.238 - - [30/Oct/2025:11:04:36 +0000] "GET /1879874176 HTTP/1.0" 200 26302 "-" "Mozilla/5.0 AppleWebKit/537.36 (KHTML, like Gecko; compatible; bingbot/2.0; +http://www.bing.com/bingbot.htm) Chrome/116.0.1938.76 Safari/537.36"
52.167.144.238 - - [30/Oct/2025:11:04:38 +0000] "GET /2256955746 HTTP/1.0" 200 26248 "-" "Mozilla/5.0 AppleWebKit/537.36 (KHTML, like Gecko; compatible; bingbot/2.0; +http://www.bing.com/bingbot.htm) Chrome/116.0.1938.76 Safari/537.36"
52.167.144.238 - - [30/Oct/2025:11:04:41 +0000] "GET /2911799397 HTTP/1.0" 200 26605 "-" "Mozilla/5.0 AppleWebKit/537.36 (KHTML, like Gecko; compatible; bingbot/2.0; +http://www.bing.com/bingbot.htm) Chrome/116.0.1938.76 Safari/537.36"
52.167.144.238 - - [30/Oct/2025:11:04:44 +0000] "GET /3535062691 HTTP/1.0" 200 26457 "-" "Mozilla/5.0 AppleWebKit/537.36 (KHTML, like Gecko; compatible; bingbot/2.0; +http://www.bing.com/bingbot.htm) Chrome/116.0.1938.76 Safari/537.36"
52.167.144.238 - - [30/Oct/2025:11:04:47 +0000] "GET /1305834756 HTTP/1.0" 200 25773 "-" "Mozilla/5.0 AppleWebKit/537.36 (KHTML, like Gecko; compatible; bingbot/2.0; +http://www.bing.com/bingbot.htm) Chrome/116.0.1938.76 Safari/537.36"
52.167.144.238 - - [30/Oct/2025:11:04:50 +0000] "GET /1735705114 HTTP/1.0" 200 26184 "-" "Mozilla/5.0 AppleWebKit/537.36 (KHTML, like Gecko; compatible; bingbot/2.0; +http://www.bing.com/bingbot.htm) Chrome/116.0.1938.76 Safari/537.36"
52.167.144.238 - - [30/Oct/2025:11:04:53 +0000] "GET /2049667441 HTTP/1.0" 200 25985 "-" "Mozilla/5.0 AppleWebKit/537.36 (KHTML, like Gecko; compatible; bingbot/2.0; +http://www.bing.com/bingbot.htm) Chrome/116.0.1938.76 Safari/537.36"
52.167.144.238 - - [30/Oct/2025:11:04:56 +0000] "GET /1600962522 HTTP/1.0" 200 26663 "-" "Mozilla/5.0 AppleWebKit/537.36 (KHTML, like Gecko; compatible; bingbot/2.0; +http://www.bing.com/bingbot.htm) Chrome/116.0.1938.76 Safari/537.36"
52.167.144.238 - - [30/Oct/2025:11:04:59 +0000] "GET /691004721 HTTP/1.0" 200 26332 "-" "Mozilla/5.0 AppleWebKit/537.36 (KHTML, like Gecko; compatible; bingbot/2.0; +http://www.bing.com/bingbot.htm) Chrome/116.0.1938.76 Safari/537.36"
52.167.144.238 - - [30/Oct/2025:11:05:02 +0000] "GET /1972954800 HTTP/1.0" 200 26844 "-" "Mozilla/5.0 AppleWebKit/537.36 (KHTML, like Gecko; compatible; bingbot/2.0; +http://www.bing.com/bingbot.htm) Chrome/116.0.1938.76 Safari/537.36"
52.167.144.238 - - [30/Oct/2025:11:05:05 +0000] "GET /4035138722 HTTP/1.0" 200 26622 "-" "Mozilla/5.0 AppleWebKit/537.36 (KHTML, like Gecko; compatible; bingbot/2.0; +http://www.bing.com/bingbot.htm) Chrome/116.0.1938.76 Safari/537.36"
52.167.144.238 - - [30/Oct/2025:11:05:08 +0000] "GET /2184843986 HTTP/1.0" 200 26128 "-" "Mozilla/5.0 AppleWebKit/537.36 (KHTML, like Gecko; compatible; bingbot/2.0; +http://www.bing.com/bingbot.htm) Chrome/116.0.1938.76 Safari/537.36"
52.167.144.238 - - [30/Oct/2025:11:05:11 +0000] "GET /3692830180 HTTP/1.0" 200 25958 "-" "Mozilla/5.0 AppleWebKit/537.36 (KHTML, like Gecko; compatible; bingbot/2.0; +http://www.bing.com/bingbot.htm) Chrome/116.0.1938.76 Safari/537.36"
52.167.144.238 - - [30/Oct/2025:11:05:14 +0000] "GET /2754404569 HTTP/1.0" 200 26567 "-" "Mozilla/5.0 AppleWebKit/537.36 (KHTML, like Gecko; compatible; bingbot/2.0; +http://www.bing.com/bingbot.htm) Chrome/116.0.1938.76 Safari/537.36"
52.167.144.238 - - [30/Oct/2025:11:05:17 +0000] "GET /1891697990 HTTP/1.0" 200 26493 "-" "Mozilla/5.0 AppleWebKit/537.36 (KHTML, like Gecko; compatible; bingbot/2.0; +http://www.bing.com/bingbot.htm) Chrome/116.0.1938.76 Safari/537.36"
52.167.144.238 - - [30/Oct/2025:11:05:20 +0000] "GET /601181343 HTTP/1.0" 200 26582 "-" "Mozilla/5.0 AppleWebKit/537.36 (KHTML, like Gecko; compatible; bingbot/2.0; +http://www.bing.com/bingbot.htm) Chrome/116.0.1938.76 Safari/537.36"
52.167.144.238 - - [30/Oct/2025:11:05:23 +0000] "GET /2255349811 HTTP/1.0" 200 25762 "-" "Mozilla/5.0 AppleWebKit/537.36 (KHTML, like Gecko; compatible; bingbot/2.0; +http://www.bing.com/bingbot.htm) Chrome/116.0.1938.76 Safari/537.36"
52.167.144.238 - - [30/Oct/2025:11:05:26 +0000] "GET /3588858017 HTTP/1.0" 200 27023 "-" "Mozilla/5.0 AppleWebKit/537.36 (KHTML, like Gecko; compatible; bingbot/2.0; +http://www.bing.com/bingbot.htm) Chrome/116.0.1938.76 Safari/537.36"
52.167.144.238 - - [30/Oct/2025:11:05:29 +0000] "GET /3764499366 HTTP/1.0" 200 29832 "-" "Mozilla/5.0 AppleWebKit/537.36 (KHTML, like Gecko; compatible; bingbot/2.0; +http://www.bing.com/bingbot.htm) Chrome/116.0.1938.76 Safari/537.36"
173.225.109.134 - - [30/Oct/2025:11:05:30 +0000] "POST /xmlrpc.php HTTP/1.0" 200 4301 "-" "Mozilla/5.0 (Macintosh; Intel Mac OS X 10_13_2) AppleWebKit/537.36 (KHTML, like Gecko) Chrome/65.0.3298.3 Safari/537.36"
173.225.109.134 - - [30/Oct/2025:11:05:32 +0000] "POST /xmlrpc.php HTTP/1.0" 200 4301 "-" "Mozilla/5.0 (Macintosh; Intel Mac OS X 10_13_2) AppleWebKit/537.36 (KHTML, like Gecko) Chrome/65.0.3298.3 Safari/537.36"
52.167.144.238 - - [30/Oct/2025:11:05:32 +0000] "GET /3808672531 HTTP/1.0" 200 25958 "-" "Mozilla/5.0 AppleWebKit/537.36 (KHTML, like Gecko; compatible; bingbot/2.0; +http://www.bing.com/bingbot.htm) Chrome/116.0.1938.76 Safari/537.36"
52.167.144.238 - - [30/Oct/2025:11:05:35 +0000] "GET /3136430227 HTTP/1.0" 200 26524 "-" "Mozilla/5.0 AppleWebKit/537.36 (KHTML, like Gecko; compatible; bingbot/2.0; +http://www.bing.com/bingbot.htm) Chrome/116.0.1938.76 Safari/537.36"
173.225.109.134 - - [30/Oct/2025:11:05:38 +0000] "POST /xmlrpc.php HTTP/1.0" 200 4301 "-" "Mozilla/5.0 (Macintosh; Intel Mac OS X 10_13_2) AppleWebKit/537.36 (KHTML, like Gecko) Chrome/65.0.3298.3 Safari/537.36"
52.167.144.238 - - [30/Oct/2025:11:05:38 +0000] "GET /663919446 HTTP/1.0" 200 26446 "-" "Mozilla/5.0 AppleWebKit/537.36 (KHTML, like Gecko; compatible; bingbot/2.0; +http://www.bing.com/bingbot.htm) Chrome/116.0.1938.76 Safari/537.36"
52.167.144.238 - - [30/Oct/2025:11:05:41 +0000] "GET /3450289816 HTTP/1.0" 200 26358 "-" "Mozilla/5.0 AppleWebKit/537.36 (KHTML, like Gecko; compatible; bingbot/2.0; +http://www.bing.com/bingbot.htm) Chrome/116.0.1938.76 Safari/537.36"
52.167.144.238 - - [30/Oct/2025:11:05:45 +0000] "GET /2072120132 HTTP/1.0" 200 26186 "-" "Mozilla/5.0 AppleWebKit/537.36 (KHTML, like Gecko; compatible; bingbot/2.0; +http://www.bing.com/bingbot.htm) Chrome/116.0.1938.76 Safari/537.36"
52.167.144.238 - - [30/Oct/2025:11:05:48 +0000] "GET /2358025569 HTTP/1.0" 200 26155 "-" "Mozilla/5.0 AppleWebKit/537.36 (KHTML, like Gecko; compatible; bingbot/2.0; +http://www.bing.com/bingbot.htm) Chrome/116.0.1938.76 Safari/537.36"
52.167.144.238 - - [30/Oct/2025:11:05:50 +0000] "GET /3893716643 HTTP/1.0" 200 25532 "-" "Mozilla/5.0 AppleWebKit/537.36 (KHTML, like Gecko; compatible; bingbot/2.0; +http://www.bing.com/bingbot.htm) Chrome/116.0.1938.76 Safari/537.36"
52.167.144.238 - - [30/Oct/2025:11:05:53 +0000] "GET /598793353 HTTP/1.0" 200 27475 "-" "Mozilla/5.0 AppleWebKit/537.36 (KHTML, like Gecko; compatible; bingbot/2.0; +http://www.bing.com/bingbot.htm) Chrome/116.0.1938.76 Safari/537.36"
52.167.144.238 - - [30/Oct/2025:11:05:56 +0000] "GET /2757514753 HTTP/1.0" 200 27356 "-" "Mozilla/5.0 AppleWebKit/537.36 (KHTML, like Gecko; compatible; bingbot/2.0; +http://www.bing.com/bingbot.htm) Chrome/116.0.1938.76 Safari/537.36"
52.167.144.238 - - [30/Oct/2025:11:05:59 +0000] "GET /668508234 HTTP/1.0" 200 26577 "-" "Mozilla/5.0 AppleWebKit/537.36 (KHTML, like Gecko; compatible; bingbot/2.0; +http://www.bing.com/bingbot.htm) Chrome/116.0.1938.76 Safari/537.36"
52.167.144.238 - - [30/Oct/2025:11:06:02 +0000] "GET /3543028168 HTTP/1.0" 200 26938 "-" "Mozilla/5.0 AppleWebKit/537.36 (KHTML, like Gecko; compatible; bingbot/2.0; +http://www.bing.com/bingbot.htm) Chrome/116.0.1938.76 Safari/537.36"
52.167.144.238 - - [30/Oct/2025:11:06:05 +0000] "GET /2469215458 HTTP/1.0" 200 26903 "-" "Mozilla/5.0 AppleWebKit/537.36 (KHTML, like Gecko; compatible; bingbot/2.0; +http://www.bing.com/bingbot.htm) Chrome/116.0.1938.76 Safari/537.36"
52.167.144.238 - - [30/Oct/2025:11:06:08 +0000] "GET /4192303237 HTTP/1.0" 200 26212 "-" "Mozilla/5.0 AppleWebKit/537.36 (KHTML, like Gecko; compatible; bingbot/2.0; +http://www.bing.com/bingbot.htm) Chrome/116.0.1938.76 Safari/537.36"
52.167.144.238 - - [30/Oct/2025:11:06:11 +0000] "GET /746798620 HTTP/1.0" 200 26619 "-" "Mozilla/5.0 AppleWebKit/537.36 (KHTML, like Gecko; compatible; bingbot/2.0; +http://www.bing.com/bingbot.htm) Chrome/116.0.1938.76 Safari/537.36"
52.167.144.238 - - [30/Oct/2025:11:06:15 +0000] "GET /389097507 HTTP/1.0" 200 26043 "-" "Mozilla/5.0 AppleWebKit/537.36 (KHTML, like Gecko; compatible; bingbot/2.0; +http://www.bing.com/bingbot.htm) Chrome/116.0.1938.76 Safari/537.36"
52.167.144.238 - - [30/Oct/2025:11:06:18 +0000] "GET /2402313533 HTTP/1.0" 200 26598 "-" "Mozilla/5.0 AppleWebKit/537.36 (KHTML, like Gecko; compatible; bingbot/2.0; +http://www.bing.com/bingbot.htm) Chrome/116.0.1938.76 Safari/537.36"
52.167.144.238 - - [30/Oct/2025:11:06:20 +0000] "GET /267431845 HTTP/1.0" 200 26349 "-" "Mozilla/5.0 AppleWebKit/537.36 (KHTML, like Gecko; compatible; bingbot/2.0; +http://www.bing.com/bingbot.htm) Chrome/116.0.1938.76 Safari/537.36"
52.167.144.238 - - [30/Oct/2025:11:06:23 +0000] "GET /4128336590 HTTP/1.0" 200 26051 "-" "Mozilla/5.0 AppleWebKit/537.36 (KHTML, like Gecko; compatible; bingbot/2.0; +http://www.bing.com/bingbot.htm) Chrome/116.0.1938.76 Safari/537.36"
52.167.144.238 - - [30/Oct/2025:11:06:26 +0000] "GET /2117114734 HTTP/1.0" 200 26696 "-" "Mozilla/5.0 AppleWebKit/537.36 (KHTML, like Gecko; compatible; bingbot/2.0; +http://www.bing.com/bingbot.htm) Chrome/116.0.1938.76 Safari/537.36"
52.167.144.238 - - [30/Oct/2025:11:06:30 +0000] "GET /1113127085 HTTP/1.0" 200 26240 "-" "Mozilla/5.0 AppleWebKit/537.36 (KHTML, like Gecko; compatible; bingbot/2.0; +http://www.bing.com/bingbot.htm) Chrome/116.0.1938.76 Safari/537.36"
52.167.144.238 - - [30/Oct/2025:11:06:33 +0000] "GET /2705500268 HTTP/1.0" 200 26643 "-" "Mozilla/5.0 AppleWebKit/537.36 (KHTML, like Gecko; compatible; bingbot/2.0; +http://www.bing.com/bingbot.htm) Chrome/116.0.1938.76 Safari/537.36"
52.167.144.238 - - [30/Oct/2025:11:06:36 +0000] "GET /3082314856 HTTP/1.0" 200 26711 "-" "Mozilla/5.0 AppleWebKit/537.36 (KHTML, like Gecko; compatible; bingbot/2.0; +http://www.bing.com/bingbot.htm) Chrome/116.0.1938.76 Safari/537.36"
52.167.144.238 - - [30/Oct/2025:11:06:39 +0000] "GET /1030148819 HTTP/1.0" 200 26646 "-" "Mozilla/5.0 AppleWebKit/537.36 (KHTML, like Gecko; compatible; bingbot/2.0; +http://www.bing.com/bingbot.htm) Chrome/116.0.1938.76 Safari/537.36"
52.167.144.238 - - [30/Oct/2025:11:06:42 +0000] "GET /2769673870 HTTP/1.0" 200 26363 "-" "Mozilla/5.0 AppleWebKit/537.36 (KHTML, like Gecko; compatible; bingbot/2.0; +http://www.bing.com/bingbot.htm) Chrome/116.0.1938.76 Safari/537.36"
145.239.71.147 - - [30/Oct/2025:11:06:43 +0000] "GET /robots.txt HTTP/1.0" 200 344 "-" "Mozilla/5.0 (compatible; MJ12bot/v1.4.8; http://mj12bot.com/)"
52.167.144.238 - - [30/Oct/2025:11:06:45 +0000] "GET /3463477221 HTTP/1.0" 200 27332 "-" "Mozilla/5.0 AppleWebKit/537.36 (KHTML, like Gecko; compatible; bingbot/2.0; +http://www.bing.com/bingbot.htm) Chrome/116.0.1938.76 Safari/537.36"
145.239.71.147 - - [30/Oct/2025:11:06:46 +0000] "GET /blog/oplata-booking/?fileloc=/var/www/www-root/data/www/oplatu.ru/public_html/.htaccess&path=/var/www/www-root/data/www/oplatu.ru/public_html HTTP/1.0" 200 3659 "-" "Mozilla/5.0 (compatible; MJ12bot/v1.4.8; http://mj12bot.com/)"
52.167.144.238 - - [30/Oct/2025:11:06:48 +0000] "GET /2132753538 HTTP/1.0" 200 25591 "-" "Mozilla/5.0 AppleWebKit/537.36 (KHTML, like Gecko; compatible; bingbot/2.0; +http://www.bing.com/bingbot.htm) Chrome/116.0.1938.76 Safari/537.36"
145.239.71.147 - - [30/Oct/2025:11:06:50 +0000] "GET /blog/oplata-booking/?fileloc=/var/www/www-root/data/www/oplatu.ru/public_html/index.php&path=/var/www/www-root/data/www/oplatu.ru/public_html HTTP/1.0" 200 11899 "-" "Mozilla/5.0 (compatible; MJ12bot/v1.4.8; http://mj12bot.com/)"
52.167.144.238 - - [30/Oct/2025:11:06:50 +0000] "GET /1027193269 HTTP/1.0" 200 26742 "-" "Mozilla/5.0 AppleWebKit/537.36 (KHTML, like Gecko; compatible; bingbot/2.0; +http://www.bing.com/bingbot.htm) Chrome/116.0.1938.76 Safari/537.36"
52.167.144.238 - - [30/Oct/2025:11:06:53 +0000] "GET /3601932599 HTTP/1.0" 200 25420 "-" "Mozilla/5.0 AppleWebKit/537.36 (KHTML, like Gecko; compatible; bingbot/2.0; +http://www.bing.com/bingbot.htm) Chrome/116.0.1938.76 Safari/537.36"
145.239.71.147 - - [30/Oct/2025:11:06:54 +0000] "GET /blog/oplata-booking/?fileloc=/var/www/www-root/data/www/oplatu.ru/public_html/license.txt&path=/var/www/www-root/data/www/oplatu.ru/public_html HTTP/1.0" 200 10222 "-" "Mozilla/5.0 (compatible; MJ12bot/v1.4.8; http://mj12bot.com/)"
52.167.144.238 - - [30/Oct/2025:11:06:56 +0000] "GET /1940160896 HTTP/1.0" 200 25844 "-" "Mozilla/5.0 AppleWebKit/537.36 (KHTML, like Gecko; compatible; bingbot/2.0; +http://www.bing.com/bingbot.htm) Chrome/116.0.1938.76 Safari/537.36"
145.239.71.147 - - [30/Oct/2025:11:06:58 +0000] "GET /blog/oplata-booking/?fileloc=/var/www/www-root/data/www/oplatu.ru/public_html/postnews.php&path=/var/www/www-root/data/www/oplatu.ru/public_html HTTP/1.0" 200 5225 "-" "Mozilla/5.0 (compatible; MJ12bot/v1.4.8; http://mj12bot.com/)"
52.167.144.238 - - [30/Oct/2025:11:06:59 +0000] "GET /1389687698 HTTP/1.0" 200 27783 "-" "Mozilla/5.0 AppleWebKit/537.36 (KHTML, like Gecko; compatible; bingbot/2.0; +http://www.bing.com/bingbot.htm) Chrome/116.0.1938.76 Safari/537.36"
145.239.71.147 - - [30/Oct/2025:11:07:02 +0000] "GET /blog/oplata-booking/?fileloc=/var/www/www-root/data/www/oplatu.ru/public_html/readme.html&path=/var/www/www-root/data/www/oplatu.ru/public_html HTTP/1.0" 200 5909 "-" "Mozilla/5.0 (compatible; MJ12bot/v1.4.8; http://mj12bot.com/)"
52.167.144.238 - - [30/Oct/2025:11:07:02 +0000] "GET /756560842 HTTP/1.0" 200 25652 "-" "Mozilla/5.0 AppleWebKit/537.36 (KHTML, like Gecko; compatible; bingbot/2.0; +http://www.bing.com/bingbot.htm) Chrome/116.0.1938.76 Safari/537.36"
52.167.144.238 - - [30/Oct/2025:11:07:05 +0000] "GET /3707146990 HTTP/1.0" 200 26612 "-" "Mozilla/5.0 AppleWebKit/537.36 (KHTML, like Gecko; compatible; bingbot/2.0; +http://www.bing.com/bingbot.htm) Chrome/116.0.1938.76 Safari/537.36"
145.239.71.147 - - [30/Oct/2025:11:07:05 +0000] "GET /blog/oplata-booking/?fileloc=/var/www/www-root/data/www/oplatu.ru/public_html/robots.txt&path=/var/www/www-root/data/www/oplatu.ru/public_html HTTP/1.0" 200 2916 "-" "Mozilla/5.0 (compatible; MJ12bot/v1.4.8; http://mj12bot.com/)"
51.161.65.190 - - [30/Oct/2025:11:07:06 +0000] "GET /booking-pay/?fileloc=/var/www/www-root/data/www/oplatu.ru/public_html/wp-trackback.php&path=/var/www/www-root/data/www/oplatu.ru/public_html HTTP/1.0" 200 4636 "-" "Mozilla/5.0 (compatible; AhrefsBot/7.0; +http://ahrefs.com/robot/)"
52.167.144.238 - - [30/Oct/2025:11:07:08 +0000] "GET /2961257230 HTTP/1.0" 200 25767 "-" "Mozilla/5.0 AppleWebKit/537.36 (KHTML, like Gecko; compatible; bingbot/2.0; +http://www.bing.com/bingbot.htm) Chrome/116.0.1938.76 Safari/537.36"
145.239.71.147 - - [30/Oct/2025:11:07:09 +0000] "GET /blog/oplata-booking/?fileloc=/var/www/www-root/data/www/oplatu.ru/public_html/wp-activate.php&path=/var/www/www-root/data/www/oplatu.ru/public_html HTTP/1.0" 200 5359 "-" "Mozilla/5.0 (compatible; MJ12bot/v1.4.8; http://mj12bot.com/)"
52.167.144.238 - - [30/Oct/2025:11:07:11 +0000] "GET /3346632652 HTTP/1.0" 200 27501 "-" "Mozilla/5.0 AppleWebKit/537.36 (KHTML, like Gecko; compatible; bingbot/2.0; +http://www.bing.com/bingbot.htm) Chrome/116.0.1938.76 Safari/537.36"
145.239.71.147 - - [30/Oct/2025:11:07:13 +0000] "GET /blog/oplata-booking/?fileloc=/var/www/www-root/data/www/oplatu.ru/public_html/wp-blog-header.php&path=/var/www/www-root/data/www/oplatu.ru/public_html HTTP/1.0" 200 3224 "-" "Mozilla/5.0 (compatible; MJ12bot/v1.4.8; http://mj12bot.com/)"
52.167.144.238 - - [30/Oct/2025:11:07:14 +0000] "GET /1134532544 HTTP/1.0" 200 26112 "-" "Mozilla/5.0 AppleWebKit/537.36 (KHTML, like Gecko; compatible; bingbot/2.0; +http://www.bing.com/bingbot.htm) Chrome/116.0.1938.76 Safari/537.36"
145.239.71.147 - - [30/Oct/2025:11:07:17 +0000] "GET /blog/oplata-booking/?fileloc=/var/www/www-root/data/www/oplatu.ru/public_html/wp-comments-post.php&path=/var/www/www-root/data/www/oplatu.ru/public_html HTTP/1.0" 200 3920 "-" "Mozilla/5.0 (compatible; MJ12bot/v1.4.8; http://mj12bot.com/)"
52.167.144.238 - - [30/Oct/2025:11:07:17 +0000] "GET /3318002206 HTTP/1.0" 200 26801 "-" "Mozilla/5.0 AppleWebKit/537.36 (KHTML, like Gecko; compatible; bingbot/2.0; +http://www.bing.com/bingbot.htm) Chrome/116.0.1938.76 Safari/537.36"
52.167.144.238 - - [30/Oct/2025:11:07:20 +0000] "GET /2448251426 HTTP/1.0" 200 26958 "-" "Mozilla/5.0 AppleWebKit/537.36 (KHTML, like Gecko; compatible; bingbot/2.0; +http://www.bing.com/bingbot.htm) Chrome/116.0.1938.76 Safari/537.36"
145.239.71.147 - - [30/Oct/2025:11:07:21 +0000] "GET /blog/oplata-booking/?fileloc=/var/www/www-root/data/www/oplatu.ru/public_html/wp-config-sample.php&path=/var/www/www-root/data/www/oplatu.ru/public_html HTTP/1.0" 200 4079 "-" "Mozilla/5.0 (compatible; MJ12bot/v1.4.8; http://mj12bot.com/)"
52.167.144.238 - - [30/Oct/2025:11:07:23 +0000] "GET /6982154 HTTP/1.0" 200 27241 "-" "Mozilla/5.0 AppleWebKit/537.36 (KHTML, like Gecko; compatible; bingbot/2.0; +http://www.bing.com/bingbot.htm) Chrome/116.0.1938.76 Safari/537.36"
145.239.71.147 - - [30/Oct/2025:11:07:25 +0000] "GET /blog/oplata-booking/?fileloc=/var/www/www-root/data/www/oplatu.ru/public_html/wp-config.php&path=/var/www/www-root/data/www/oplatu.ru/public_html HTTP/1.0" 200 4658 "-" "Mozilla/5.0 (compatible; MJ12bot/v1.4.8; http://mj12bot.com/)"
52.167.144.238 - - [30/Oct/2025:11:07:26 +0000] "GET /152467240 HTTP/1.0" 200 26246 "-" "Mozilla/5.0 AppleWebKit/537.36 (KHTML, like Gecko; compatible; bingbot/2.0; +http://www.bing.com/bingbot.htm) Chrome/116.0.1938.76 Safari/537.36"
145.239.71.147 - - [30/Oct/2025:11:07:29 +0000] "GET /blog/oplata-booking/?fileloc=/var/www/www-root/data/www/oplatu.ru/public_html/wp-cron.php&path=/var/www/www-root/data/www/oplatu.ru/public_html HTTP/1.0" 200 4987 "-" "Mozilla/5.0 (compatible; MJ12bot/v1.4.8; http://mj12bot.com/)"
52.167.144.238 - - [30/Oct/2025:11:07:29 +0000] "GET /3859474917 HTTP/1.0" 200 26977 "-" "Mozilla/5.0 AppleWebKit/537.36 (KHTML, like Gecko; compatible; bingbot/2.0; +http://www.bing.com/bingbot.htm) Chrome/116.0.1938.76 Safari/537.36"
145.239.71.147 - - [30/Oct/2025:11:07:32 +0000] "GET /blog/oplata-booking/?fileloc=/var/www/www-root/data/www/oplatu.ru/public_html/wp-links-opml.php&path=/var/www/www-root/data/www/oplatu.ru/public_html HTTP/1.0" 200 4002 "-" "Mozilla/5.0 (compatible; MJ12bot/v1.4.8; http://mj12bot.com/)"
52.167.144.238 - - [30/Oct/2025:11:07:32 +0000] "GET /2775060895 HTTP/1.0" 200 25463 "-" "Mozilla/5.0 AppleWebKit/537.36 (KHTML, like Gecko; compatible; bingbot/2.0; +http://www.bing.com/bingbot.htm) Chrome/116.0.1938.76 Safari/537.36"
52.167.144.238 - - [30/Oct/2025:11:07:35 +0000] "GET /3419007090 HTTP/1.0" 200 26942 "-" "Mozilla/5.0 AppleWebKit/537.36 (KHTML, like Gecko; compatible; bingbot/2.0; +http://www.bing.com/bingbot.htm) Chrome/116.0.1938.76 Safari/537.36"
145.239.71.147 - - [30/Oct/2025:11:07:36 +0000] "GET /blog/oplata-booking/?fileloc=/var/www/www-root/data/www/oplatu.ru/public_html/wp-load.php&path=/var/www/www-root/data/www/oplatu.ru/public_html HTTP/1.0" 200 4642 "-" "Mozilla/5.0 (compatible; MJ12bot/v1.4.8; http://mj12bot.com/)"
52.167.144.238 - - [30/Oct/2025:11:07:38 +0000] "GET /3394130169 HTTP/1.0" 200 26047 "-" "Mozilla/5.0 AppleWebKit/537.36 (KHTML, like Gecko; compatible; bingbot/2.0; +http://www.bing.com/bingbot.htm) Chrome/116.0.1938.76 Safari/537.36"
145.239.71.147 - - [30/Oct/2025:11:07:40 +0000] "GET /blog/oplata-booking/?fileloc=/var/www/www-root/data/www/oplatu.ru/public_html/wp-mail.php&path=/var/www/www-root/data/www/oplatu.ru/public_html HTTP/1.0" 200 5818 "-" "Mozilla/5.0 (compatible; MJ12bot/v1.4.8; http://mj12bot.com/)"
52.167.144.238 - - [30/Oct/2025:11:07:41 +0000] "GET /131251650 HTTP/1.0" 200 26096 "-" "Mozilla/5.0 AppleWebKit/537.36 (KHTML, like Gecko; compatible; bingbot/2.0; +http://www.bing.com/bingbot.htm) Chrome/116.0.1938.76 Safari/537.36"
145.239.71.147 - - [30/Oct/2025:11:07:44 +0000] "GET /blog/oplata-booking/?fileloc=/var/www/www-root/data/www/oplatu.ru/public_html/wp-settings.php&path=/var/www/www-root/data/www/oplatu.ru/public_html HTTP/1.0" 200 8694 "-" "Mozilla/5.0 (compatible; MJ12bot/v1.4.8; http://mj12bot.com/)"
52.167.144.238 - - [30/Oct/2025:11:07:44 +0000] "GET /2606640294 HTTP/1.0" 200 25773 "-" "Mozilla/5.0 AppleWebKit/537.36 (KHTML, like Gecko; compatible; bingbot/2.0; +http://www.bing.com/bingbot.htm) Chrome/116.0.1938.76 Safari/537.36"
52.167.144.238 - - [30/Oct/2025:11:07:47 +0000] "GET /606443831 HTTP/1.0" 200 27397 "-" "Mozilla/5.0 AppleWebKit/537.36 (KHTML, like Gecko; compatible; bingbot/2.0; +http://www.bing.com/bingbot.htm) Chrome/116.0.1938.76 Safari/537.36"
145.239.71.147 - - [30/Oct/2025:11:07:48 +0000] "GET /blog/oplata-booking/?fileloc=/var/www/www-root/data/www/oplatu.ru/public_html/wp-signup.php&path=/var/www/www-root/data/www/oplatu.ru/public_html HTTP/1.0" 200 10880 "-" "Mozilla/5.0 (compatible; MJ12bot/v1.4.8; http://mj12bot.com/)"
52.167.144.238 - - [30/Oct/2025:11:07:51 +0000] "GET /163680795 HTTP/1.0" 200 25948 "-" "Mozilla/5.0 AppleWebKit/537.36 (KHTML, like Gecko; compatible; bingbot/2.0; +http://www.bing.com/bingbot.htm) Chrome/116.0.1938.76 Safari/537.36"
145.239.71.147 - - [30/Oct/2025:11:07:51 +0000] "GET /blog/oplata-booking/?fileloc=/var/www/www-root/data/www/oplatu.ru/public_html/wp-trackback.php&path=/var/www/www-root/data/www/oplatu.ru/public_html HTTP/1.0" 200 4636 "-" "Mozilla/5.0 (compatible; MJ12bot/v1.4.8; http://mj12bot.com/)"
52.167.144.238 - - [30/Oct/2025:11:07:53 +0000] "GET /1087643015 HTTP/1.0" 200 26559 "-" "Mozilla/5.0 AppleWebKit/537.36 (KHTML, like Gecko; compatible; bingbot/2.0; +http://www.bing.com/bingbot.htm) Chrome/116.0.1938.76 Safari/537.36"
145.239.71.147 - - [30/Oct/2025:11:07:55 +0000] "GET /blog/oplata-booking/?path=/ HTTP/1.0" 200 2858 "-" "Mozilla/5.0 (compatible; MJ12bot/v1.4.8; http://mj12bot.com/)"
52.167.144.238 - - [30/Oct/2025:11:07:56 +0000] "GET /1548443902 HTTP/1.0" 200 26190 "-" "Mozilla/5.0 AppleWebKit/537.36 (KHTML, like Gecko; compatible; bingbot/2.0; +http://www.bing.com/bingbot.htm) Chrome/116.0.1938.76 Safari/537.36"
145.239.71.147 - - [30/Oct/2025:11:07:59 +0000] "GET /blog/oplata-booking/?path=/var HTTP/1.0" 200 2867 "-" "Mozilla/5.0 (compatible; MJ12bot/v1.4.8; http://mj12bot.com/)"
52.167.144.238 - - [30/Oct/2025:11:07:59 +0000] "GET /3789479269 HTTP/1.0" 200 26724 "-" "Mozilla/5.0 AppleWebKit/537.36 (KHTML, like Gecko; compatible; bingbot/2.0; +http://www.bing.com/bingbot.htm) Chrome/116.0.1938.76 Safari/537.36"
52.167.144.238 - - [30/Oct/2025:11:08:02 +0000] "GET /2495410586 HTTP/1.0" 200 26633 "-" "Mozilla/5.0 AppleWebKit/537.36 (KHTML, like Gecko; compatible; bingbot/2.0; +http://www.bing.com/bingbot.htm) Chrome/116.0.1938.76 Safari/537.36"
145.239.71.147 - - [30/Oct/2025:11:08:03 +0000] "GET /blog/oplata-booking/?path=/var/www HTTP/1.0" 200 2877 "-" "Mozilla/5.0 (compatible; MJ12bot/v1.4.8; http://mj12bot.com/)"
52.167.144.238 - - [30/Oct/2025:11:08:05 +0000] "GET /4063046974 HTTP/1.0" 200 25784 "-" "Mozilla/5.0 AppleWebKit/537.36 (KHTML, like Gecko; compatible; bingbot/2.0; +http://www.bing.com/bingbot.htm) Chrome/116.0.1938.76 Safari/537.36"
145.239.71.147 - - [30/Oct/2025:11:08:07 +0000] "GET /blog/oplata-booking/?path=/var/www/www-root HTTP/1.0" 200 2885 "-" "Mozilla/5.0 (compatible; MJ12bot/v1.4.8; http://mj12bot.com/)"
52.167.144.238 - - [30/Oct/2025:11:08:08 +0000] "GET /2908353942 HTTP/1.0" 200 28567 "-" "Mozilla/5.0 AppleWebKit/537.36 (KHTML, like Gecko; compatible; bingbot/2.0; +http://www.bing.com/bingbot.htm) Chrome/116.0.1938.76 Safari/537.36"
145.239.71.147 - - [30/Oct/2025:11:08:10 +0000] "GET /blog/oplata-booking/?path=/var/www/www-root/data HTTP/1.0" 200 3327 "-" "Mozilla/5.0 (compatible; MJ12bot/v1.4.8; http://mj12bot.com/)"
52.167.144.238 - - [30/Oct/2025:11:08:11 +0000] "GET /4212407543 HTTP/1.0" 200 26391 "-" "Mozilla/5.0 AppleWebKit/537.36 (KHTML, like Gecko; compatible; bingbot/2.0; +http://www.bing.com/bingbot.htm) Chrome/116.0.1938.76 Safari/537.36"
145.239.71.147 - - [30/Oct/2025:11:08:14 +0000] "GET /blog/oplata-booking/?path=/var/www/www-root/data/www HTTP/1.0" 200 3195 "-" "Mozilla/5.0 (compatible; MJ12bot/v1.4.8; http://mj12bot.com/)"
52.167.144.238 - - [30/Oct/2025:11:08:14 +0000] "GET /404847513 HTTP/1.0" 200 25954 "-" "Mozilla/5.0 AppleWebKit/537.36 (KHTML, like Gecko; compatible; bingbot/2.0; +http://www.bing.com/bingbot.htm) Chrome/116.0.1938.76 Safari/537.36"
52.167.144.238 - - [30/Oct/2025:11:08:17 +0000] "GET /738824238 HTTP/1.0" 200 26400 "-" "Mozilla/5.0 AppleWebKit/537.36 (KHTML, like Gecko; compatible; bingbot/2.0; +http://www.bing.com/bingbot.htm) Chrome/116.0.1938.76 Safari/537.36"
145.239.71.147 - - [30/Oct/2025:11:08:18 +0000] "GET /blog/oplata-booking/?path=/var/www/www-root/data/www/oplatu.ru HTTP/1.0" 200 3365 "-" "Mozilla/5.0 (compatible; MJ12bot/v1.4.8; http://mj12bot.com/)"
52.167.144.238 - - [30/Oct/2025:11:08:20 +0000] "GET /3706201396 HTTP/1.0" 200 26978 "-" "Mozilla/5.0 AppleWebKit/537.36 (KHTML, like Gecko; compatible; bingbot/2.0; +http://www.bing.com/bingbot.htm) Chrome/116.0.1938.76 Safari/537.36"
145.239.71.147 - - [30/Oct/2025:11:08:22 +0000] "GET /blog/oplata-booking/?path=/var/www/www-root/data/www/oplatu.ru/public_html HTTP/1.0" 200 4303 "-" "Mozilla/5.0 (compatible; MJ12bot/v1.4.8; http://mj12bot.com/)"
52.167.144.238 - - [30/Oct/2025:11:08:23 +0000] "GET /1607002611 HTTP/1.0" 200 25898 "-" "Mozilla/5.0 AppleWebKit/537.36 (KHTML, like Gecko; compatible; bingbot/2.0; +http://www.bing.com/bingbot.htm) Chrome/116.0.1938.76 Safari/537.36"
68.221.67.173 - - [30/Oct/2025:11:08:24 +0000] "GET /eurosport/ HTTP/1.0" 200 4303 "-" "Mozilla/5.0 AppleWebKit/537.36 (KHTML, like Gecko); compatible; ChatGPT-User/1.0; +https://openai.com/bot"
145.239.71.147 - - [30/Oct/2025:11:08:26 +0000] "GET /blog/oplata-booking/?path=/var/www/www-root/data/www/oplatu.ru/public_html/cgi-bin HTTP/1.0" 200 3285 "-" "Mozilla/5.0 (compatible; MJ12bot/v1.4.8; http://mj12bot.com/)"
52.167.144.238 - - [30/Oct/2025:11:08:26 +0000] "GET /1861890814 HTTP/1.0" 200 26887 "-" "Mozilla/5.0 AppleWebKit/537.36 (KHTML, like Gecko; compatible; bingbot/2.0; +http://www.bing.com/bingbot.htm) Chrome/116.0.1938.76 Safari/537.36"
145.239.71.147 - - [30/Oct/2025:11:08:29 +0000] "GET /blog/oplata-booking/?path=/var/www/www-root/data/www/oplatu.ru/public_html/images HTTP/1.0" 200 3342 "-" "Mozilla/5.0 (compatible; MJ12bot/v1.4.8; http://mj12bot.com/)"
52.167.144.238 - - [30/Oct/2025:11:08:30 +0000] "GET /2826058805 HTTP/1.0" 200 26949 "-" "Mozilla/5.0 AppleWebKit/537.36 (KHTML, like Gecko; compatible; bingbot/2.0; +http://www.bing.com/bingbot.htm) Chrome/116.0.1938.76 Safari/537.36"
52.167.144.238 - - [30/Oct/2025:11:08:32 +0000] "GET /564595637 HTTP/1.0" 200 26709 "-" "Mozilla/5.0 AppleWebKit/537.36 (KHTML, like Gecko; compatible; bingbot/2.0; +http://www.bing.com/bingbot.htm) Chrome/116.0.1938.76 Safari/537.36"
145.239.71.147 - - [30/Oct/2025:11:08:33 +0000] "GET /blog/oplata-booking/?path=/var/www/www-root/data/www/oplatu.ru/public_html/old HTTP/1.0" 200 4246 "-" "Mozilla/5.0 (compatible; MJ12bot/v1.4.8; http://mj12bot.com/)"
52.167.144.238 - - [30/Oct/2025:11:08:35 +0000] "GET /1602406 HTTP/1.0" 200 26260 "-" "Mozilla/5.0 AppleWebKit/537.36 (KHTML, like Gecko; compatible; bingbot/2.0; +http://www.bing.com/bingbot.htm) Chrome/116.0.1938.76 Safari/537.36"
145.239.71.147 - - [30/Oct/2025:11:08:37 +0000] "GET /blog/oplata-booking/?path=/var/www/www-root/data/www/oplatu.ru/public_html/wp-admin HTTP/1.0" 200 6711 "-" "Mozilla/5.0 (compatible; MJ12bot/v1.4.8; http://mj12bot.com/)"
145.239.71.147 - - [30/Oct/2025:11:08:41 +0000] "GET /blog/oplata-booking/?path=/var/www/www-root/data/www/oplatu.ru/public_html/wp-content HTTP/1.0" 200 3648 "-" "Mozilla/5.0 (compatible; MJ12bot/v1.4.8; http://mj12bot.com/)"
52.167.144.238 - - [30/Oct/2025:11:08:43 +0000] "GET /1618215019 HTTP/1.0" 200 27246 "-" "Mozilla/5.0 AppleWebKit/537.36 (KHTML, like Gecko; compatible; bingbot/2.0; +http://www.bing.com/bingbot.htm) Chrome/116.0.1938.76 Safari/537.36"
145.239.71.147 - - [30/Oct/2025:11:08:45 +0000] "GET /blog/oplata-booking/?path=/var/www/www-root/data/www/oplatu.ru/public_html/wp-includes HTTP/1.0" 200 12231 "-" "Mozilla/5.0 (compatible; MJ12bot/v1.4.8; http://mj12bot.com/)"
52.167.144.238 - - [30/Oct/2025:11:08:45 +0000] "GET /3958352585 HTTP/1.0" 200 26361 "-" "Mozilla/5.0 AppleWebKit/537.36 (KHTML, like Gecko; compatible; bingbot/2.0; +http://www.bing.com/bingbot.htm) Chrome/116.0.1938.76 Safari/537.36"
52.167.144.238 - - [30/Oct/2025:11:08:48 +0000] "GET /3721737218 HTTP/1.0" 200 26871 "-" "Mozilla/5.0 AppleWebKit/537.36 (KHTML, like Gecko; compatible; bingbot/2.0; +http://www.bing.com/bingbot.htm) Chrome/116.0.1938.76 Safari/537.36"
52.167.144.238 - - [30/Oct/2025:11:08:52 +0000] "GET /2673339764 HTTP/1.0" 200 26816 "-" "Mozilla/5.0 AppleWebKit/537.36 (KHTML, like Gecko; compatible; bingbot/2.0; +http://www.bing.com/bingbot.htm) Chrome/116.0.1938.76 Safari/537.36"
52.167.144.177 - - [30/Oct/2025:11:08:54 +0000] "GET /70597101 HTTP/1.0" 200 27034 "-" "Mozilla/5.0 AppleWebKit/537.36 (KHTML, like Gecko; compatible; bingbot/2.0; +http://www.bing.com/bingbot.htm) Chrome/116.0.1938.76 Safari/537.36"
52.167.144.177 - - [30/Oct/2025:11:08:57 +0000] "GET /2652140619 HTTP/1.0" 200 26199 "-" "Mozilla/5.0 AppleWebKit/537.36 (KHTML, like Gecko; compatible; bingbot/2.0; +http://www.bing.com/bingbot.htm) Chrome/116.0.1938.76 Safari/537.36"
52.167.144.177 - - [30/Oct/2025:11:09:00 +0000] "GET /1569582824 HTTP/1.0" 200 25918 "-" "Mozilla/5.0 AppleWebKit/537.36 (KHTML, like Gecko; compatible; bingbot/2.0; +http://www.bing.com/bingbot.htm) Chrome/116.0.1938.76 Safari/537.36"
52.167.144.177 - - [30/Oct/2025:11:09:03 +0000] "GET /395266239 HTTP/1.0" 200 26264 "-" "Mozilla/5.0 AppleWebKit/537.36 (KHTML, like Gecko; compatible; bingbot/2.0; +http://www.bing.com/bingbot.htm) Chrome/116.0.1938.76 Safari/537.36"
52.167.144.177 - - [30/Oct/2025:11:09:06 +0000] "GET /3033465059 HTTP/1.0" 200 26327 "-" "Mozilla/5.0 AppleWebKit/537.36 (KHTML, like Gecko; compatible; bingbot/2.0; +http://www.bing.com/bingbot.htm) Chrome/116.0.1938.76 Safari/537.36"
52.167.144.177 - - [30/Oct/2025:11:09:09 +0000] "GET /3048280663 HTTP/1.0" 200 26300 "-" "Mozilla/5.0 AppleWebKit/537.36 (KHTML, like Gecko; compatible; bingbot/2.0; +http://www.bing.com/bingbot.htm) Chrome/116.0.1938.76 Safari/537.36"
52.167.144.177 - - [30/Oct/2025:11:09:12 +0000] "GET /688425905 HTTP/1.0" 200 27410 "-" "Mozilla/5.0 AppleWebKit/537.36 (KHTML, like Gecko; compatible; bingbot/2.0; +http://www.bing.com/bingbot.htm) Chrome/116.0.1938.76 Safari/537.36"
52.167.144.177 - - [30/Oct/2025:11:09:15 +0000] "GET /2972437849 HTTP/1.0" 200 27153 "-" "Mozilla/5.0 AppleWebKit/537.36 (KHTML, like Gecko; compatible; bingbot/2.0; +http://www.bing.com/bingbot.htm) Chrome/116.0.1938.76 Safari/537.36"
52.167.144.177 - - [30/Oct/2025:11:09:18 +0000] "GET /410717182 HTTP/1.0" 200 26298 "-" "Mozilla/5.0 AppleWebKit/537.36 (KHTML, like Gecko; compatible; bingbot/2.0; +http://www.bing.com/bingbot.htm) Chrome/116.0.1938.76 Safari/537.36"
52.167.144.177 - - [30/Oct/2025:11:09:21 +0000] "GET /2234618068 HTTP/1.0" 200 26320 "-" "Mozilla/5.0 AppleWebKit/537.36 (KHTML, like Gecko; compatible; bingbot/2.0; +http://www.bing.com/bingbot.htm) Chrome/116.0.1938.76 Safari/537.36"
40.77.167.73 - - [30/Oct/2025:11:09:24 +0000] "GET /2727384233 HTTP/1.0" 200 26680 "-" "Mozilla/5.0 AppleWebKit/537.36 (KHTML, like Gecko; compatible; bingbot/2.0; +http://www.bing.com/bingbot.htm) Chrome/116.0.1938.76 Safari/537.36"
54.39.89.172 - - [30/Oct/2025:11:09:26 +0000] "GET /booking-pay/?fileloc=/var/www/www-root/data/www/oplatu.ru/public_html/wp-signup.php&path=/var/www/www-root/data/www/oplatu.ru/public_html HTTP/1.0" 200 10880 "-" "Mozilla/5.0 (compatible; AhrefsBot/7.0; +http://ahrefs.com/robot/)"
213.180.203.20 - - [30/Oct/2025:11:09:27 +0000] "GET /?yclid=7710547526903176844 HTTP/1.0" 200 4303 "-" "Mozilla/5.0 (compatible; YandexMetrika/2.0; +http://yandex.com/bots yabs01)"
40.77.167.73 - - [30/Oct/2025:11:09:27 +0000] "GET /3013388959 HTTP/1.0" 200 26339 "-" "Mozilla/5.0 AppleWebKit/537.36 (KHTML, like Gecko; compatible; bingbot/2.0; +http://www.bing.com/bingbot.htm) Chrome/116.0.1938.76 Safari/537.36"
40.77.167.73 - - [30/Oct/2025:11:09:30 +0000] "GET /2804275623 HTTP/1.0" 200 30556 "-" "Mozilla/5.0 AppleWebKit/537.36 (KHTML, like Gecko; compatible; bingbot/2.0; +http://www.bing.com/bingbot.htm) Chrome/116.0.1938.76 Safari/537.36"
40.77.167.73 - - [30/Oct/2025:11:09:33 +0000] "GET /2792838716 HTTP/1.0" 200 26835 "-" "Mozilla/5.0 AppleWebKit/537.36 (KHTML, like Gecko; compatible; bingbot/2.0; +http://www.bing.com/bingbot.htm) Chrome/116.0.1938.76 Safari/537.36"
40.77.167.73 - - [30/Oct/2025:11:09:36 +0000] "GET /308081259 HTTP/1.0" 200 26522 "-" "Mozilla/5.0 AppleWebKit/537.36 (KHTML, like Gecko; compatible; bingbot/2.0; +http://www.bing.com/bingbot.htm) Chrome/116.0.1938.76 Safari/537.36"
40.77.167.73 - - [30/Oct/2025:11:09:39 +0000] "GET /2019009937 HTTP/1.0" 200 26614 "-" "Mozilla/5.0 AppleWebKit/537.36 (KHTML, like Gecko; compatible; bingbot/2.0; +http://www.bing.com/bingbot.htm) Chrome/116.0.1938.76 Safari/537.36"
40.77.167.73 - - [30/Oct/2025:11:09:42 +0000] "GET /2470427541 HTTP/1.0" 200 27322 "-" "Mozilla/5.0 AppleWebKit/537.36 (KHTML, like Gecko; compatible; bingbot/2.0; +http://www.bing.com/bingbot.htm) Chrome/116.0.1938.76 Safari/537.36"
40.77.167.73 - - [30/Oct/2025:11:09:45 +0000] "GET /1898556358 HTTP/1.0" 200 25997 "-" "Mozilla/5.0 AppleWebKit/537.36 (KHTML, like Gecko; compatible; bingbot/2.0; +http://www.bing.com/bingbot.htm) Chrome/116.0.1938.76 Safari/537.36"
40.77.167.73 - - [30/Oct/2025:11:09:48 +0000] "GET /1042915101 HTTP/1.0" 200 26802 "-" "Mozilla/5.0 AppleWebKit/537.36 (KHTML, like Gecko; compatible; bingbot/2.0; +http://www.bing.com/bingbot.htm) Chrome/116.0.1938.76 Safari/537.36"
40.77.167.73 - - [30/Oct/2025:11:09:53 +0000] "GET /3359958460 HTTP/1.0" 200 26610 "-" "Mozilla/5.0 AppleWebKit/537.36 (KHTML, like Gecko; compatible; bingbot/2.0; +http://www.bing.com/bingbot.htm) Chrome/116.0.1938.76 Safari/537.36"
40.77.167.73 - - [30/Oct/2025:11:09:57 +0000] "GET /737765591 HTTP/1.0" 200 26651 "-" "Mozilla/5.0 AppleWebKit/537.36 (KHTML, like Gecko; compatible; bingbot/2.0; +http://www.bing.com/bingbot.htm) Chrome/116.0.1938.76 Safari/537.36"
40.77.167.73 - - [30/Oct/2025:11:09:59 +0000] "GET /1368569032 HTTP/1.0" 200 26555 "-" "Mozilla/5.0 AppleWebKit/537.36 (KHTML, like Gecko; compatible; bingbot/2.0; +http://www.bing.com/bingbot.htm) Chrome/116.0.1938.76 Safari/537.36"
52.167.144.177 - - [30/Oct/2025:11:10:03 +0000] "GET /3758870243 HTTP/1.0" 200 26779 "-" "Mozilla/5.0 AppleWebKit/537.36 (KHTML, like Gecko; compatible; bingbot/2.0; +http://www.bing.com/bingbot.htm) Chrome/116.0.1938.76 Safari/537.36"
52.167.144.177 - - [30/Oct/2025:11:10:05 +0000] "GET /18419077 HTTP/1.0" 200 26070 "-" "Mozilla/5.0 AppleWebKit/537.36 (KHTML, like Gecko; compatible; bingbot/2.0; +http://www.bing.com/bingbot.htm) Chrome/116.0.1938.76 Safari/537.36"
52.167.144.177 - - [30/Oct/2025:11:10:08 +0000] "GET /2175986125 HTTP/1.0" 200 26035 "-" "Mozilla/5.0 AppleWebKit/537.36 (KHTML, like Gecko; compatible; bingbot/2.0; +http://www.bing.com/bingbot.htm) Chrome/116.0.1938.76 Safari/537.36"
52.167.144.177 - - [30/Oct/2025:11:10:11 +0000] "GET /862807942 HTTP/1.0" 200 26191 "-" "Mozilla/5.0 AppleWebKit/537.36 (KHTML, like Gecko; compatible; bingbot/2.0; +http://www.bing.com/bingbot.htm) Chrome/116.0.1938.76 Safari/537.36"
52.167.144.177 - - [30/Oct/2025:11:10:15 +0000] "GET /3363594741 HTTP/1.0" 200 26567 "-" "Mozilla/5.0 AppleWebKit/537.36 (KHTML, like Gecko; compatible; bingbot/2.0; +http://www.bing.com/bingbot.htm) Chrome/116.0.1938.76 Safari/537.36"
52.167.144.177 - - [30/Oct/2025:11:10:18 +0000] "GET /1713455749 HTTP/1.0" 200 25318 "-" "Mozilla/5.0 AppleWebKit/537.36 (KHTML, like Gecko; compatible; bingbot/2.0; +http://www.bing.com/bingbot.htm) Chrome/116.0.1938.76 Safari/537.36"
52.167.144.177 - - [30/Oct/2025:11:10:21 +0000] "GET /693178200 HTTP/1.0" 200 26671 "-" "Mozilla/5.0 AppleWebKit/537.36 (KHTML, like Gecko; compatible; bingbot/2.0; +http://www.bing.com/bingbot.htm) Chrome/116.0.1938.76 Safari/537.36"
52.167.144.177 - - [30/Oct/2025:11:10:24 +0000] "GET /1463606436 HTTP/1.0" 200 26843 "-" "Mozilla/5.0 AppleWebKit/537.36 (KHTML, like Gecko; compatible; bingbot/2.0; +http://www.bing.com/bingbot.htm) Chrome/116.0.1938.76 Safari/537.36"
52.167.144.177 - - [30/Oct/2025:11:10:27 +0000] "GET /3975120778 HTTP/1.0" 200 26473 "-" "Mozilla/5.0 AppleWebKit/537.36 (KHTML, like Gecko; compatible; bingbot/2.0; +http://www.bing.com/bingbot.htm) Chrome/116.0.1938.76 Safari/537.36"
52.167.144.177 - - [30/Oct/2025:11:10:31 +0000] "GET /2482027987 HTTP/1.0" 200 25985 "-" "Mozilla/5.0 AppleWebKit/537.36 (KHTML, like Gecko; compatible; bingbot/2.0; +http://www.bing.com/bingbot.htm) Chrome/116.0.1938.76 Safari/537.36"
52.167.144.177 - - [30/Oct/2025:11:10:33 +0000] "GET /2666723934 HTTP/1.0" 200 26660 "-" "Mozilla/5.0 AppleWebKit/537.36 (KHTML, like Gecko; compatible; bingbot/2.0; +http://www.bing.com/bingbot.htm) Chrome/116.0.1938.76 Safari/537.36"
52.167.144.177 - - [30/Oct/2025:11:10:36 +0000] "GET /2739938514 HTTP/1.0" 200 28067 "-" "Mozilla/5.0 AppleWebKit/537.36 (KHTML, like Gecko; compatible; bingbot/2.0; +http://www.bing.com/bingbot.htm) Chrome/116.0.1938.76 Safari/537.36"
52.167.144.177 - - [30/Oct/2025:11:10:39 +0000] "GET /1454918781 HTTP/1.0" 200 25969 "-" "Mozilla/5.0 AppleWebKit/537.36 (KHTML, like Gecko; compatible; bingbot/2.0; +http://www.bing.com/bingbot.htm) Chrome/116.0.1938.76 Safari/537.36"
52.167.144.177 - - [30/Oct/2025:11:10:42 +0000] "GET /1933312745 HTTP/1.0" 200 25931 "-" "Mozilla/5.0 AppleWebKit/537.36 (KHTML, like Gecko; compatible; bingbot/2.0; +http://www.bing.com/bingbot.htm) Chrome/116.0.1938.76 Safari/537.36"
52.167.144.177 - - [30/Oct/2025:11:10:45 +0000] "GET /2043164632 HTTP/1.0" 200 26356 "-" "Mozilla/5.0 AppleWebKit/537.36 (KHTML, like Gecko; compatible; bingbot/2.0; +http://www.bing.com/bingbot.htm) Chrome/116.0.1938.76 Safari/537.36"
52.167.144.177 - - [30/Oct/2025:11:10:47 +0000] "GET /2254791140 HTTP/1.0" 200 26574 "-" "Mozilla/5.0 AppleWebKit/537.36 (KHTML, like Gecko; compatible; bingbot/2.0; +http://www.bing.com/bingbot.htm) Chrome/116.0.1938.76 Safari/537.36"
52.167.144.177 - - [30/Oct/2025:11:10:50 +0000] "GET /3234984875 HTTP/1.0" 200 26734 "-" "Mozilla/5.0 AppleWebKit/537.36 (KHTML, like Gecko; compatible; bingbot/2.0; +http://www.bing.com/bingbot.htm) Chrome/116.0.1938.76 Safari/537.36"
52.167.144.177 - - [30/Oct/2025:11:10:53 +0000] "GET /3861409210 HTTP/1.0" 200 25547 "-" "Mozilla/5.0 AppleWebKit/537.36 (KHTML, like Gecko; compatible; bingbot/2.0; +http://www.bing.com/bingbot.htm) Chrome/116.0.1938.76 Safari/537.36"
52.167.144.177 - - [30/Oct/2025:11:10:56 +0000] "GET /981165697 HTTP/1.0" 200 26281 "-" "Mozilla/5.0 AppleWebKit/537.36 (KHTML, like Gecko; compatible; bingbot/2.0; +http://www.bing.com/bingbot.htm) Chrome/116.0.1938.76 Safari/537.36"
52.167.144.177 - - [30/Oct/2025:11:10:59 +0000] "GET /2948558859 HTTP/1.0" 200 27604 "-" "Mozilla/5.0 AppleWebKit/537.36 (KHTML, like Gecko; compatible; bingbot/2.0; +http://www.bing.com/bingbot.htm) Chrome/116.0.1938.76 Safari/537.36"
52.167.144.177 - - [30/Oct/2025:11:11:02 +0000] "GET /4124257995 HTTP/1.0" 200 26093 "-" "Mozilla/5.0 AppleWebKit/537.36 (KHTML, like Gecko; compatible; bingbot/2.0; +http://www.bing.com/bingbot.htm) Chrome/116.0.1938.76 Safari/537.36"
52.167.144.177 - - [30/Oct/2025:11:11:05 +0000] "GET /2049177536 HTTP/1.0" 200 29937 "-" "Mozilla/5.0 AppleWebKit/537.36 (KHTML, like Gecko; compatible; bingbot/2.0; +http://www.bing.com/bingbot.htm) Chrome/116.0.1938.76 Safari/537.36"
52.167.144.177 - - [30/Oct/2025:11:11:08 +0000] "GET /1323576733 HTTP/1.0" 200 26149 "-" "Mozilla/5.0 AppleWebKit/537.36 (KHTML, like Gecko; compatible; bingbot/2.0; +http://www.bing.com/bingbot.htm) Chrome/116.0.1938.76 Safari/537.36"
52.167.144.177 - - [30/Oct/2025:11:11:11 +0000] "GET /1322699921 HTTP/1.0" 200 26134 "-" "Mozilla/5.0 AppleWebKit/537.36 (KHTML, like Gecko; compatible; bingbot/2.0; +http://www.bing.com/bingbot.htm) Chrome/116.0.1938.76 Safari/537.36"
52.167.144.177 - - [30/Oct/2025:11:11:14 +0000] "GET /4112322246 HTTP/1.0" 200 26416 "-" "Mozilla/5.0 AppleWebKit/537.36 (KHTML, like Gecko; compatible; bingbot/2.0; +http://www.bing.com/bingbot.htm) Chrome/116.0.1938.76 Safari/537.36"
52.167.144.177 - - [30/Oct/2025:11:11:17 +0000] "GET /347424235 HTTP/1.0" 200 26170 "-" "Mozilla/5.0 AppleWebKit/537.36 (KHTML, like Gecko; compatible; bingbot/2.0; +http://www.bing.com/bingbot.htm) Chrome/116.0.1938.76 Safari/537.36"
52.167.144.177 - - [30/Oct/2025:11:11:20 +0000] "GET /1410322469 HTTP/1.0" 200 26376 "-" "Mozilla/5.0 AppleWebKit/537.36 (KHTML, like Gecko; compatible; bingbot/2.0; +http://www.bing.com/bingbot.htm) Chrome/116.0.1938.76 Safari/537.36"
52.167.144.177 - - [30/Oct/2025:11:11:23 +0000] "GET /2586782237 HTTP/1.0" 200 27429 "-" "Mozilla/5.0 AppleWebKit/537.36 (KHTML, like Gecko; compatible; bingbot/2.0; +http://www.bing.com/bingbot.htm) Chrome/116.0.1938.76 Safari/537.36"
52.167.144.177 - - [30/Oct/2025:11:11:26 +0000] "GET /2004403264 HTTP/1.0" 200 26378 "-" "Mozilla/5.0 AppleWebKit/537.36 (KHTML, like Gecko; compatible; bingbot/2.0; +http://www.bing.com/bingbot.htm) Chrome/116.0.1938.76 Safari/537.36"
52.167.144.177 - - [30/Oct/2025:11:11:29 +0000] "GET /4031667276 HTTP/1.0" 200 26936 "-" "Mozilla/5.0 AppleWebKit/537.36 (KHTML, like Gecko; compatible; bingbot/2.0; +http://www.bing.com/bingbot.htm) Chrome/116.0.1938.76 Safari/537.36"
52.167.144.177 - - [30/Oct/2025:11:11:32 +0000] "GET /1134696051 HTTP/1.0" 200 25957 "-" "Mozilla/5.0 AppleWebKit/537.36 (KHTML, like Gecko; compatible; bingbot/2.0; +http://www.bing.com/bingbot.htm) Chrome/116.0.1938.76 Safari/537.36"
52.167.144.177 - - [30/Oct/2025:11:11:35 +0000] "GET /1711780716 HTTP/1.0" 200 26323 "-" "Mozilla/5.0 AppleWebKit/537.36 (KHTML, like Gecko; compatible; bingbot/2.0; +http://www.bing.com/bingbot.htm) Chrome/116.0.1938.76 Safari/537.36"
52.167.144.177 - - [30/Oct/2025:11:11:38 +0000] "GET /3415131575 HTTP/1.0" 200 25947 "-" "Mozilla/5.0 AppleWebKit/537.36 (KHTML, like Gecko; compatible; bingbot/2.0; +http://www.bing.com/bingbot.htm) Chrome/116.0.1938.76 Safari/537.36"
52.167.144.177 - - [30/Oct/2025:11:11:41 +0000] "GET /508631137 HTTP/1.0" 200 26727 "-" "Mozilla/5.0 AppleWebKit/537.36 (KHTML, like Gecko; compatible; bingbot/2.0; +http://www.bing.com/bingbot.htm) Chrome/116.0.1938.76 Safari/537.36"
52.167.144.177 - - [30/Oct/2025:11:11:44 +0000] "GET /3495064088 HTTP/1.0" 200 25936 "-" "Mozilla/5.0 AppleWebKit/537.36 (KHTML, like Gecko; compatible; bingbot/2.0; +http://www.bing.com/bingbot.htm) Chrome/116.0.1938.76 Safari/537.36"
52.167.144.177 - - [30/Oct/2025:11:11:47 +0000] "GET /2859439586 HTTP/1.0" 200 26082 "-" "Mozilla/5.0 AppleWebKit/537.36 (KHTML, like Gecko; compatible; bingbot/2.0; +http://www.bing.com/bingbot.htm) Chrome/116.0.1938.76 Safari/537.36"
