40.77.167.123 - - [30/Oct/2025:14:59:47 +0000] "GET /811587257 HTTP/1.0" 200 25904 "-" "Mozilla/5.0 AppleWebKit/537.36 (KHTML, like Gecko; compatible; bingbot/2.0; +http://www.bing.com/bingbot.htm) Chrome/116.0.1938.76 Safari/537.36"
40.77.167.123 - - [30/Oct/2025:14:59:50 +0000] "GET /3160536476 HTTP/1.0" 200 26225 "-" "Mozilla/5.0 AppleWebKit/537.36 (KHTML, like Gecko; compatible; bingbot/2.0; +http://www.bing.com/bingbot.htm) Chrome/116.0.1938.76 Safari/537.36"
40.77.167.123 - - [30/Oct/2025:14:59:53 +0000] "GET /495202884 HTTP/1.0" 200 27159 "-" "Mozilla/5.0 AppleWebKit/537.36 (KHTML, like Gecko; compatible; bingbot/2.0; +http://www.bing.com/bingbot.htm) Chrome/116.0.1938.76 Safari/537.36"
40.77.167.123 - - [30/Oct/2025:14:59:57 +0000] "GET /1853693032 HTTP/1.0" 200 25741 "-" "Mozilla/5.0 AppleWebKit/537.36 (KHTML, like Gecko; compatible; bingbot/2.0; +http://www.bing.com/bingbot.htm) Chrome/116.0.1938.76 Safari/537.36"
40.77.167.123 - - [30/Oct/2025:14:59:59 +0000] "GET /713213756 HTTP/1.0" 200 27028 "-" "Mozilla/5.0 AppleWebKit/537.36 (KHTML, like Gecko; compatible; bingbot/2.0; +http://www.bing.com/bingbot.htm) Chrome/116.0.1938.76 Safari/537.36"
40.77.167.123 - - [30/Oct/2025:15:00:03 +0000] "GET /25104053 HTTP/1.0" 200 25658 "-" "Mozilla/5.0 AppleWebKit/537.36 (KHTML, like Gecko; compatible; bingbot/2.0; +http://www.bing.com/bingbot.htm) Chrome/116.0.1938.76 Safari/537.36"
40.77.167.123 - - [30/Oct/2025:15:00:05 +0000] "GET /1991916121 HTTP/1.0" 200 26128 "-" "Mozilla/5.0 AppleWebKit/537.36 (KHTML, like Gecko; compatible; bingbot/2.0; +http://www.bing.com/bingbot.htm) Chrome/116.0.1938.76 Safari/537.36"
40.77.167.123 - - [30/Oct/2025:15:00:08 +0000] "GET /2477696831 HTTP/1.0" 200 26843 "-" "Mozilla/5.0 AppleWebKit/537.36 (KHTML, like Gecko; compatible; bingbot/2.0; +http://www.bing.com/bingbot.htm) Chrome/116.0.1938.76 Safari/537.36"
40.77.167.123 - - [30/Oct/2025:15:00:11 +0000] "GET /2505343276 HTTP/1.0" 200 27445 "-" "Mozilla/5.0 AppleWebKit/537.36 (KHTML, like Gecko; compatible; bingbot/2.0; +http://www.bing.com/bingbot.htm) Chrome/116.0.1938.76 Safari/537.36"
40.77.167.123 - - [30/Oct/2025:15:00:14 +0000] "GET /124265983 HTTP/1.0" 200 29167 "-" "Mozilla/5.0 AppleWebKit/537.36 (KHTML, like Gecko; compatible; bingbot/2.0; +http://www.bing.com/bingbot.htm) Chrome/116.0.1938.76 Safari/537.36"
40.77.167.123 - - [30/Oct/2025:15:00:18 +0000] "GET /3134427184 HTTP/1.0" 200 26612 "-" "Mozilla/5.0 AppleWebKit/537.36 (KHTML, like Gecko; compatible; bingbot/2.0; +http://www.bing.com/bingbot.htm) Chrome/116.0.1938.76 Safari/537.36"
40.77.167.123 - - [30/Oct/2025:15:00:21 +0000] "GET /3455394500 HTTP/1.0" 200 26677 "-" "Mozilla/5.0 AppleWebKit/537.36 (KHTML, like Gecko; compatible; bingbot/2.0; +http://www.bing.com/bingbot.htm) Chrome/116.0.1938.76 Safari/537.36"
40.77.167.123 - - [30/Oct/2025:15:00:24 +0000] "GET /249462936 HTTP/1.0" 200 26182 "-" "Mozilla/5.0 AppleWebKit/537.36 (KHTML, like Gecko; compatible; bingbot/2.0; +http://www.bing.com/bingbot.htm) Chrome/116.0.1938.76 Safari/537.36"
40.77.167.123 - - [30/Oct/2025:15:00:27 +0000] "GET /2711567676 HTTP/1.0" 200 26171 "-" "Mozilla/5.0 AppleWebKit/537.36 (KHTML, like Gecko; compatible; bingbot/2.0; +http://www.bing.com/bingbot.htm) Chrome/116.0.1938.76 Safari/537.36"
40.77.167.123 - - [30/Oct/2025:15:00:30 +0000] "GET /643425031 HTTP/1.0" 200 26749 "-" "Mozilla/5.0 AppleWebKit/537.36 (KHTML, like Gecko; compatible; bingbot/2.0; +http://www.bing.com/bingbot.htm) Chrome/116.0.1938.76 Safari/537.36"
40.77.167.123 - - [30/Oct/2025:15:00:33 +0000] "GET /1320043782 HTTP/1.0" 200 26425 "-" "Mozilla/5.0 AppleWebKit/537.36 (KHTML, like Gecko; compatible; bingbot/2.0; +http://www.bing.com/bingbot.htm) Chrome/116.0.1938.76 Safari/537.36"
40.77.167.123 - - [30/Oct/2025:15:00:36 +0000] "GET /4080938196 HTTP/1.0" 200 26548 "-" "Mozilla/5.0 AppleWebKit/537.36 (KHTML, like Gecko; compatible; bingbot/2.0; +http://www.bing.com/bingbot.htm) Chrome/116.0.1938.76 Safari/537.36"
40.77.167.123 - - [30/Oct/2025:15:00:39 +0000] "GET /4147085910 HTTP/1.0" 200 25650 "-" "Mozilla/5.0 AppleWebKit/537.36 (KHTML, like Gecko; compatible; bingbot/2.0; +http://www.bing.com/bingbot.htm) Chrome/116.0.1938.76 Safari/537.36"
40.77.167.123 - - [30/Oct/2025:15:00:42 +0000] "GET /2250038845 HTTP/1.0" 200 26068 "-" "Mozilla/5.0 AppleWebKit/537.36 (KHTML, like Gecko; compatible; bingbot/2.0; +http://www.bing.com/bingbot.htm) Chrome/116.0.1938.76 Safari/537.36"
40.77.167.123 - - [30/Oct/2025:15:00:44 +0000] "GET /81965242 HTTP/1.0" 200 26612 "-" "Mozilla/5.0 AppleWebKit/537.36 (KHTML, like Gecko; compatible; bingbot/2.0; +http://www.bing.com/bingbot.htm) Chrome/116.0.1938.76 Safari/537.36"
167.114.139.230 - - [30/Oct/2025:15:00:47 +0000] "GET /chatgpt/?pilihan&path=/var/www/www-root/data/www/oplatu.ru/public_html/wp-includes HTTP/1.0" 200 12231 "-" "Mozilla/5.0 (compatible; AhrefsBot/7.0; +http://ahrefs.com/robot/)"
40.77.167.123 - - [30/Oct/2025:15:00:47 +0000] "GET /764621076 HTTP/1.0" 200 27918 "-" "Mozilla/5.0 AppleWebKit/537.36 (KHTML, like Gecko; compatible; bingbot/2.0; +http://www.bing.com/bingbot.htm) Chrome/116.0.1938.76 Safari/537.36"
40.77.167.123 - - [30/Oct/2025:15:00:50 +0000] "GET /2409815080 HTTP/1.0" 200 29120 "-" "Mozilla/5.0 AppleWebKit/537.36 (KHTML, like Gecko; compatible; bingbot/2.0; +http://www.bing.com/bingbot.htm) Chrome/116.0.1938.76 Safari/537.36"
40.77.167.123 - - [30/Oct/2025:15:00:53 +0000] "GET /3426881314 HTTP/1.0" 200 26286 "-" "Mozilla/5.0 AppleWebKit/537.36 (KHTML, like Gecko; compatible; bingbot/2.0; +http://www.bing.com/bingbot.htm) Chrome/116.0.1938.76 Safari/537.36"
40.77.167.123 - - [30/Oct/2025:15:00:56 +0000] "GET /791970673 HTTP/1.0" 200 26485 "-" "Mozilla/5.0 AppleWebKit/537.36 (KHTML, like Gecko; compatible; bingbot/2.0; +http://www.bing.com/bingbot.htm) Chrome/116.0.1938.76 Safari/537.36"
40.77.167.123 - - [30/Oct/2025:15:00:59 +0000] "GET /695954771 HTTP/1.0" 200 26314 "-" "Mozilla/5.0 AppleWebKit/537.36 (KHTML, like Gecko; compatible; bingbot/2.0; +http://www.bing.com/bingbot.htm) Chrome/116.0.1938.76 Safari/537.36"
40.77.167.123 - - [30/Oct/2025:15:01:02 +0000] "GET /1403058914 HTTP/1.0" 200 26789 "-" "Mozilla/5.0 AppleWebKit/537.36 (KHTML, like Gecko; compatible; bingbot/2.0; +http://www.bing.com/bingbot.htm) Chrome/116.0.1938.76 Safari/537.36"
40.77.167.123 - - [30/Oct/2025:15:01:05 +0000] "GET /678063549 HTTP/1.0" 200 26679 "-" "Mozilla/5.0 AppleWebKit/537.36 (KHTML, like Gecko; compatible; bingbot/2.0; +http://www.bing.com/bingbot.htm) Chrome/116.0.1938.76 Safari/537.36"
40.77.167.123 - - [30/Oct/2025:15:01:08 +0000] "GET /324760398 HTTP/1.0" 200 25874 "-" "Mozilla/5.0 AppleWebKit/537.36 (KHTML, like Gecko; compatible; bingbot/2.0; +http://www.bing.com/bingbot.htm) Chrome/116.0.1938.76 Safari/537.36"
54.39.203.54 - - [30/Oct/2025:15:01:12 +0000] "GET /chatgpt/?path=/var/www/www-root/data/www/oplatu.ru/public_html/wp-includes/widgets HTTP/1.0" 200 4055 "-" "Mozilla/5.0 (compatible; AhrefsBot/7.0; +http://ahrefs.com/robot/)"
40.77.167.123 - - [30/Oct/2025:15:01:12 +0000] "GET /2236944553 HTTP/1.0" 200 25350 "-" "Mozilla/5.0 AppleWebKit/537.36 (KHTML, like Gecko; compatible; bingbot/2.0; +http://www.bing.com/bingbot.htm) Chrome/116.0.1938.76 Safari/537.36"
40.77.167.123 - - [30/Oct/2025:15:01:14 +0000] "GET /3836999739 HTTP/1.0" 200 26749 "-" "Mozilla/5.0 AppleWebKit/537.36 (KHTML, like Gecko; compatible; bingbot/2.0; +http://www.bing.com/bingbot.htm) Chrome/116.0.1938.76 Safari/537.36"
40.77.167.123 - - [30/Oct/2025:15:01:17 +0000] "GET /2215213692 HTTP/1.0" 200 25834 "-" "Mozilla/5.0 AppleWebKit/537.36 (KHTML, like Gecko; compatible; bingbot/2.0; +http://www.bing.com/bingbot.htm) Chrome/116.0.1938.76 Safari/537.36"
40.77.167.123 - - [30/Oct/2025:15:01:20 +0000] "GET /3217513281 HTTP/1.0" 200 26011 "-" "Mozilla/5.0 AppleWebKit/537.36 (KHTML, like Gecko; compatible; bingbot/2.0; +http://www.bing.com/bingbot.htm) Chrome/116.0.1938.76 Safari/537.36"
40.77.167.123 - - [30/Oct/2025:15:01:23 +0000] "GET /245725331 HTTP/1.0" 200 26598 "-" "Mozilla/5.0 AppleWebKit/537.36 (KHTML, like Gecko; compatible; bingbot/2.0; +http://www.bing.com/bingbot.htm) Chrome/116.0.1938.76 Safari/537.36"
40.77.167.123 - - [30/Oct/2025:15:01:26 +0000] "GET /4133931179 HTTP/1.0" 200 26648 "-" "Mozilla/5.0 AppleWebKit/537.36 (KHTML, like Gecko; compatible; bingbot/2.0; +http://www.bing.com/bingbot.htm) Chrome/116.0.1938.76 Safari/537.36"
40.77.167.123 - - [30/Oct/2025:15:01:29 +0000] "GET /3510952283 HTTP/1.0" 200 26830 "-" "Mozilla/5.0 AppleWebKit/537.36 (KHTML, like Gecko; compatible; bingbot/2.0; +http://www.bing.com/bingbot.htm) Chrome/116.0.1938.76 Safari/537.36"
40.77.167.123 - - [30/Oct/2025:15:01:32 +0000] "GET /3055667197 HTTP/1.0" 200 27018 "-" "Mozilla/5.0 AppleWebKit/537.36 (KHTML, like Gecko; compatible; bingbot/2.0; +http://www.bing.com/bingbot.htm) Chrome/116.0.1938.76 Safari/537.36"
40.77.167.123 - - [30/Oct/2025:15:01:35 +0000] "GET /3581941116 HTTP/1.0" 200 27054 "-" "Mozilla/5.0 AppleWebKit/537.36 (KHTML, like Gecko; compatible; bingbot/2.0; +http://www.bing.com/bingbot.htm) Chrome/116.0.1938.76 Safari/537.36"
40.77.167.123 - - [30/Oct/2025:15:01:38 +0000] "GET /134705007 HTTP/1.0" 200 26142 "-" "Mozilla/5.0 AppleWebKit/537.36 (KHTML, like Gecko; compatible; bingbot/2.0; +http://www.bing.com/bingbot.htm) Chrome/116.0.1938.76 Safari/537.36"
216.73.216.6 - - [30/Oct/2025:15:01:40 +0000] "GET /klook?path=%2Fvar%2Fwww%2Fwww-root%2Fdata%2Fbin-tmp HTTP/1.0" 200 2901 "-" "Mozilla/5.0 AppleWebKit/537.36 (KHTML, like Gecko; compatible; ClaudeBot/1.0; +claudebot@anthropic.com)"
40.77.167.123 - - [30/Oct/2025:15:01:41 +0000] "GET /904056264 HTTP/1.0" 200 24976 "-" "Mozilla/5.0 AppleWebKit/537.36 (KHTML, like Gecko; compatible; bingbot/2.0; +http://www.bing.com/bingbot.htm) Chrome/116.0.1938.76 Safari/537.36"
216.73.216.6 - - [30/Oct/2025:15:01:42 +0000] "GET /klook?path=%2Fvar%2Fwww%2Fwww-root%2Fdata%2Fmod-tmp HTTP/1.0" 200 3237 "-" "Mozilla/5.0 AppleWebKit/537.36 (KHTML, like Gecko; compatible; ClaudeBot/1.0; +claudebot@anthropic.com)"
171.244.0.91 - - [30/Oct/2025:15:01:43 +0000] "GET /wp-login.php HTTP/1.0" 200 4301 "-" "Mozilla/5.0 (X11; Ubuntu; Linux x86_64; rv:85.0) Gecko/20100101 Firefox/91.0"
171.244.0.91 - - [30/Oct/2025:15:01:45 +0000] "POST /wp-login.php HTTP/1.0" 200 4301 "-" "Mozilla/5.0 (X11; Ubuntu; Linux x86_64; rv:85.0) Gecko/20100101 Firefox/91.0"
40.77.167.123 - - [30/Oct/2025:15:01:44 +0000] "GET /3331421900 HTTP/1.0" 200 26732 "-" "Mozilla/5.0 AppleWebKit/537.36 (KHTML, like Gecko; compatible; bingbot/2.0; +http://www.bing.com/bingbot.htm) Chrome/116.0.1938.76 Safari/537.36"
40.77.167.123 - - [30/Oct/2025:15:01:47 +0000] "GET /1949030750 HTTP/1.0" 200 25616 "-" "Mozilla/5.0 AppleWebKit/537.36 (KHTML, like Gecko; compatible; bingbot/2.0; +http://www.bing.com/bingbot.htm) Chrome/116.0.1938.76 Safari/537.36"
40.77.167.123 - - [30/Oct/2025:15:01:50 +0000] "GET /1334695515 HTTP/1.0" 200 27417 "-" "Mozilla/5.0 AppleWebKit/537.36 (KHTML, like Gecko; compatible; bingbot/2.0; +http://www.bing.com/bingbot.htm) Chrome/116.0.1938.76 Safari/537.36"
142.44.233.213 - - [30/Oct/2025:15:01:52 +0000] "GET /chatgpt/?path=/var/www/www-root/data/www/oplatu.ru/public_html/wp-includes/theme-compat HTTP/1.0" 200 3595 "-" "Mozilla/5.0 (compatible; AhrefsBot/7.0; +http://ahrefs.com/robot/)"
40.77.167.123 - - [30/Oct/2025:15:01:53 +0000] "GET /2550340916 HTTP/1.0" 200 25989 "-" "Mozilla/5.0 AppleWebKit/537.36 (KHTML, like Gecko; compatible; bingbot/2.0; +http://www.bing.com/bingbot.htm) Chrome/116.0.1938.76 Safari/537.36"
40.77.167.123 - - [30/Oct/2025:15:01:56 +0000] "GET /2544129764 HTTP/1.0" 200 27011 "-" "Mozilla/5.0 AppleWebKit/537.36 (KHTML, like Gecko; compatible; bingbot/2.0; +http://www.bing.com/bingbot.htm) Chrome/116.0.1938.76 Safari/537.36"
40.77.167.123 - - [30/Oct/2025:15:01:59 +0000] "GET /3893417232 HTTP/1.0" 200 26256 "-" "Mozilla/5.0 AppleWebKit/537.36 (KHTML, like Gecko; compatible; bingbot/2.0; +http://www.bing.com/bingbot.htm) Chrome/116.0.1938.76 Safari/537.36"
40.77.167.123 - - [30/Oct/2025:15:02:02 +0000] "GET /3029813306 HTTP/1.0" 200 26531 "-" "Mozilla/5.0 AppleWebKit/537.36 (KHTML, like Gecko; compatible; bingbot/2.0; +http://www.bing.com/bingbot.htm) Chrome/116.0.1938.76 Safari/537.36"
40.77.167.123 - - [30/Oct/2025:15:02:05 +0000] "GET /1627595937 HTTP/1.0" 200 25746 "-" "Mozilla/5.0 AppleWebKit/537.36 (KHTML, like Gecko; compatible; bingbot/2.0; +http://www.bing.com/bingbot.htm) Chrome/116.0.1938.76 Safari/537.36"
40.77.167.123 - - [30/Oct/2025:15:02:08 +0000] "GET /2681098959 HTTP/1.0" 200 26082 "-" "Mozilla/5.0 AppleWebKit/537.36 (KHTML, like Gecko; compatible; bingbot/2.0; +http://www.bing.com/bingbot.htm) Chrome/116.0.1938.76 Safari/537.36"
40.77.167.123 - - [30/Oct/2025:15:02:12 +0000] "GET /614469547 HTTP/1.0" 200 27428 "-" "Mozilla/5.0 AppleWebKit/537.36 (KHTML, like Gecko; compatible; bingbot/2.0; +http://www.bing.com/bingbot.htm) Chrome/116.0.1938.76 Safari/537.36"
87.250.224.239 - - [30/Oct/2025:15:02:15 +0000] "GET /?yclid=7710547526903176844 HTTP/1.0" 200 4303 "-" "Mozilla/5.0 (compatible; YandexMetrika/2.0; +http://yandex.com/bots yabs01)"
40.77.167.123 - - [30/Oct/2025:15:02:14 +0000] "GET /985820279 HTTP/1.0" 200 25547 "-" "Mozilla/5.0 AppleWebKit/537.36 (KHTML, like Gecko; compatible; bingbot/2.0; +http://www.bing.com/bingbot.htm) Chrome/116.0.1938.76 Safari/537.36"
40.77.167.123 - - [30/Oct/2025:15:02:17 +0000] "GET /731534660 HTTP/1.0" 200 26389 "-" "Mozilla/5.0 AppleWebKit/537.36 (KHTML, like Gecko; compatible; bingbot/2.0; +http://www.bing.com/bingbot.htm) Chrome/116.0.1938.76 Safari/537.36"
40.77.167.123 - - [30/Oct/2025:15:02:20 +0000] "GET /706589005 HTTP/1.0" 200 25867 "-" "Mozilla/5.0 AppleWebKit/537.36 (KHTML, like Gecko; compatible; bingbot/2.0; +http://www.bing.com/bingbot.htm) Chrome/116.0.1938.76 Safari/537.36"
185.2.4.79 - - [30/Oct/2025:15:02:21 +0000] "GET /wp-login.php HTTP/1.0" 200 4301 "" "Mozilla/5.0 (Windows NT 10.0; Win64; x64; rv:144.0) Gecko/20100101 Firefox/144.0"
40.77.167.123 - - [30/Oct/2025:15:02:24 +0000] "GET /1894182427 HTTP/1.0" 200 26046 "-" "Mozilla/5.0 AppleWebKit/537.36 (KHTML, like Gecko; compatible; bingbot/2.0; +http://www.bing.com/bingbot.htm) Chrome/116.0.1938.76 Safari/537.36"
40.77.167.123 - - [30/Oct/2025:15:02:26 +0000] "GET /1532207425 HTTP/1.0" 200 26318 "-" "Mozilla/5.0 AppleWebKit/537.36 (KHTML, like Gecko; compatible; bingbot/2.0; +http://www.bing.com/bingbot.htm) Chrome/116.0.1938.76 Safari/537.36"
167.114.139.35 - - [30/Oct/2025:15:02:29 +0000] "GET /chatgpt/?path=/var/www/www-root/data/www/oplatu.ru/public_html/wp-includes/style-engine HTTP/1.0" 200 3471 "-" "Mozilla/5.0 (compatible; AhrefsBot/7.0; +http://ahrefs.com/robot/)"
40.77.167.123 - - [30/Oct/2025:15:02:29 +0000] "GET /2788602301 HTTP/1.0" 200 25858 "-" "Mozilla/5.0 AppleWebKit/537.36 (KHTML, like Gecko; compatible; bingbot/2.0; +http://www.bing.com/bingbot.htm) Chrome/116.0.1938.76 Safari/537.36"
40.77.167.123 - - [30/Oct/2025:15:02:33 +0000] "GET /3312228638 HTTP/1.0" 200 26210 "-" "Mozilla/5.0 AppleWebKit/537.36 (KHTML, like Gecko; compatible; bingbot/2.0; +http://www.bing.com/bingbot.htm) Chrome/116.0.1938.76 Safari/537.36"
40.77.167.123 - - [30/Oct/2025:15:02:36 +0000] "GET /1294191551 HTTP/1.0" 200 27966 "-" "Mozilla/5.0 AppleWebKit/537.36 (KHTML, like Gecko; compatible; bingbot/2.0; +http://www.bing.com/bingbot.htm) Chrome/116.0.1938.76 Safari/537.36"
40.77.167.123 - - [30/Oct/2025:15:02:39 +0000] "GET /2852070138 HTTP/1.0" 200 26223 "-" "Mozilla/5.0 AppleWebKit/537.36 (KHTML, like Gecko; compatible; bingbot/2.0; +http://www.bing.com/bingbot.htm) Chrome/116.0.1938.76 Safari/537.36"
138.68.144.227 - - [30/Oct/2025:15:02:41 +0000] "GET / HTTP/1.0" 200 53779 "-" "-"
138.68.144.227 - - [30/Oct/2025:15:02:41 +0000] "GET / HTTP/1.0" 200 53779 "-" "Mozilla/5.0 (Linux; Android 6.0; HTC One M9 Build/MRA76615) AppleWebKit/537.36 (KHTML, like Gecko) Chrome/52.0.5285.98 Mobile Safari/537.3"
138.68.144.227 - - [30/Oct/2025:15:02:42 +0000] "POST /graphql HTTP/1.0" 200 4303 "-" "Mozilla/5.0 (l9scan/2.0.335323e28393e2932313e21333; +https://leakix.net)"
40.77.167.123 - - [30/Oct/2025:15:02:42 +0000] "GET /812240701 HTTP/1.0" 200 27593 "-" "Mozilla/5.0 AppleWebKit/537.36 (KHTML, like Gecko; compatible; bingbot/2.0; +http://www.bing.com/bingbot.htm) Chrome/116.0.1938.76 Safari/537.36"
138.68.144.227 - - [30/Oct/2025:15:02:42 +0000] "POST /api HTTP/1.0" 200 4303 "-" "Mozilla/5.0 (l9scan/2.0.335323e28393e2932313e21333; +https://leakix.net)"
138.68.144.227 - - [30/Oct/2025:15:02:43 +0000] "POST /api/graphql HTTP/1.0" 200 4303 "-" "Mozilla/5.0 (l9scan/2.0.335323e28393e2932313e21333; +https://leakix.net)"
138.68.144.227 - - [30/Oct/2025:15:02:43 +0000] "POST /graphql/api HTTP/1.0" 200 4303 "-" "Mozilla/5.0 (l9scan/2.0.335323e28393e2932313e21333; +https://leakix.net)"
138.68.144.227 - - [30/Oct/2025:15:02:44 +0000] "POST /api/gql HTTP/1.0" 200 4303 "-" "Mozilla/5.0 (l9scan/2.0.335323e28393e2932313e21333; +https://leakix.net)"
138.68.144.227 - - [30/Oct/2025:15:02:45 +0000] "GET /swagger-ui.html HTTP/1.0" 200 4303 "-" "Mozilla/5.0 (l9scan/2.0.335323e28393e2932313e21333; +https://leakix.net)"
138.68.144.227 - - [30/Oct/2025:15:02:45 +0000] "GET /swagger/index.html HTTP/1.0" 200 4303 "-" "Mozilla/5.0 (l9scan/2.0.335323e28393e2932313e21333; +https://leakix.net)"
40.77.167.123 - - [30/Oct/2025:15:02:45 +0000] "GET /1696712312 HTTP/1.0" 200 27088 "-" "Mozilla/5.0 AppleWebKit/537.36 (KHTML, like Gecko; compatible; bingbot/2.0; +http://www.bing.com/bingbot.htm) Chrome/116.0.1938.76 Safari/537.36"
138.68.144.227 - - [30/Oct/2025:15:02:46 +0000] "GET /swagger/swagger-ui.html HTTP/1.0" 200 4303 "-" "Mozilla/5.0 (l9scan/2.0.335323e28393e2932313e21333; +https://leakix.net)"
138.68.144.227 - - [30/Oct/2025:15:02:46 +0000] "GET /webjars/swagger-ui/index.html HTTP/1.0" 200 4303 "-" "Mozilla/5.0 (l9scan/2.0.335323e28393e2932313e21333; +https://leakix.net)"
138.68.144.227 - - [30/Oct/2025:15:02:47 +0000] "GET /swagger.json HTTP/1.0" 200 4303 "-" "Mozilla/5.0 (l9scan/2.0.335323e28393e2932313e21333; +https://leakix.net)"
138.68.144.227 - - [30/Oct/2025:15:02:47 +0000] "GET /swagger/v1/swagger.json HTTP/1.0" 200 4303 "-" "Mozilla/5.0 (l9scan/2.0.335323e28393e2932313e21333; +https://leakix.net)"
138.68.144.227 - - [30/Oct/2025:15:02:48 +0000] "GET /v2/api-docs HTTP/1.0" 200 4303 "-" "Mozilla/5.0 (l9scan/2.0.335323e28393e2932313e21333; +https://leakix.net)"
40.77.167.123 - - [30/Oct/2025:15:02:48 +0000] "GET /3017866206 HTTP/1.0" 200 26288 "-" "Mozilla/5.0 AppleWebKit/537.36 (KHTML, like Gecko; compatible; bingbot/2.0; +http://www.bing.com/bingbot.htm) Chrome/116.0.1938.76 Safari/537.36"
138.68.144.227 - - [30/Oct/2025:15:02:48 +0000] "GET /v3/api-docs HTTP/1.0" 200 4303 "-" "Mozilla/5.0 (l9scan/2.0.335323e28393e2932313e21333; +https://leakix.net)"
138.68.144.227 - - [30/Oct/2025:15:02:49 +0000] "GET /api-docs/swagger.json HTTP/1.0" 200 4303 "-" "Mozilla/5.0 (l9scan/2.0.335323e28393e2932313e21333; +https://leakix.net)"
138.68.144.227 - - [30/Oct/2025:15:02:49 +0000] "GET /api/swagger.json HTTP/1.0" 200 4303 "-" "Mozilla/5.0 (l9scan/2.0.335323e28393e2932313e21333; +https://leakix.net)"
138.68.144.227 - - [30/Oct/2025:15:02:50 +0000] "GET /@vite/env HTTP/1.0" 200 4303 "-" "Go-http-client/1.1"
138.68.144.227 - - [30/Oct/2025:15:02:50 +0000] "GET /actuator/env HTTP/1.0" 200 4303 "-" "Go-http-client/1.1"
138.68.144.227 - - [30/Oct/2025:15:02:51 +0000] "GET /server HTTP/1.0" 200 4303 "-" "Go-http-client/1.1"
40.77.167.123 - - [30/Oct/2025:15:02:51 +0000] "GET /4017060603 HTTP/1.0" 200 26484 "-" "Mozilla/5.0 AppleWebKit/537.36 (KHTML, like Gecko; compatible; bingbot/2.0; +http://www.bing.com/bingbot.htm) Chrome/116.0.1938.76 Safari/537.36"
138.68.144.227 - - [30/Oct/2025:15:02:52 +0000] "GET /.vscode/sftp.json HTTP/1.0" 200 4303 "-" "Go-http-client/1.1"
138.68.144.227 - - [30/Oct/2025:15:02:52 +0000] "GET /about HTTP/1.0" 200 4303 "-" "Go-http-client/1.1"
138.68.144.227 - - [30/Oct/2025:15:02:53 +0000] "GET /debug/default/view?panel=config HTTP/1.0" 200 4303 "-" "Go-http-client/1.1"
138.68.144.227 - - [30/Oct/2025:15:02:53 +0000] "GET /v2/_catalog HTTP/1.0" 200 4303 "-" "Go-http-client/1.1"
138.68.144.227 - - [30/Oct/2025:15:02:54 +0000] "GET /ecp/Current/exporttool/microsoft.exchange.ediscovery.exporttool.application HTTP/1.0" 200 4303 "-" "Go-http-client/1.1"
138.68.144.227 - - [30/Oct/2025:15:02:54 +0000] "GET /server-status HTTP/1.0" 403 458 "-" "Go-http-client/1.1"
40.77.167.123 - - [30/Oct/2025:15:02:54 +0000] "GET /1257994951 HTTP/1.0" 200 26492 "-" "Mozilla/5.0 AppleWebKit/537.36 (KHTML, like Gecko; compatible; bingbot/2.0; +http://www.bing.com/bingbot.htm) Chrome/116.0.1938.76 Safari/537.36"
138.68.144.227 - - [30/Oct/2025:15:02:54 +0000] "GET /login.action HTTP/1.0" 200 4303 "-" "Go-http-client/1.1"
138.68.144.227 - - [30/Oct/2025:15:02:55 +0000] "GET /_all_dbs HTTP/1.0" 200 4303 "-" "Mozilla/5.0 (l9scan/2.0.335323e28393e2932313e21333; +https://leakix.net)"
138.68.144.227 - - [30/Oct/2025:15:02:56 +0000] "GET /.DS_Store HTTP/1.0" 200 4303 "-" "Go-http-client/1.1"
138.68.144.227 - - [30/Oct/2025:15:02:56 +0000] "GET /.env HTTP/1.0" 200 4303 "-" "Go-http-client/1.1"
138.68.144.227 - - [30/Oct/2025:15:02:57 +0000] "GET /.git/config HTTP/1.0" 200 4303 "-" "Go-http-client/1.1"
138.68.144.227 - - [30/Oct/2025:15:02:57 +0000] "GET /s/335323e28393e2932313e21333/_/;/META-INF/maven/com.atlassian.jira/jira-webapp-dist/pom.properties HTTP/1.0" 200 4303 "-" "Go-http-client/1.1"
40.77.167.123 - - [30/Oct/2025:15:02:57 +0000] "GET /469000843 HTTP/1.0" 200 27255 "-" "Mozilla/5.0 AppleWebKit/537.36 (KHTML, like Gecko; compatible; bingbot/2.0; +http://www.bing.com/bingbot.htm) Chrome/116.0.1938.76 Safari/537.36"
138.68.144.227 - - [30/Oct/2025:15:02:58 +0000] "GET /config.json HTTP/1.0" 200 4303 "-" "Go-http-client/1.1"
138.68.144.227 - - [30/Oct/2025:15:02:58 +0000] "GET /telescope/requests HTTP/1.0" 200 4303 "-" "Go-http-client/1.1"
138.68.144.227 - - [30/Oct/2025:15:02:59 +0000] "GET /info.php HTTP/1.0" 403 458 "-" "Go-http-client/1.1"
138.68.144.227 - - [30/Oct/2025:15:02:59 +0000] "GET /?rest_route=/wp/v2/users/ HTTP/1.0" 200 4303 "-" "Go-http-client/1.1"
40.77.167.123 - - [30/Oct/2025:15:03:00 +0000] "GET /444123938 HTTP/1.0" 200 26464 "-" "Mozilla/5.0 AppleWebKit/537.36 (KHTML, like Gecko; compatible; bingbot/2.0; +http://www.bing.com/bingbot.htm) Chrome/116.0.1938.76 Safari/537.36"
40.77.167.123 - - [30/Oct/2025:15:03:02 +0000] "GET /2086491446 HTTP/1.0" 200 27887 "-" "Mozilla/5.0 AppleWebKit/537.36 (KHTML, like Gecko; compatible; bingbot/2.0; +http://www.bing.com/bingbot.htm) Chrome/116.0.1938.76 Safari/537.36"
66.249.66.42 - - [30/Oct/2025:15:03:03 +0000] "GET /685539121 HTTP/1.0" 200 26349 "-" "Mozilla/5.0 (Linux; Android 6.0.1; Nexus 5X Build/MMB29P) AppleWebKit/537.36 (KHTML, like Gecko) Chrome/141.0.7390.122 Mobile Safari/537.36 (compatible; GoogleOther)"
40.77.167.123 - - [30/Oct/2025:15:03:05 +0000] "GET /1230155465 HTTP/1.0" 200 26408 "-" "Mozilla/5.0 AppleWebKit/537.36 (KHTML, like Gecko; compatible; bingbot/2.0; +http://www.bing.com/bingbot.htm) Chrome/116.0.1938.76 Safari/537.36"
54.39.203.113 - - [30/Oct/2025:15:03:07 +0000] "GET /chatgpt/?path=/var/www/www-root/data/www/oplatu.ru/public_html/wp-includes/sodium_compat HTTP/1.0" 200 3569 "-" "Mozilla/5.0 (compatible; AhrefsBot/7.0; +http://ahrefs.com/robot/)"
40.77.167.123 - - [30/Oct/2025:15:03:08 +0000] "GET /2127511306 HTTP/1.0" 200 26080 "-" "Mozilla/5.0 AppleWebKit/537.36 (KHTML, like Gecko; compatible; bingbot/2.0; +http://www.bing.com/bingbot.htm) Chrome/116.0.1938.76 Safari/537.36"
40.77.167.123 - - [30/Oct/2025:15:03:11 +0000] "GET /2168047587 HTTP/1.0" 200 26759 "-" "Mozilla/5.0 AppleWebKit/537.36 (KHTML, like Gecko; compatible; bingbot/2.0; +http://www.bing.com/bingbot.htm) Chrome/116.0.1938.76 Safari/537.36"
40.77.167.123 - - [30/Oct/2025:15:03:14 +0000] "GET /3027786248 HTTP/1.0" 200 27031 "-" "Mozilla/5.0 AppleWebKit/537.36 (KHTML, like Gecko; compatible; bingbot/2.0; +http://www.bing.com/bingbot.htm) Chrome/116.0.1938.76 Safari/537.36"
40.77.167.123 - - [30/Oct/2025:15:03:17 +0000] "GET /668301952 HTTP/1.0" 200 26933 "-" "Mozilla/5.0 AppleWebKit/537.36 (KHTML, like Gecko; compatible; bingbot/2.0; +http://www.bing.com/bingbot.htm) Chrome/116.0.1938.76 Safari/537.36"
40.77.167.123 - - [30/Oct/2025:15:03:20 +0000] "GET /704504926 HTTP/1.0" 200 26553 "-" "Mozilla/5.0 AppleWebKit/537.36 (KHTML, like Gecko; compatible; bingbot/2.0; +http://www.bing.com/bingbot.htm) Chrome/116.0.1938.76 Safari/537.36"
40.77.167.123 - - [30/Oct/2025:15:03:23 +0000] "GET /3700752898 HTTP/1.0" 200 26341 "-" "Mozilla/5.0 AppleWebKit/537.36 (KHTML, like Gecko; compatible; bingbot/2.0; +http://www.bing.com/bingbot.htm) Chrome/116.0.1938.76 Safari/537.36"
216.73.216.6 - - [30/Oct/2025:15:03:26 +0000] "GET /klook?fileloc=%2Fvar%2Fwww%2Fwww-root%2Fdata%2Fwww%2Foplatu.ru%2Fpublic_html%2Fwp-includes%2Fms-default-constants.php&path=%2Fvar%2Fwww%2Fwww-root%2Fdata%2Fwww%2Foplatu.ru%2Fpublic_html%2Fwp-includes HTTP/1.0" 200 4465 "-" "Mozilla/5.0 AppleWebKit/537.36 (KHTML, like Gecko; compatible; ClaudeBot/1.0; +claudebot@anthropic.com)"
40.77.167.123 - - [30/Oct/2025:15:03:26 +0000] "GET /421818818 HTTP/1.0" 200 26601 "-" "Mozilla/5.0 AppleWebKit/537.36 (KHTML, like Gecko; compatible; bingbot/2.0; +http://www.bing.com/bingbot.htm) Chrome/116.0.1938.76 Safari/537.36"
216.73.216.6 - - [30/Oct/2025:15:03:28 +0000] "GET /klook?fileloc=%2Fvar%2Fwww%2Fwww-root%2Fdata%2Fwww%2Foplatu.ru%2Fpublic_html%2Fwp-includes%2Fclass-wp-editor.php&path=%2Fvar%2Fwww%2Fwww-root%2Fdata%2Fwww%2Foplatu.ru%2Fpublic_html%2Fwp-includes HTTP/1.0" 200 19985 "-" "Mozilla/5.0 AppleWebKit/537.36 (KHTML, like Gecko; compatible; ClaudeBot/1.0; +claudebot@anthropic.com)"
40.77.167.123 - - [30/Oct/2025:15:03:29 +0000] "GET /1182542887 HTTP/1.0" 200 26326 "-" "Mozilla/5.0 AppleWebKit/537.36 (KHTML, like Gecko; compatible; bingbot/2.0; +http://www.bing.com/bingbot.htm) Chrome/116.0.1938.76 Safari/537.36"
216.73.216.6 - - [30/Oct/2025:15:03:31 +0000] "GET /klook?fileloc=%2Fvar%2Fwww%2Fwww-root%2Fdata%2Fwww%2Foplatu.ru%2Fpublic_html%2Fwp-includes%2Fclass-wp-xmlrpc-server.php&path=%2Fvar%2Fwww%2Fwww-root%2Fdata%2Fwww%2Foplatu.ru%2Fpublic_html%2Fwp-includes HTTP/1.0" 200 38493 "-" "Mozilla/5.0 AppleWebKit/537.36 (KHTML, like Gecko; compatible; ClaudeBot/1.0; +claudebot@anthropic.com)"
40.77.167.123 - - [30/Oct/2025:15:03:32 +0000] "GET /1334557983 HTTP/1.0" 200 26881 "-" "Mozilla/5.0 AppleWebKit/537.36 (KHTML, like Gecko; compatible; bingbot/2.0; +http://www.bing.com/bingbot.htm) Chrome/116.0.1938.76 Safari/537.36"
216.73.216.6 - - [30/Oct/2025:15:03:34 +0000] "GET /klook?fileloc=%2Fvar%2Fwww%2Fwww-root%2Fdata%2Fwww%2Foplatu.ru%2Fpublic_html%2Fwp-includes%2Frobots-template.php&path=%2Fvar%2Fwww%2Fwww-root%2Fdata%2Fwww%2Foplatu.ru%2Fpublic_html%2Fwp-includes HTTP/1.0" 200 4088 "-" "Mozilla/5.0 AppleWebKit/537.36 (KHTML, like Gecko; compatible; ClaudeBot/1.0; +claudebot@anthropic.com)"
40.77.167.123 - - [30/Oct/2025:15:03:36 +0000] "GET /1083965271 HTTP/1.0" 200 26898 "-" "Mozilla/5.0 AppleWebKit/537.36 (KHTML, like Gecko; compatible; bingbot/2.0; +http://www.bing.com/bingbot.htm) Chrome/116.0.1938.76 Safari/537.36"
216.73.216.6 - - [30/Oct/2025:15:03:37 +0000] "GET /klook?fileloc=%2Fvar%2Fwww%2Fwww-root%2Fdata%2Fwww%2Foplatu.ru%2Fpublic_html%2Fwp-includes%2Fclass-http.php&path=%2Fvar%2Fwww%2Fwww-root%2Fdata%2Fwww%2Foplatu.ru%2Fpublic_html%2Fwp-includes HTTP/1.0" 200 3091 "-" "Mozilla/5.0 AppleWebKit/537.36 (KHTML, like Gecko; compatible; ClaudeBot/1.0; +claudebot@anthropic.com)"
40.77.167.123 - - [30/Oct/2025:15:03:38 +0000] "GET /2689371241 HTTP/1.0" 200 26756 "-" "Mozilla/5.0 AppleWebKit/537.36 (KHTML, like Gecko; compatible; bingbot/2.0; +http://www.bing.com/bingbot.htm) Chrome/116.0.1938.76 Safari/537.36"
216.73.216.6 - - [30/Oct/2025:15:03:40 +0000] "GET /klook?fileloc=%2Fvar%2Fwww%2Fwww-root%2Fdata%2Fwww%2Foplatu.ru%2Fpublic_html%2Fwp-includes%2Fclass-wp-user-query.php&path=%2Fvar%2Fwww%2Fwww-root%2Fdata%2Fwww%2Foplatu.ru%2Fpublic_html%2Fwp-includes HTTP/1.0" 200 12323 "-" "Mozilla/5.0 AppleWebKit/537.36 (KHTML, like Gecko; compatible; ClaudeBot/1.0; +claudebot@anthropic.com)"
40.77.167.123 - - [30/Oct/2025:15:03:41 +0000] "GET /2608223 HTTP/1.0" 200 25713 "-" "Mozilla/5.0 AppleWebKit/537.36 (KHTML, like Gecko; compatible; bingbot/2.0; +http://www.bing.com/bingbot.htm) Chrome/116.0.1938.76 Safari/537.36"
216.73.216.6 - - [30/Oct/2025:15:03:43 +0000] "GET /klook?fileloc=%2Fvar%2Fwww%2Fwww-root%2Fdata%2Fwww%2Foplatu.ru%2Fpublic_html%2Fwp-includes%2Fclass.wp-dependencies.php&path=%2Fvar%2Fwww%2Fwww-root%2Fdata%2Fwww%2Foplatu.ru%2Fpublic_html%2Fwp-includes HTTP/1.0" 200 3071 "-" "Mozilla/5.0 AppleWebKit/537.36 (KHTML, like Gecko; compatible; ClaudeBot/1.0; +claudebot@anthropic.com)"
167.114.139.37 - - [30/Oct/2025:15:03:44 +0000] "GET /chatgpt/?path=/var/www/www-root/data/www/oplatu.ru/public_html/wp-includes/sitemaps HTTP/1.0" 200 3569 "-" "Mozilla/5.0 (compatible; AhrefsBot/7.0; +http://ahrefs.com/robot/)"
40.77.167.123 - - [30/Oct/2025:15:03:44 +0000] "GET /2151583289 HTTP/1.0" 200 26548 "-" "Mozilla/5.0 AppleWebKit/537.36 (KHTML, like Gecko; compatible; bingbot/2.0; +http://www.bing.com/bingbot.htm) Chrome/116.0.1938.76 Safari/537.36"
216.73.216.6 - - [30/Oct/2025:15:03:46 +0000] "GET /klook?fileloc=%2Fvar%2Fwww%2Fwww-root%2Fdata%2Fwww%2Foplatu.ru%2Fpublic_html%2Fwp-includes%2Ffunctions.php&path=%2Fvar%2Fwww%2Fwww-root%2Fdata%2Fwww%2Foplatu.ru%2Fpublic_html%2Fwp-includes HTTP/1.0" 200 74302 "-" "Mozilla/5.0 AppleWebKit/537.36 (KHTML, like Gecko; compatible; ClaudeBot/1.0; +claudebot@anthropic.com)"
40.77.167.123 - - [30/Oct/2025:15:03:47 +0000] "GET /2469077910 HTTP/1.0" 200 27736 "-" "Mozilla/5.0 AppleWebKit/537.36 (KHTML, like Gecko; compatible; bingbot/2.0; +http://www.bing.com/bingbot.htm) Chrome/116.0.1938.76 Safari/537.36"
216.73.216.6 - - [30/Oct/2025:15:03:49 +0000] "GET /klook?fileloc=%2Fvar%2Fwww%2Fwww-root%2Fdata%2Fwww%2Foplatu.ru%2Fpublic_html%2Fwp-includes%2Fms-functions.php&path=%2Fvar%2Fwww%2Fwww-root%2Fdata%2Fwww%2Foplatu.ru%2Fpublic_html%2Fwp-includes HTTP/1.0" 200 22617 "-" "Mozilla/5.0 AppleWebKit/537.36 (KHTML, like Gecko; compatible; ClaudeBot/1.0; +claudebot@anthropic.com)"
40.77.167.123 - - [30/Oct/2025:15:03:50 +0000] "GET /4169874545 HTTP/1.0" 200 26682 "-" "Mozilla/5.0 AppleWebKit/537.36 (KHTML, like Gecko; compatible; bingbot/2.0; +http://www.bing.com/bingbot.htm) Chrome/116.0.1938.76 Safari/537.36"
216.73.216.6 - - [30/Oct/2025:15:03:52 +0000] "GET /klook?fileloc=%2Fvar%2Fwww%2Fwww-root%2Fdata%2Fwww%2Foplatu.ru%2Fpublic_html%2Fwp-includes%2Fclass-wp-dependency.php&path=%2Fvar%2Fwww%2Fwww-root%2Fdata%2Fwww%2Foplatu.ru%2Fpublic_html%2Fwp-includes HTTP/1.0" 200 3773 "-" "Mozilla/5.0 AppleWebKit/537.36 (KHTML, like Gecko; compatible; ClaudeBot/1.0; +claudebot@anthropic.com)"
40.77.167.123 - - [30/Oct/2025:15:03:53 +0000] "GET /3152877077 HTTP/1.0" 200 27046 "-" "Mozilla/5.0 AppleWebKit/537.36 (KHTML, like Gecko; compatible; bingbot/2.0; +http://www.bing.com/bingbot.htm) Chrome/116.0.1938.76 Safari/537.36"
216.73.216.6 - - [30/Oct/2025:15:03:55 +0000] "GET /klook?fileloc=%2Fvar%2Fwww%2Fwww-root%2Fdata%2Fwww%2Foplatu.ru%2Fpublic_html%2Fwp-includes%2Fblock-template-utils.php&path=%2Fvar%2Fwww%2Fwww-root%2Fdata%2Fwww%2Foplatu.ru%2Fpublic_html%2Fwp-includes HTTP/1.0" 200 14657 "-" "Mozilla/5.0 AppleWebKit/537.36 (KHTML, like Gecko; compatible; ClaudeBot/1.0; +claudebot@anthropic.com)"
40.77.167.123 - - [30/Oct/2025:15:03:56 +0000] "GET /1755768860 HTTP/1.0" 200 26113 "-" "Mozilla/5.0 AppleWebKit/537.36 (KHTML, like Gecko; compatible; bingbot/2.0; +http://www.bing.com/bingbot.htm) Chrome/116.0.1938.76 Safari/537.36"
216.73.216.6 - - [30/Oct/2025:15:03:59 +0000] "GET /klook?fileloc=%2Fvar%2Fwww%2Fwww-root%2Fdata%2Fwww%2Foplatu.ru%2Fpublic_html%2Fwp-includes%2Fblock-editor.php&path=%2Fvar%2Fwww%2Fwww-root%2Fdata%2Fwww%2Foplatu.ru%2Fpublic_html%2Fwp-includes HTTP/1.0" 200 9275 "-" "Mozilla/5.0 AppleWebKit/537.36 (KHTML, like Gecko; compatible; ClaudeBot/1.0; +claudebot@anthropic.com)"
40.77.167.123 - - [30/Oct/2025:15:03:59 +0000] "GET /3251947605 HTTP/1.0" 200 27071 "-" "Mozilla/5.0 AppleWebKit/537.36 (KHTML, like Gecko; compatible; bingbot/2.0; +http://www.bing.com/bingbot.htm) Chrome/116.0.1938.76 Safari/537.36"
216.73.216.6 - - [30/Oct/2025:15:04:02 +0000] "GET /klook?fileloc=%2Fvar%2Fwww%2Fwww-root%2Fdata%2Fwww%2Foplatu.ru%2Fpublic_html%2Fwp-includes%2Fblock-patterns.php&path=%2Fvar%2Fwww%2Fwww-root%2Fdata%2Fwww%2Foplatu.ru%2Fpublic_html%2Fwp-includes HTTP/1.0" 200 5976 "-" "Mozilla/5.0 AppleWebKit/537.36 (KHTML, like Gecko; compatible; ClaudeBot/1.0; +claudebot@anthropic.com)"
40.77.167.123 - - [30/Oct/2025:15:04:02 +0000] "GET /520095363 HTTP/1.0" 200 26394 "-" "Mozilla/5.0 AppleWebKit/537.36 (KHTML, like Gecko; compatible; bingbot/2.0; +http://www.bing.com/bingbot.htm) Chrome/116.0.1938.76 Safari/537.36"
216.73.216.6 - - [30/Oct/2025:15:04:05 +0000] "GET /klook?fileloc=%2Fvar%2Fwww%2Fwww-root%2Fdata%2Fwww%2Foplatu.ru%2Fpublic_html%2Fwp-includes%2Fclass-wp-customize-widgets.php&path=%2Fvar%2Fwww%2Fwww-root%2Fdata%2Fwww%2Foplatu.ru%2Fpublic_html%2Fwp-includes HTTP/1.0" 200 19303 "-" "Mozilla/5.0 AppleWebKit/537.36 (KHTML, like Gecko; compatible; ClaudeBot/1.0; +claudebot@anthropic.com)"
40.77.167.123 - - [30/Oct/2025:15:04:05 +0000] "GET /103840334 HTTP/1.0" 200 26259 "-" "Mozilla/5.0 AppleWebKit/537.36 (KHTML, like Gecko; compatible; bingbot/2.0; +http://www.bing.com/bingbot.htm) Chrome/116.0.1938.76 Safari/537.36"
216.73.216.6 - - [30/Oct/2025:15:04:08 +0000] "GET /klook?fileloc=%2Fvar%2Fwww%2Fwww-root%2Fdata%2Fwww%2Foplatu.ru%2Fpublic_html%2Fwp-includes%2Ffeed-rss2-comments.php&path=%2Fvar%2Fwww%2Fwww-root%2Fdata%2Fwww%2Foplatu.ru%2Fpublic_html%2Fwp-includes HTTP/1.0" 200 4351 "-" "Mozilla/5.0 AppleWebKit/537.36 (KHTML, like Gecko; compatible; ClaudeBot/1.0; +claudebot@anthropic.com)"
40.77.167.123 - - [30/Oct/2025:15:04:08 +0000] "GET /3580961290 HTTP/1.0" 200 26701 "-" "Mozilla/5.0 AppleWebKit/537.36 (KHTML, like Gecko; compatible; bingbot/2.0; +http://www.bing.com/bingbot.htm) Chrome/116.0.1938.76 Safari/537.36"
216.73.216.6 - - [30/Oct/2025:15:04:11 +0000] "GET /klook?fileloc=%2Fvar%2Fwww%2Fwww-root%2Fdata%2Fwww%2Foplatu.ru%2Fpublic_html%2Fwp-includes%2Fclass-wp-image-editor.php&path=%2Fvar%2Fwww%2Fwww-root%2Fdata%2Fwww%2Foplatu.ru%2Fpublic_html%2Fwp-includes HTTP/1.0" 200 7703 "-" "Mozilla/5.0 AppleWebKit/537.36 (KHTML, like Gecko; compatible; ClaudeBot/1.0; +claudebot@anthropic.com)"
40.77.167.123 - - [30/Oct/2025:15:04:11 +0000] "GET /1614999845 HTTP/1.0" 200 26227 "-" "Mozilla/5.0 AppleWebKit/537.36 (KHTML, like Gecko; compatible; bingbot/2.0; +http://www.bing.com/bingbot.htm) Chrome/116.0.1938.76 Safari/537.36"
216.73.216.6 - - [30/Oct/2025:15:04:14 +0000] "GET /klook?fileloc=%2Fvar%2Fwww%2Fwww-root%2Fdata%2Fwww%2Foplatu.ru%2Fpublic_html%2Fwp-includes%2Fshortcodes.php&path=%2Fvar%2Fwww%2Fwww-root%2Fdata%2Fwww%2Foplatu.ru%2Fpublic_html%2Fwp-includes HTTP/1.0" 200 9506 "-" "Mozilla/5.0 AppleWebKit/537.36 (KHTML, like Gecko; compatible; ClaudeBot/1.0; +claudebot@anthropic.com)"
40.77.167.123 - - [30/Oct/2025:15:04:14 +0000] "GET /4047196153 HTTP/1.0" 200 33785 "-" "Mozilla/5.0 AppleWebKit/537.36 (KHTML, like Gecko; compatible; bingbot/2.0; +http://www.bing.com/bingbot.htm) Chrome/116.0.1938.76 Safari/537.36"
216.73.216.6 - - [30/Oct/2025:15:04:17 +0000] "GET /klook?fileloc=%2Fvar%2Fwww%2Fwww-root%2Fdata%2Fwww%2Foplatu.ru%2Fpublic_html%2Fwp-includes%2Fclass.wp-scripts.php&path=%2Fvar%2Fwww%2Fwww-root%2Fdata%2Fwww%2Foplatu.ru%2Fpublic_html%2Fwp-includes HTTP/1.0" 200 3071 "-" "Mozilla/5.0 AppleWebKit/537.36 (KHTML, like Gecko; compatible; ClaudeBot/1.0; +claudebot@anthropic.com)"
40.77.167.123 - - [30/Oct/2025:15:04:17 +0000] "GET /1063418059 HTTP/1.0" 200 27248 "-" "Mozilla/5.0 AppleWebKit/537.36 (KHTML, like Gecko; compatible; bingbot/2.0; +http://www.bing.com/bingbot.htm) Chrome/116.0.1938.76 Safari/537.36"
216.73.216.6 - - [30/Oct/2025:15:04:20 +0000] "GET /klook?fileloc=%2Fvar%2Fwww%2Fwww-root%2Fdata%2Fwww%2Foplatu.ru%2Fpublic_html%2Fwp-includes%2Fscript-loader.php&path=%2Fvar%2Fwww%2Fwww-root%2Fdata%2Fwww%2Foplatu.ru%2Fpublic_html%2Fwp-includes HTTP/1.0" 200 34446 "-" "Mozilla/5.0 AppleWebKit/537.36 (KHTML, like Gecko; compatible; ClaudeBot/1.0; +claudebot@anthropic.com)"
51.222.168.224 - - [30/Oct/2025:15:04:20 +0000] "GET /chatgpt/?path=/var/www/www-root/data/www/oplatu.ru/public_html/wp-includes/rest-api HTTP/1.0" 200 3537 "-" "Mozilla/5.0 (compatible; AhrefsBot/7.0; +http://ahrefs.com/robot/)"
40.77.167.123 - - [30/Oct/2025:15:04:20 +0000] "GET /345352394 HTTP/1.0" 200 27149 "-" "Mozilla/5.0 AppleWebKit/537.36 (KHTML, like Gecko; compatible; bingbot/2.0; +http://www.bing.com/bingbot.htm) Chrome/116.0.1938.76 Safari/537.36"
216.73.216.6 - - [30/Oct/2025:15:04:23 +0000] "GET /klook?fileloc=%2Fvar%2Fwww%2Fwww-root%2Fdata%2Fwww%2Foplatu.ru%2Fpublic_html%2Fwp-includes%2Fclass-wp-http-cookie.php&path=%2Fvar%2Fwww%2Fwww-root%2Fdata%2Fwww%2Foplatu.ru%2Fpublic_html%2Fwp-includes HTTP/1.0" 200 5369 "-" "Mozilla/5.0 AppleWebKit/537.36 (KHTML, like Gecko; compatible; ClaudeBot/1.0; +claudebot@anthropic.com)"
40.77.167.123 - - [30/Oct/2025:15:04:24 +0000] "GET /1436704001 HTTP/1.0" 200 27257 "-" "Mozilla/5.0 AppleWebKit/537.36 (KHTML, like Gecko; compatible; bingbot/2.0; +http://www.bing.com/bingbot.htm) Chrome/116.0.1938.76 Safari/537.36"
216.73.216.6 - - [30/Oct/2025:15:04:26 +0000] "GET /klook?fileloc=%2Fvar%2Fwww%2Fwww-root%2Fdata%2Fwww%2Foplatu.ru%2Fpublic_html%2Fwp-includes%2Fhttps-detection.php&path=%2Fvar%2Fwww%2Fwww-root%2Fdata%2Fwww%2Foplatu.ru%2Fpublic_html%2Fwp-includes HTTP/1.0" 200 4784 "-" "Mozilla/5.0 AppleWebKit/537.36 (KHTML, like Gecko; compatible; ClaudeBot/1.0; +claudebot@anthropic.com)"
40.77.167.123 - - [30/Oct/2025:15:04:26 +0000] "GET /2545341863 HTTP/1.0" 200 26002 "-" "Mozilla/5.0 AppleWebKit/537.36 (KHTML, like Gecko; compatible; bingbot/2.0; +http://www.bing.com/bingbot.htm) Chrome/116.0.1938.76 Safari/537.36"
216.73.216.6 - - [30/Oct/2025:15:04:29 +0000] "GET /klook?fileloc=%2Fvar%2Fwww%2Fwww-root%2Fdata%2Fwww%2Foplatu.ru%2Fpublic_html%2Fwp-includes%2Fclass-wp-http-response.php&path=%2Fvar%2Fwww%2Fwww-root%2Fdata%2Fwww%2Foplatu.ru%2Fpublic_html%2Fwp-includes HTTP/1.0" 200 3796 "-" "Mozilla/5.0 AppleWebKit/537.36 (KHTML, like Gecko; compatible; ClaudeBot/1.0; +claudebot@anthropic.com)"
40.77.167.123 - - [30/Oct/2025:15:04:29 +0000] "GET /2271040251 HTTP/1.0" 200 29315 "-" "Mozilla/5.0 AppleWebKit/537.36 (KHTML, like Gecko; compatible; bingbot/2.0; +http://www.bing.com/bingbot.htm) Chrome/116.0.1938.76 Safari/537.36"
216.73.216.6 - - [30/Oct/2025:15:04:32 +0000] "GET /klook?fileloc=%2Fvar%2Fwww%2Fwww-root%2Fdata%2Fwww%2Foplatu.ru%2Fpublic_html%2Fwp-includes%2Fclass-wp-block-parser.php&path=%2Fvar%2Fwww%2Fwww-root%2Fdata%2Fwww%2Foplatu.ru%2Fpublic_html%2Fwp-includes HTTP/1.0" 200 6280 "-" "Mozilla/5.0 AppleWebKit/537.36 (KHTML, like Gecko; compatible; ClaudeBot/1.0; +claudebot@anthropic.com)"
40.77.167.123 - - [30/Oct/2025:15:04:32 +0000] "GET /1135538329 HTTP/1.0" 200 26161 "-" "Mozilla/5.0 AppleWebKit/537.36 (KHTML, like Gecko; compatible; bingbot/2.0; +http://www.bing.com/bingbot.htm) Chrome/116.0.1938.76 Safari/537.36"
216.73.216.6 - - [30/Oct/2025:15:04:35 +0000] "GET /klook?fileloc=%2Fvar%2Fwww%2Fwww-root%2Fdata%2Fwww%2Foplatu.ru%2Fpublic_html%2Fwp-includes%2Fclass-wp-http-proxy.php&path=%2Fvar%2Fwww%2Fwww-root%2Fdata%2Fwww%2Foplatu.ru%2Fpublic_html%2Fwp-includes HTTP/1.0" 200 4808 "-" "Mozilla/5.0 AppleWebKit/537.36 (KHTML, like Gecko; compatible; ClaudeBot/1.0; +claudebot@anthropic.com)"
40.77.167.123 - - [30/Oct/2025:15:04:35 +0000] "GET /2709728140 HTTP/1.0" 200 25939 "-" "Mozilla/5.0 AppleWebKit/537.36 (KHTML, like Gecko; compatible; bingbot/2.0; +http://www.bing.com/bingbot.htm) Chrome/116.0.1938.76 Safari/537.36"
216.73.216.6 - - [30/Oct/2025:15:04:38 +0000] "GET /klook?fileloc=%2Fvar%2Fwww%2Fwww-root%2Fdata%2Fwww%2Foplatu.ru%2Fpublic_html%2Fwp-includes%2Fclass-wp-http-streams.php&path=%2Fvar%2Fwww%2Fwww-root%2Fdata%2Fwww%2Foplatu.ru%2Fpublic_html%2Fwp-includes HTTP/1.0" 200 7580 "-" "Mozilla/5.0 AppleWebKit/537.36 (KHTML, like Gecko; compatible; ClaudeBot/1.0; +claudebot@anthropic.com)"
40.77.167.123 - - [30/Oct/2025:15:04:38 +0000] "GET /4267033748 HTTP/1.0" 200 26495 "-" "Mozilla/5.0 AppleWebKit/537.36 (KHTML, like Gecko; compatible; bingbot/2.0; +http://www.bing.com/bingbot.htm) Chrome/116.0.1938.76 Safari/537.36"
216.73.216.6 - - [30/Oct/2025:15:04:41 +0000] "GET /klook?fileloc=%2Fvar%2Fwww%2Fwww-root%2Fdata%2Fwww%2Foplatu.ru%2Fpublic_html%2Fwp-includes%2Ffunctions.wp-scripts.php&path=%2Fvar%2Fwww%2Fwww-root%2Fdata%2Fwww%2Foplatu.ru%2Fpublic_html%2Fwp-includes HTTP/1.0" 200 6826 "-" "Mozilla/5.0 AppleWebKit/537.36 (KHTML, like Gecko; compatible; ClaudeBot/1.0; +claudebot@anthropic.com)"
40.77.167.123 - - [30/Oct/2025:15:04:41 +0000] "GET /29787250 HTTP/1.0" 200 26784 "-" "Mozilla/5.0 AppleWebKit/537.36 (KHTML, like Gecko; compatible; bingbot/2.0; +http://www.bing.com/bingbot.htm) Chrome/116.0.1938.76 Safari/537.36"
216.73.216.6 - - [30/Oct/2025:15:04:44 +0000] "GET /klook?fileloc=%2Fvar%2Fwww%2Fwww-root%2Fdata%2Fwww%2Foplatu.ru%2Fpublic_html%2Fwp-includes%2Fclass-wp-http-curl.php&path=%2Fvar%2Fwww%2Fwww-root%2Fdata%2Fwww%2Foplatu.ru%2Fpublic_html%2Fwp-includes HTTP/1.0" 200 6521 "-" "Mozilla/5.0 AppleWebKit/537.36 (KHTML, like Gecko; compatible; ClaudeBot/1.0; +claudebot@anthropic.com)"
40.77.167.123 - - [30/Oct/2025:15:04:44 +0000] "GET /32280198 HTTP/1.0" 200 26146 "-" "Mozilla/5.0 AppleWebKit/537.36 (KHTML, like Gecko; compatible; bingbot/2.0; +http://www.bing.com/bingbot.htm) Chrome/116.0.1938.76 Safari/537.36"
216.73.216.6 - - [30/Oct/2025:15:04:47 +0000] "GET /klook?fileloc=%2Fvar%2Fwww%2Fwww-root%2Fdata%2Fwww%2Foplatu.ru%2Fpublic_html%2Fwp-includes%2Fclass-wp-user-request.php&path=%2Fvar%2Fwww%2Fwww-root%2Fdata%2Fwww%2Foplatu.ru%2Fpublic_html%2Fwp-includes HTTP/1.0" 200 3463 "-" "Mozilla/5.0 AppleWebKit/537.36 (KHTML, like Gecko; compatible; ClaudeBot/1.0; +claudebot@anthropic.com)"
40.77.167.123 - - [30/Oct/2025:15:04:48 +0000] "GET /4258803340 HTTP/1.0" 200 25580 "-" "Mozilla/5.0 AppleWebKit/537.36 (KHTML, like Gecko; compatible; bingbot/2.0; +http://www.bing.com/bingbot.htm) Chrome/116.0.1938.76 Safari/537.36"
216.73.216.6 - - [30/Oct/2025:15:04:50 +0000] "GET /klook?fileloc=%2Fvar%2Fwww%2Fwww-root%2Fdata%2Fwww%2Foplatu.ru%2Fpublic_html%2Fwp-includes%2Fclass-wp-http-encoding.php&path=%2Fvar%2Fwww%2Fwww-root%2Fdata%2Fwww%2Foplatu.ru%2Fpublic_html%2Fwp-includes HTTP/1.0" 200 5002 "-" "Mozilla/5.0 AppleWebKit/537.36 (KHTML, like Gecko; compatible; ClaudeBot/1.0; +claudebot@anthropic.com)"
40.77.167.123 - - [30/Oct/2025:15:04:50 +0000] "GET /2342469459 HTTP/1.0" 200 26581 "-" "Mozilla/5.0 AppleWebKit/537.36 (KHTML, like Gecko; compatible; bingbot/2.0; +http://www.bing.com/bingbot.htm) Chrome/116.0.1938.76 Safari/537.36"
51.161.37.160 - - [30/Oct/2025:15:04:52 +0000] "GET /chatgpt/?path=/var/www/www-root/data/www/oplatu.ru/public_html/wp-includes/pomo HTTP/1.0" 200 3502 "-" "Mozilla/5.0 (compatible; AhrefsBot/7.0; +http://ahrefs.com/robot/)"
40.77.167.123 - - [30/Oct/2025:15:04:54 +0000] "GET /1329771440 HTTP/1.0" 200 26749 "-" "Mozilla/5.0 AppleWebKit/537.36 (KHTML, like Gecko; compatible; bingbot/2.0; +http://www.bing.com/bingbot.htm) Chrome/116.0.1938.76 Safari/537.36"
40.77.167.123 - - [30/Oct/2025:15:04:57 +0000] "GET /4152981190 HTTP/1.0" 200 26376 "-" "Mozilla/5.0 AppleWebKit/537.36 (KHTML, like Gecko; compatible; bingbot/2.0; +http://www.bing.com/bingbot.htm) Chrome/116.0.1938.76 Safari/537.36"
66.249.66.43 - - [30/Oct/2025:15:04:59 +0000] "GET /css/fonts-tildasans HTTP/1.0" 200 26411 "-" "Mozilla/5.0 (Linux; Android 6.0.1; Nexus 5X Build/MMB29P) AppleWebKit/537.36 (KHTML, like Gecko) Chrome/141.0.7390.122 Mobile Safari/537.36 (compatible; Googlebot/2.1; +http://www.google.com/bot.html)"
40.77.167.123 - - [30/Oct/2025:15:05:00 +0000] "GET /3787518021 HTTP/1.0" 200 25180 "-" "Mozilla/5.0 AppleWebKit/537.36 (KHTML, like Gecko; compatible; bingbot/2.0; +http://www.bing.com/bingbot.htm) Chrome/116.0.1938.76 Safari/537.36"
88.99.110.77 - - [30/Oct/2025:15:05:02 +0000] "GET / HTTP/1.0" 200 53779 "https://www.star-finder.de" "star-finder.de Bot"
40.77.167.123 - - [30/Oct/2025:15:05:03 +0000] "GET /928818140 HTTP/1.0" 200 25865 "-" "Mozilla/5.0 AppleWebKit/537.36 (KHTML, like Gecko; compatible; bingbot/2.0; +http://www.bing.com/bingbot.htm) Chrome/116.0.1938.76 Safari/537.36"
40.77.167.123 - - [30/Oct/2025:15:05:06 +0000] "GET /600519372 HTTP/1.0" 200 26164 "-" "Mozilla/5.0 AppleWebKit/537.36 (KHTML, like Gecko; compatible; bingbot/2.0; +http://www.bing.com/bingbot.htm) Chrome/116.0.1938.76 Safari/537.36"
40.77.167.123 - - [30/Oct/2025:15:05:09 +0000] "GET /2043027116 HTTP/1.0" 200 26062 "-" "Mozilla/5.0 AppleWebKit/537.36 (KHTML, like Gecko; compatible; bingbot/2.0; +http://www.bing.com/bingbot.htm) Chrome/116.0.1938.76 Safari/537.36"
40.77.167.123 - - [30/Oct/2025:15:05:12 +0000] "GET /822895191 HTTP/1.0" 200 26436 "-" "Mozilla/5.0 AppleWebKit/537.36 (KHTML, like Gecko; compatible; bingbot/2.0; +http://www.bing.com/bingbot.htm) Chrome/116.0.1938.76 Safari/537.36"
40.77.167.123 - - [30/Oct/2025:15:05:15 +0000] "GET /3191056448 HTTP/1.0" 200 26086 "-" "Mozilla/5.0 AppleWebKit/537.36 (KHTML, like Gecko; compatible; bingbot/2.0; +http://www.bing.com/bingbot.htm) Chrome/116.0.1938.76 Safari/537.36"
40.77.167.123 - - [30/Oct/2025:15:05:18 +0000] "GET /934182052 HTTP/1.0" 200 26385 "-" "Mozilla/5.0 AppleWebKit/537.36 (KHTML, like Gecko; compatible; bingbot/2.0; +http://www.bing.com/bingbot.htm) Chrome/116.0.1938.76 Safari/537.36"
40.77.167.123 - - [30/Oct/2025:15:05:21 +0000] "GET /200723832 HTTP/1.0" 200 26348 "-" "Mozilla/5.0 AppleWebKit/537.36 (KHTML, like Gecko; compatible; bingbot/2.0; +http://www.bing.com/bingbot.htm) Chrome/116.0.1938.76 Safari/537.36"
40.77.167.123 - - [30/Oct/2025:15:05:24 +0000] "GET /615070029 HTTP/1.0" 200 27048 "-" "Mozilla/5.0 AppleWebKit/537.36 (KHTML, like Gecko; compatible; bingbot/2.0; +http://www.bing.com/bingbot.htm) Chrome/116.0.1938.76 Safari/537.36"
40.77.167.123 - - [30/Oct/2025:15:05:27 +0000] "GET /2187360933 HTTP/1.0" 200 26768 "-" "Mozilla/5.0 AppleWebKit/537.36 (KHTML, like Gecko; compatible; bingbot/2.0; +http://www.bing.com/bingbot.htm) Chrome/116.0.1938.76 Safari/537.36"
40.77.167.123 - - [30/Oct/2025:15:05:30 +0000] "GET /474003739 HTTP/1.0" 200 26005 "-" "Mozilla/5.0 AppleWebKit/537.36 (KHTML, like Gecko; compatible; bingbot/2.0; +http://www.bing.com/bingbot.htm) Chrome/116.0.1938.76 Safari/537.36"
40.77.167.123 - - [30/Oct/2025:15:05:33 +0000] "GET /3226064899 HTTP/1.0" 200 27300 "-" "Mozilla/5.0 AppleWebKit/537.36 (KHTML, like Gecko; compatible; bingbot/2.0; +http://www.bing.com/bingbot.htm) Chrome/116.0.1938.76 Safari/537.36"
148.113.128.83 - - [30/Oct/2025:15:05:34 +0000] "GET /chatgpt/?path=/var/www/www-root/data/www/oplatu.ru/public_html/wp-includes/php-compat HTTP/1.0" 200 3294 "-" "Mozilla/5.0 (compatible; AhrefsBot/7.0; +http://ahrefs.com/robot/)"
40.77.167.123 - - [30/Oct/2025:15:05:36 +0000] "GET /2969669837 HTTP/1.0" 200 28323 "-" "Mozilla/5.0 AppleWebKit/537.36 (KHTML, like Gecko; compatible; bingbot/2.0; +http://www.bing.com/bingbot.htm) Chrome/116.0.1938.76 Safari/537.36"
40.77.167.123 - - [30/Oct/2025:15:05:38 +0000] "GET /2019431060 HTTP/1.0" 200 27576 "-" "Mozilla/5.0 AppleWebKit/537.36 (KHTML, like Gecko; compatible; bingbot/2.0; +http://www.bing.com/bingbot.htm) Chrome/116.0.1938.76 Safari/537.36"
40.77.167.123 - - [30/Oct/2025:15:05:41 +0000] "GET /2882966860 HTTP/1.0" 200 26324 "-" "Mozilla/5.0 AppleWebKit/537.36 (KHTML, like Gecko; compatible; bingbot/2.0; +http://www.bing.com/bingbot.htm) Chrome/116.0.1938.76 Safari/537.36"
40.77.167.123 - - [30/Oct/2025:15:05:44 +0000] "GET /2271237990 HTTP/1.0" 200 26682 "-" "Mozilla/5.0 AppleWebKit/537.36 (KHTML, like Gecko; compatible; bingbot/2.0; +http://www.bing.com/bingbot.htm) Chrome/116.0.1938.76 Safari/537.36"
40.77.167.123 - - [30/Oct/2025:15:05:47 +0000] "GET /1590770602 HTTP/1.0" 200 26822 "-" "Mozilla/5.0 AppleWebKit/537.36 (KHTML, like Gecko; compatible; bingbot/2.0; +http://www.bing.com/bingbot.htm) Chrome/116.0.1938.76 Safari/537.36"
40.77.167.123 - - [30/Oct/2025:15:05:50 +0000] "GET /1088786364 HTTP/1.0" 200 26220 "-" "Mozilla/5.0 AppleWebKit/537.36 (KHTML, like Gecko; compatible; bingbot/2.0; +http://www.bing.com/bingbot.htm) Chrome/116.0.1938.76 Safari/537.36"
40.77.167.123 - - [30/Oct/2025:15:05:53 +0000] "GET /2564346862 HTTP/1.0" 200 25510 "-" "Mozilla/5.0 AppleWebKit/537.36 (KHTML, like Gecko; compatible; bingbot/2.0; +http://www.bing.com/bingbot.htm) Chrome/116.0.1938.76 Safari/537.36"
209.209.11.236 - - [30/Oct/2025:15:05:55 +0000] "GET /feed/ HTTP/1.0" 200 4303 "-" "Go-http-client/1.1"
40.77.167.123 - - [30/Oct/2025:15:05:56 +0000] "GET /1666941096 HTTP/1.0" 200 25524 "-" "Mozilla/5.0 AppleWebKit/537.36 (KHTML, like Gecko; compatible; bingbot/2.0; +http://www.bing.com/bingbot.htm) Chrome/116.0.1938.76 Safari/537.36"
40.77.167.123 - - [30/Oct/2025:15:05:59 +0000] "GET /2743968615 HTTP/1.0" 200 26474 "-" "Mozilla/5.0 AppleWebKit/537.36 (KHTML, like Gecko; compatible; bingbot/2.0; +http://www.bing.com/bingbot.htm) Chrome/116.0.1938.76 Safari/537.36"
40.77.167.123 - - [30/Oct/2025:15:06:02 +0000] "GET /2113457278 HTTP/1.0" 200 26306 "-" "Mozilla/5.0 AppleWebKit/537.36 (KHTML, like Gecko; compatible; bingbot/2.0; +http://www.bing.com/bingbot.htm) Chrome/116.0.1938.76 Safari/537.36"
40.77.167.123 - - [30/Oct/2025:15:06:05 +0000] "GET /3887291932 HTTP/1.0" 200 26502 "-" "Mozilla/5.0 AppleWebKit/537.36 (KHTML, like Gecko; compatible; bingbot/2.0; +http://www.bing.com/bingbot.htm) Chrome/116.0.1938.76 Safari/537.36"
