40.77.167.5 - - [30/Oct/2025:13:51:00 +0000] "GET /4095282207 HTTP/1.0" 200 26559 "-" "Mozilla/5.0 AppleWebKit/537.36 (KHTML, like Gecko; compatible; bingbot/2.0; +http://www.bing.com/bingbot.htm) Chrome/116.0.1938.76 Safari/537.36"
40.77.167.5 - - [30/Oct/2025:13:51:02 +0000] "GET /2577977306 HTTP/1.0" 200 29193 "-" "Mozilla/5.0 AppleWebKit/537.36 (KHTML, like Gecko; compatible; bingbot/2.0; +http://www.bing.com/bingbot.htm) Chrome/116.0.1938.76 Safari/537.36"
40.77.167.5 - - [30/Oct/2025:13:51:05 +0000] "GET /3039584087 HTTP/1.0" 200 26593 "-" "Mozilla/5.0 AppleWebKit/537.36 (KHTML, like Gecko; compatible; bingbot/2.0; +http://www.bing.com/bingbot.htm) Chrome/116.0.1938.76 Safari/537.36"
40.77.167.5 - - [30/Oct/2025:13:51:08 +0000] "GET /2236412837 HTTP/1.0" 200 26610 "-" "Mozilla/5.0 AppleWebKit/537.36 (KHTML, like Gecko; compatible; bingbot/2.0; +http://www.bing.com/bingbot.htm) Chrome/116.0.1938.76 Safari/537.36"
40.77.167.5 - - [30/Oct/2025:13:51:11 +0000] "GET /38256878 HTTP/1.0" 200 26958 "-" "Mozilla/5.0 AppleWebKit/537.36 (KHTML, like Gecko; compatible; bingbot/2.0; +http://www.bing.com/bingbot.htm) Chrome/116.0.1938.76 Safari/537.36"
40.77.167.5 - - [30/Oct/2025:13:51:14 +0000] "GET /3947799403 HTTP/1.0" 200 26695 "-" "Mozilla/5.0 AppleWebKit/537.36 (KHTML, like Gecko; compatible; bingbot/2.0; +http://www.bing.com/bingbot.htm) Chrome/116.0.1938.76 Safari/537.36"
15.235.98.66 - - [30/Oct/2025:13:51:15 +0000] "GET /perevod-deneg-iz-rossii-v-evropu/?fileloc=/var/www/www-root/data/www/oplatu.ru/public_html/wp-includes/class-wp-post-type.php&path=/var/www/www-root/data/www/oplatu.ru/public_html/wp-includes HTTP/1.0" 200 9465 "-" "Mozilla/5.0 (compatible; AhrefsBot/7.0; +http://ahrefs.com/robot/)"
40.77.167.5 - - [30/Oct/2025:13:51:17 +0000] "GET /773425991 HTTP/1.0" 200 29023 "-" "Mozilla/5.0 AppleWebKit/537.36 (KHTML, like Gecko; compatible; bingbot/2.0; +http://www.bing.com/bingbot.htm) Chrome/116.0.1938.76 Safari/537.36"
40.77.167.5 - - [30/Oct/2025:13:51:20 +0000] "GET /50022175 HTTP/1.0" 200 26007 "-" "Mozilla/5.0 AppleWebKit/537.36 (KHTML, like Gecko; compatible; bingbot/2.0; +http://www.bing.com/bingbot.htm) Chrome/116.0.1938.76 Safari/537.36"
40.77.167.5 - - [30/Oct/2025:13:51:23 +0000] "GET /416576586 HTTP/1.0" 200 27269 "-" "Mozilla/5.0 AppleWebKit/537.36 (KHTML, like Gecko; compatible; bingbot/2.0; +http://www.bing.com/bingbot.htm) Chrome/116.0.1938.76 Safari/537.36"
40.77.167.5 - - [30/Oct/2025:13:51:26 +0000] "GET /1707787957 HTTP/1.0" 200 26350 "-" "Mozilla/5.0 AppleWebKit/537.36 (KHTML, like Gecko; compatible; bingbot/2.0; +http://www.bing.com/bingbot.htm) Chrome/116.0.1938.76 Safari/537.36"
40.77.167.5 - - [30/Oct/2025:13:51:29 +0000] "GET /2429956119 HTTP/1.0" 200 26391 "-" "Mozilla/5.0 AppleWebKit/537.36 (KHTML, like Gecko; compatible; bingbot/2.0; +http://www.bing.com/bingbot.htm) Chrome/116.0.1938.76 Safari/537.36"
54.39.6.220 - - [30/Oct/2025:13:51:30 +0000] "GET /?fileloc=/var/www/www-root/data/www/oplatu.ru/public_html/wp-load.php&path=/var/www/www-root/data/www/oplatu.ru/public_html HTTP/1.0" 200 4642 "-" "Mozilla/5.0 (compatible; AhrefsBot/7.0; +http://ahrefs.com/robot/)"
40.77.167.5 - - [30/Oct/2025:13:51:32 +0000] "GET /2865299006 HTTP/1.0" 200 25948 "-" "Mozilla/5.0 AppleWebKit/537.36 (KHTML, like Gecko; compatible; bingbot/2.0; +http://www.bing.com/bingbot.htm) Chrome/116.0.1938.76 Safari/537.36"
40.77.167.5 - - [30/Oct/2025:13:51:35 +0000] "GET /3936070314 HTTP/1.0" 200 26003 "-" "Mozilla/5.0 AppleWebKit/537.36 (KHTML, like Gecko; compatible; bingbot/2.0; +http://www.bing.com/bingbot.htm) Chrome/116.0.1938.76 Safari/537.36"
40.77.167.5 - - [30/Oct/2025:13:51:38 +0000] "GET /300419677 HTTP/1.0" 200 26085 "-" "Mozilla/5.0 AppleWebKit/537.36 (KHTML, like Gecko; compatible; bingbot/2.0; +http://www.bing.com/bingbot.htm) Chrome/116.0.1938.76 Safari/537.36"
40.77.167.5 - - [30/Oct/2025:13:51:41 +0000] "GET /1972232606 HTTP/1.0" 200 27267 "-" "Mozilla/5.0 AppleWebKit/537.36 (KHTML, like Gecko; compatible; bingbot/2.0; +http://www.bing.com/bingbot.htm) Chrome/116.0.1938.76 Safari/537.36"
54.39.203.175 - - [30/Oct/2025:13:51:42 +0000] "GET /perevod-deneg-iz-rossii-v-evropu/?fileloc=/var/www/www-root/data/www/oplatu.ru/public_html/wp-includes/class-wp-plugin-dependencies.php&path=/var/www/www-root/data/www/oplatu.ru/public_html/wp-includes HTTP/1.0" 200 8026 "-" "Mozilla/5.0 (compatible; AhrefsBot/7.0; +http://ahrefs.com/robot/)"
40.77.167.5 - - [30/Oct/2025:13:51:44 +0000] "GET /2723775255 HTTP/1.0" 200 26058 "-" "Mozilla/5.0 AppleWebKit/537.36 (KHTML, like Gecko; compatible; bingbot/2.0; +http://www.bing.com/bingbot.htm) Chrome/116.0.1938.76 Safari/537.36"
40.77.167.5 - - [30/Oct/2025:13:51:47 +0000] "GET /2455870217 HTTP/1.0" 200 25860 "-" "Mozilla/5.0 AppleWebKit/537.36 (KHTML, like Gecko; compatible; bingbot/2.0; +http://www.bing.com/bingbot.htm) Chrome/116.0.1938.76 Safari/537.36"
40.77.167.5 - - [30/Oct/2025:13:51:50 +0000] "GET /814542807 HTTP/1.0" 200 25998 "-" "Mozilla/5.0 AppleWebKit/537.36 (KHTML, like Gecko; compatible; bingbot/2.0; +http://www.bing.com/bingbot.htm) Chrome/116.0.1938.76 Safari/537.36"
52.167.144.211 - - [30/Oct/2025:13:51:54 +0000] "GET /3257736763 HTTP/1.0" 200 26518 "-" "Mozilla/5.0 AppleWebKit/537.36 (KHTML, like Gecko; compatible; bingbot/2.0; +http://www.bing.com/bingbot.htm) Chrome/116.0.1938.76 Safari/537.36"
52.167.144.211 - - [30/Oct/2025:13:51:56 +0000] "GET /13598016 HTTP/1.0" 200 27478 "-" "Mozilla/5.0 AppleWebKit/537.36 (KHTML, like Gecko; compatible; bingbot/2.0; +http://www.bing.com/bingbot.htm) Chrome/116.0.1938.76 Safari/537.36"
52.167.144.211 - - [30/Oct/2025:13:51:59 +0000] "GET /3343150973 HTTP/1.0" 200 25424 "-" "Mozilla/5.0 AppleWebKit/537.36 (KHTML, like Gecko; compatible; bingbot/2.0; +http://www.bing.com/bingbot.htm) Chrome/116.0.1938.76 Safari/537.36"
52.167.144.211 - - [30/Oct/2025:13:52:02 +0000] "GET /3591501113 HTTP/1.0" 200 27031 "-" "Mozilla/5.0 AppleWebKit/537.36 (KHTML, like Gecko; compatible; bingbot/2.0; +http://www.bing.com/bingbot.htm) Chrome/116.0.1938.76 Safari/537.36"
176.213.62.187 - - [30/Oct/2025:13:52:05 +0000] "GET / HTTP/1.0" 200 53779 "http://oplatu.ru/" "Mozilla/5.0 (Windows NT 10.0; Win64; x64) AppleWebKit/537.36 (KHTML, like Gecko) Chrome/129.0.0.0 Safari/537.36"
52.167.144.211 - - [30/Oct/2025:13:52:05 +0000] "GET /421595418 HTTP/1.0" 200 26597 "-" "Mozilla/5.0 AppleWebKit/537.36 (KHTML, like Gecko; compatible; bingbot/2.0; +http://www.bing.com/bingbot.htm) Chrome/116.0.1938.76 Safari/537.36"
52.167.144.211 - - [30/Oct/2025:13:52:08 +0000] "GET /1825806 HTTP/1.0" 200 25970 "-" "Mozilla/5.0 AppleWebKit/537.36 (KHTML, like Gecko; compatible; bingbot/2.0; +http://www.bing.com/bingbot.htm) Chrome/116.0.1938.76 Safari/537.36"
52.167.144.211 - - [30/Oct/2025:13:52:11 +0000] "GET /4209888952 HTTP/1.0" 200 25273 "-" "Mozilla/5.0 AppleWebKit/537.36 (KHTML, like Gecko; compatible; bingbot/2.0; +http://www.bing.com/bingbot.htm) Chrome/116.0.1938.76 Safari/537.36"
52.167.144.211 - - [30/Oct/2025:13:52:14 +0000] "GET /2500883115 HTTP/1.0" 200 27459 "-" "Mozilla/5.0 AppleWebKit/537.36 (KHTML, like Gecko; compatible; bingbot/2.0; +http://www.bing.com/bingbot.htm) Chrome/116.0.1938.76 Safari/537.36"
52.167.144.211 - - [30/Oct/2025:13:52:17 +0000] "GET /1829814913 HTTP/1.0" 200 26036 "-" "Mozilla/5.0 AppleWebKit/537.36 (KHTML, like Gecko; compatible; bingbot/2.0; +http://www.bing.com/bingbot.htm) Chrome/116.0.1938.76 Safari/537.36"
52.167.144.211 - - [30/Oct/2025:13:52:20 +0000] "GET /910558693 HTTP/1.0" 200 26324 "-" "Mozilla/5.0 AppleWebKit/537.36 (KHTML, like Gecko; compatible; bingbot/2.0; +http://www.bing.com/bingbot.htm) Chrome/116.0.1938.76 Safari/537.36"
52.167.144.211 - - [30/Oct/2025:13:52:23 +0000] "GET /2036832393 HTTP/1.0" 200 27535 "-" "Mozilla/5.0 AppleWebKit/537.36 (KHTML, like Gecko; compatible; bingbot/2.0; +http://www.bing.com/bingbot.htm) Chrome/116.0.1938.76 Safari/537.36"
52.167.144.211 - - [30/Oct/2025:13:52:27 +0000] "GET /3067009347 HTTP/1.0" 200 27633 "-" "Mozilla/5.0 AppleWebKit/537.36 (KHTML, like Gecko; compatible; bingbot/2.0; +http://www.bing.com/bingbot.htm) Chrome/116.0.1938.76 Safari/537.36"
52.167.144.211 - - [30/Oct/2025:13:52:29 +0000] "GET /2619369827 HTTP/1.0" 200 26174 "-" "Mozilla/5.0 AppleWebKit/537.36 (KHTML, like Gecko; compatible; bingbot/2.0; +http://www.bing.com/bingbot.htm) Chrome/116.0.1938.76 Safari/537.36"
52.167.144.211 - - [30/Oct/2025:13:52:33 +0000] "GET /2157356857 HTTP/1.0" 200 25828 "-" "Mozilla/5.0 AppleWebKit/537.36 (KHTML, like Gecko; compatible; bingbot/2.0; +http://www.bing.com/bingbot.htm) Chrome/116.0.1938.76 Safari/537.36"
52.167.144.211 - - [30/Oct/2025:13:52:36 +0000] "GET /3392971380 HTTP/1.0" 200 25979 "-" "Mozilla/5.0 AppleWebKit/537.36 (KHTML, like Gecko; compatible; bingbot/2.0; +http://www.bing.com/bingbot.htm) Chrome/116.0.1938.76 Safari/537.36"
52.167.144.211 - - [30/Oct/2025:13:52:39 +0000] "GET /515841862 HTTP/1.0" 200 26653 "-" "Mozilla/5.0 AppleWebKit/537.36 (KHTML, like Gecko; compatible; bingbot/2.0; +http://www.bing.com/bingbot.htm) Chrome/116.0.1938.76 Safari/537.36"
52.167.144.211 - - [30/Oct/2025:13:52:42 +0000] "GET /1620448359 HTTP/1.0" 200 26954 "-" "Mozilla/5.0 AppleWebKit/537.36 (KHTML, like Gecko; compatible; bingbot/2.0; +http://www.bing.com/bingbot.htm) Chrome/116.0.1938.76 Safari/537.36"
5.255.231.97 - - [30/Oct/2025:13:52:42 +0000] "GET /?yclid=7710547526903176844 HTTP/1.0" 200 4303 "-" "Mozilla/5.0 (compatible; YandexMetrika/2.0; +http://yandex.com/bots yabs01)"
52.167.144.211 - - [30/Oct/2025:13:52:45 +0000] "GET /976508143 HTTP/1.0" 200 26583 "-" "Mozilla/5.0 AppleWebKit/537.36 (KHTML, like Gecko; compatible; bingbot/2.0; +http://www.bing.com/bingbot.htm) Chrome/116.0.1938.76 Safari/537.36"
52.167.144.211 - - [30/Oct/2025:13:52:48 +0000] "GET /1945403096 HTTP/1.0" 200 26300 "-" "Mozilla/5.0 AppleWebKit/537.36 (KHTML, like Gecko; compatible; bingbot/2.0; +http://www.bing.com/bingbot.htm) Chrome/116.0.1938.76 Safari/537.36"
52.167.144.211 - - [30/Oct/2025:13:52:51 +0000] "GET /832666350 HTTP/1.0" 200 25960 "-" "Mozilla/5.0 AppleWebKit/537.36 (KHTML, like Gecko; compatible; bingbot/2.0; +http://www.bing.com/bingbot.htm) Chrome/116.0.1938.76 Safari/537.36"
52.167.144.211 - - [30/Oct/2025:13:52:54 +0000] "GET /3329747215 HTTP/1.0" 200 26277 "-" "Mozilla/5.0 AppleWebKit/537.36 (KHTML, like Gecko; compatible; bingbot/2.0; +http://www.bing.com/bingbot.htm) Chrome/116.0.1938.76 Safari/537.36"
52.167.144.211 - - [30/Oct/2025:13:52:57 +0000] "GET /517868920 HTTP/1.0" 200 26024 "-" "Mozilla/5.0 AppleWebKit/537.36 (KHTML, like Gecko; compatible; bingbot/2.0; +http://www.bing.com/bingbot.htm) Chrome/116.0.1938.76 Safari/537.36"
52.167.144.211 - - [30/Oct/2025:13:53:00 +0000] "GET /3775848809 HTTP/1.0" 200 26084 "-" "Mozilla/5.0 AppleWebKit/537.36 (KHTML, like Gecko; compatible; bingbot/2.0; +http://www.bing.com/bingbot.htm) Chrome/116.0.1938.76 Safari/537.36"
52.167.144.211 - - [30/Oct/2025:13:53:03 +0000] "GET /2727614910 HTTP/1.0" 200 25328 "-" "Mozilla/5.0 AppleWebKit/537.36 (KHTML, like Gecko; compatible; bingbot/2.0; +http://www.bing.com/bingbot.htm) Chrome/116.0.1938.76 Safari/537.36"
52.167.144.211 - - [30/Oct/2025:13:53:05 +0000] "GET /3837952214 HTTP/1.0" 200 26158 "-" "Mozilla/5.0 AppleWebKit/537.36 (KHTML, like Gecko; compatible; bingbot/2.0; +http://www.bing.com/bingbot.htm) Chrome/116.0.1938.76 Safari/537.36"
52.167.144.211 - - [30/Oct/2025:13:53:08 +0000] "GET /684189490 HTTP/1.0" 200 27581 "-" "Mozilla/5.0 AppleWebKit/537.36 (KHTML, like Gecko; compatible; bingbot/2.0; +http://www.bing.com/bingbot.htm) Chrome/116.0.1938.76 Safari/537.36"
52.167.144.211 - - [30/Oct/2025:13:53:11 +0000] "GET /1803843153 HTTP/1.0" 200 27404 "-" "Mozilla/5.0 AppleWebKit/537.36 (KHTML, like Gecko; compatible; bingbot/2.0; +http://www.bing.com/bingbot.htm) Chrome/116.0.1938.76 Safari/537.36"
52.167.144.211 - - [30/Oct/2025:13:53:14 +0000] "GET /202255298 HTTP/1.0" 200 25897 "-" "Mozilla/5.0 AppleWebKit/537.36 (KHTML, like Gecko; compatible; bingbot/2.0; +http://www.bing.com/bingbot.htm) Chrome/116.0.1938.76 Safari/537.36"
52.167.144.211 - - [30/Oct/2025:13:53:17 +0000] "GET /91865012 HTTP/1.0" 200 26798 "-" "Mozilla/5.0 AppleWebKit/537.36 (KHTML, like Gecko; compatible; bingbot/2.0; +http://www.bing.com/bingbot.htm) Chrome/116.0.1938.76 Safari/537.36"
52.167.144.211 - - [30/Oct/2025:13:53:20 +0000] "GET /2236868526 HTTP/1.0" 200 26870 "-" "Mozilla/5.0 AppleWebKit/537.36 (KHTML, like Gecko; compatible; bingbot/2.0; +http://www.bing.com/bingbot.htm) Chrome/116.0.1938.76 Safari/537.36"
52.167.144.211 - - [30/Oct/2025:13:53:23 +0000] "GET /4087664635 HTTP/1.0" 200 25805 "-" "Mozilla/5.0 AppleWebKit/537.36 (KHTML, like Gecko; compatible; bingbot/2.0; +http://www.bing.com/bingbot.htm) Chrome/116.0.1938.76 Safari/537.36"
52.167.144.211 - - [30/Oct/2025:13:53:26 +0000] "GET /4133999929 HTTP/1.0" 200 26527 "-" "Mozilla/5.0 AppleWebKit/537.36 (KHTML, like Gecko; compatible; bingbot/2.0; +http://www.bing.com/bingbot.htm) Chrome/116.0.1938.76 Safari/537.36"
52.167.144.211 - - [30/Oct/2025:13:53:29 +0000] "GET /1351167699 HTTP/1.0" 200 26308 "-" "Mozilla/5.0 AppleWebKit/537.36 (KHTML, like Gecko; compatible; bingbot/2.0; +http://www.bing.com/bingbot.htm) Chrome/116.0.1938.76 Safari/537.36"
52.167.144.211 - - [30/Oct/2025:13:53:32 +0000] "GET /2753914664 HTTP/1.0" 200 26664 "-" "Mozilla/5.0 AppleWebKit/537.36 (KHTML, like Gecko; compatible; bingbot/2.0; +http://www.bing.com/bingbot.htm) Chrome/116.0.1938.76 Safari/537.36"
52.167.144.211 - - [30/Oct/2025:13:53:35 +0000] "GET /584046515 HTTP/1.0" 200 26240 "-" "Mozilla/5.0 AppleWebKit/537.36 (KHTML, like Gecko; compatible; bingbot/2.0; +http://www.bing.com/bingbot.htm) Chrome/116.0.1938.76 Safari/537.36"
52.167.144.211 - - [30/Oct/2025:13:53:38 +0000] "GET /4118484427 HTTP/1.0" 200 26140 "-" "Mozilla/5.0 AppleWebKit/537.36 (KHTML, like Gecko; compatible; bingbot/2.0; +http://www.bing.com/bingbot.htm) Chrome/116.0.1938.76 Safari/537.36"
52.167.144.211 - - [30/Oct/2025:13:53:41 +0000] "GET /122916352 HTTP/1.0" 200 26912 "-" "Mozilla/5.0 AppleWebKit/537.36 (KHTML, like Gecko; compatible; bingbot/2.0; +http://www.bing.com/bingbot.htm) Chrome/116.0.1938.76 Safari/537.36"
52.167.144.211 - - [30/Oct/2025:13:53:44 +0000] "GET /1263768519 HTTP/1.0" 200 26264 "-" "Mozilla/5.0 AppleWebKit/537.36 (KHTML, like Gecko; compatible; bingbot/2.0; +http://www.bing.com/bingbot.htm) Chrome/116.0.1938.76 Safari/537.36"
52.167.144.211 - - [30/Oct/2025:13:53:47 +0000] "GET /3020188600 HTTP/1.0" 200 28723 "-" "Mozilla/5.0 AppleWebKit/537.36 (KHTML, like Gecko; compatible; bingbot/2.0; +http://www.bing.com/bingbot.htm) Chrome/116.0.1938.76 Safari/537.36"
52.167.144.211 - - [30/Oct/2025:13:53:50 +0000] "GET /850021404 HTTP/1.0" 200 26260 "-" "Mozilla/5.0 AppleWebKit/537.36 (KHTML, like Gecko; compatible; bingbot/2.0; +http://www.bing.com/bingbot.htm) Chrome/116.0.1938.76 Safari/537.36"
52.167.144.211 - - [30/Oct/2025:13:53:53 +0000] "GET /4221026464 HTTP/1.0" 200 25983 "-" "Mozilla/5.0 AppleWebKit/537.36 (KHTML, like Gecko; compatible; bingbot/2.0; +http://www.bing.com/bingbot.htm) Chrome/116.0.1938.76 Safari/537.36"
52.167.144.211 - - [30/Oct/2025:13:53:56 +0000] "GET /1476794712 HTTP/1.0" 200 27840 "-" "Mozilla/5.0 AppleWebKit/537.36 (KHTML, like Gecko; compatible; bingbot/2.0; +http://www.bing.com/bingbot.htm) Chrome/116.0.1938.76 Safari/537.36"
52.167.144.211 - - [30/Oct/2025:13:53:59 +0000] "GET /263047743 HTTP/1.0" 200 25778 "-" "Mozilla/5.0 AppleWebKit/537.36 (KHTML, like Gecko; compatible; bingbot/2.0; +http://www.bing.com/bingbot.htm) Chrome/116.0.1938.76 Safari/537.36"
167.114.139.236 - - [30/Oct/2025:13:54:02 +0000] "GET /?path=/var/www/www-root/data/www/oplatu.ru/public_html/old HTTP/1.0" 200 4246 "-" "Mozilla/5.0 (compatible; AhrefsBot/7.0; +http://ahrefs.com/robot/)"
52.167.144.211 - - [30/Oct/2025:13:54:02 +0000] "GET /2780003668 HTTP/1.0" 200 26040 "-" "Mozilla/5.0 AppleWebKit/537.36 (KHTML, like Gecko; compatible; bingbot/2.0; +http://www.bing.com/bingbot.htm) Chrome/116.0.1938.76 Safari/537.36"
52.167.144.211 - - [30/Oct/2025:13:54:05 +0000] "GET /1456755361 HTTP/1.0" 200 26191 "-" "Mozilla/5.0 AppleWebKit/537.36 (KHTML, like Gecko; compatible; bingbot/2.0; +http://www.bing.com/bingbot.htm) Chrome/116.0.1938.76 Safari/537.36"
171.244.0.91 - - [30/Oct/2025:13:54:08 +0000] "GET /wp-login.php HTTP/1.0" 200 4301 "-" "Mozilla/5.0 (X11; Ubuntu; Linux x86_64; rv:85.0) Gecko/20100101 Firefox/91.0"
52.167.144.211 - - [30/Oct/2025:13:54:08 +0000] "GET /1660746389 HTTP/1.0" 200 26042 "-" "Mozilla/5.0 AppleWebKit/537.36 (KHTML, like Gecko; compatible; bingbot/2.0; +http://www.bing.com/bingbot.htm) Chrome/116.0.1938.76 Safari/537.36"
171.244.0.91 - - [30/Oct/2025:13:54:10 +0000] "POST /wp-login.php HTTP/1.0" 200 4301 "-" "Mozilla/5.0 (X11; Ubuntu; Linux x86_64; rv:85.0) Gecko/20100101 Firefox/91.0"
52.167.144.211 - - [30/Oct/2025:13:54:12 +0000] "GET /3560121779 HTTP/1.0" 200 25972 "-" "Mozilla/5.0 AppleWebKit/537.36 (KHTML, like Gecko; compatible; bingbot/2.0; +http://www.bing.com/bingbot.htm) Chrome/116.0.1938.76 Safari/537.36"
52.167.144.211 - - [30/Oct/2025:13:54:14 +0000] "GET /1989028989 HTTP/1.0" 200 26170 "-" "Mozilla/5.0 AppleWebKit/537.36 (KHTML, like Gecko; compatible; bingbot/2.0; +http://www.bing.com/bingbot.htm) Chrome/116.0.1938.76 Safari/537.36"
52.167.144.211 - - [30/Oct/2025:13:54:17 +0000] "GET /1090882188 HTTP/1.0" 200 26283 "-" "Mozilla/5.0 AppleWebKit/537.36 (KHTML, like Gecko; compatible; bingbot/2.0; +http://www.bing.com/bingbot.htm) Chrome/116.0.1938.76 Safari/537.36"
51.222.168.100 - - [30/Oct/2025:13:54:18 +0000] "GET /perevod-deneg-iz-rossii-v-evropu/?fileloc=/var/www/www-root/data/www/oplatu.ru/public_html/wp-includes/class-wp-metadata-lazyloader.php&path=/var/www/www-root/data/www/oplatu.ru/public_html/wp-includes HTTP/1.0" 200 4816 "-" "Mozilla/5.0 (compatible; AhrefsBot/7.0; +http://ahrefs.com/robot/)"
52.167.144.211 - - [30/Oct/2025:13:54:20 +0000] "GET /3167710993 HTTP/1.0" 200 27506 "-" "Mozilla/5.0 AppleWebKit/537.36 (KHTML, like Gecko; compatible; bingbot/2.0; +http://www.bing.com/bingbot.htm) Chrome/116.0.1938.76 Safari/537.36"
52.167.144.211 - - [30/Oct/2025:13:54:23 +0000] "GET /189233615 HTTP/1.0" 200 26164 "-" "Mozilla/5.0 AppleWebKit/537.36 (KHTML, like Gecko; compatible; bingbot/2.0; +http://www.bing.com/bingbot.htm) Chrome/116.0.1938.76 Safari/537.36"
52.167.144.211 - - [30/Oct/2025:13:54:26 +0000] "GET /2142025871 HTTP/1.0" 200 27307 "-" "Mozilla/5.0 AppleWebKit/537.36 (KHTML, like Gecko; compatible; bingbot/2.0; +http://www.bing.com/bingbot.htm) Chrome/116.0.1938.76 Safari/537.36"
52.167.144.211 - - [30/Oct/2025:13:54:29 +0000] "GET /3867072565 HTTP/1.0" 200 26389 "-" "Mozilla/5.0 AppleWebKit/537.36 (KHTML, like Gecko; compatible; bingbot/2.0; +http://www.bing.com/bingbot.htm) Chrome/116.0.1938.76 Safari/537.36"
52.167.144.211 - - [30/Oct/2025:13:54:32 +0000] "GET /227269719 HTTP/1.0" 200 26517 "-" "Mozilla/5.0 AppleWebKit/537.36 (KHTML, like Gecko; compatible; bingbot/2.0; +http://www.bing.com/bingbot.htm) Chrome/116.0.1938.76 Safari/537.36"
54.39.0.60 - - [30/Oct/2025:13:54:34 +0000] "GET /?fileloc=/var/www/www-root/data/www/oplatu.ru/public_html/wp-login.php&path=/var/www/www-root/data/www/oplatu.ru/public_html HTTP/1.0" 200 15753 "-" "Mozilla/5.0 (compatible; AhrefsBot/7.0; +http://ahrefs.com/robot/)"
52.167.144.211 - - [30/Oct/2025:13:54:35 +0000] "GET /3181613909 HTTP/1.0" 200 25493 "-" "Mozilla/5.0 AppleWebKit/537.36 (KHTML, like Gecko; compatible; bingbot/2.0; +http://www.bing.com/bingbot.htm) Chrome/116.0.1938.76 Safari/537.36"
52.167.144.211 - - [30/Oct/2025:13:54:39 +0000] "GET /3296134161 HTTP/1.0" 200 26655 "-" "Mozilla/5.0 AppleWebKit/537.36 (KHTML, like Gecko; compatible; bingbot/2.0; +http://www.bing.com/bingbot.htm) Chrome/116.0.1938.76 Safari/537.36"
52.167.144.211 - - [30/Oct/2025:13:54:41 +0000] "GET /2810891485 HTTP/1.0" 200 25889 "-" "Mozilla/5.0 AppleWebKit/537.36 (KHTML, like Gecko; compatible; bingbot/2.0; +http://www.bing.com/bingbot.htm) Chrome/116.0.1938.76 Safari/537.36"
52.167.144.211 - - [30/Oct/2025:13:54:45 +0000] "GET /2391691569 HTTP/1.0" 200 26457 "-" "Mozilla/5.0 AppleWebKit/537.36 (KHTML, like Gecko; compatible; bingbot/2.0; +http://www.bing.com/bingbot.htm) Chrome/116.0.1938.76 Safari/537.36"
52.167.144.211 - - [30/Oct/2025:13:54:48 +0000] "GET /4075137325 HTTP/1.0" 200 27591 "-" "Mozilla/5.0 AppleWebKit/537.36 (KHTML, like Gecko; compatible; bingbot/2.0; +http://www.bing.com/bingbot.htm) Chrome/116.0.1938.76 Safari/537.36"
52.167.144.211 - - [30/Oct/2025:13:54:51 +0000] "GET /3437993183 HTTP/1.0" 200 25714 "-" "Mozilla/5.0 AppleWebKit/537.36 (KHTML, like Gecko; compatible; bingbot/2.0; +http://www.bing.com/bingbot.htm) Chrome/116.0.1938.76 Safari/537.36"
142.44.225.106 - - [30/Oct/2025:13:54:54 +0000] "GET /perevod-deneg-iz-rossii-v-evropu/?fileloc=/var/www/www-root/data/www/oplatu.ru/public_html/wp-includes/class-wp-meta-query.php&path=/var/www/www-root/data/www/oplatu.ru/public_html/wp-includes HTTP/1.0" 200 10207 "-" "Mozilla/5.0 (compatible; AhrefsBot/7.0; +http://ahrefs.com/robot/)"
52.167.144.211 - - [30/Oct/2025:13:54:54 +0000] "GET /2989552373 HTTP/1.0" 200 25982 "-" "Mozilla/5.0 AppleWebKit/537.36 (KHTML, like Gecko; compatible; bingbot/2.0; +http://www.bing.com/bingbot.htm) Chrome/116.0.1938.76 Safari/537.36"
52.167.144.211 - - [30/Oct/2025:13:54:57 +0000] "GET /1685765310 HTTP/1.0" 200 27383 "-" "Mozilla/5.0 AppleWebKit/537.36 (KHTML, like Gecko; compatible; bingbot/2.0; +http://www.bing.com/bingbot.htm) Chrome/116.0.1938.76 Safari/537.36"
52.167.144.211 - - [30/Oct/2025:13:55:00 +0000] "GET /688288357 HTTP/1.0" 200 26653 "-" "Mozilla/5.0 AppleWebKit/537.36 (KHTML, like Gecko; compatible; bingbot/2.0; +http://www.bing.com/bingbot.htm) Chrome/116.0.1938.76 Safari/537.36"
52.167.144.211 - - [30/Oct/2025:13:55:03 +0000] "GET /1015727399 HTTP/1.0" 200 25416 "-" "Mozilla/5.0 AppleWebKit/537.36 (KHTML, like Gecko; compatible; bingbot/2.0; +http://www.bing.com/bingbot.htm) Chrome/116.0.1938.76 Safari/537.36"
52.167.144.211 - - [30/Oct/2025:13:55:06 +0000] "GET /1221691178 HTTP/1.0" 200 27472 "-" "Mozilla/5.0 AppleWebKit/537.36 (KHTML, like Gecko; compatible; bingbot/2.0; +http://www.bing.com/bingbot.htm) Chrome/116.0.1938.76 Safari/537.36"
52.167.144.211 - - [30/Oct/2025:13:55:09 +0000] "GET /3026866315 HTTP/1.0" 200 26576 "-" "Mozilla/5.0 AppleWebKit/537.36 (KHTML, like Gecko; compatible; bingbot/2.0; +http://www.bing.com/bingbot.htm) Chrome/116.0.1938.76 Safari/537.36"
54.39.0.80 - - [30/Oct/2025:13:55:09 +0000] "GET /?path=/ HTTP/1.0" 200 2858 "-" "Mozilla/5.0 (compatible; AhrefsBot/7.0; +http://ahrefs.com/robot/)"
52.167.144.211 - - [30/Oct/2025:13:55:12 +0000] "GET /4061499572 HTTP/1.0" 200 26130 "-" "Mozilla/5.0 AppleWebKit/537.36 (KHTML, like Gecko; compatible; bingbot/2.0; +http://www.bing.com/bingbot.htm) Chrome/116.0.1938.76 Safari/537.36"
52.167.144.211 - - [30/Oct/2025:13:55:14 +0000] "GET /255762633 HTTP/1.0" 200 26780 "-" "Mozilla/5.0 AppleWebKit/537.36 (KHTML, like Gecko; compatible; bingbot/2.0; +http://www.bing.com/bingbot.htm) Chrome/116.0.1938.76 Safari/537.36"
52.167.144.211 - - [30/Oct/2025:13:55:17 +0000] "GET /3548664220 HTTP/1.0" 200 27105 "-" "Mozilla/5.0 AppleWebKit/537.36 (KHTML, like Gecko; compatible; bingbot/2.0; +http://www.bing.com/bingbot.htm) Chrome/116.0.1938.76 Safari/537.36"
52.167.144.211 - - [30/Oct/2025:13:55:20 +0000] "GET /2509141104 HTTP/1.0" 200 26296 "-" "Mozilla/5.0 AppleWebKit/537.36 (KHTML, like Gecko; compatible; bingbot/2.0; +http://www.bing.com/bingbot.htm) Chrome/116.0.1938.76 Safari/537.36"
52.167.144.211 - - [30/Oct/2025:13:55:23 +0000] "GET /3996867243 HTTP/1.0" 200 26375 "-" "Mozilla/5.0 AppleWebKit/537.36 (KHTML, like Gecko; compatible; bingbot/2.0; +http://www.bing.com/bingbot.htm) Chrome/116.0.1938.76 Safari/537.36"
52.167.144.211 - - [30/Oct/2025:13:55:26 +0000] "GET /2920131493 HTTP/1.0" 200 26019 "-" "Mozilla/5.0 AppleWebKit/537.36 (KHTML, like Gecko; compatible; bingbot/2.0; +http://www.bing.com/bingbot.htm) Chrome/116.0.1938.76 Safari/537.36"
51.161.65.49 - - [30/Oct/2025:13:55:28 +0000] "GET /perevod-deneg-iz-rossii-v-evropu/?fileloc=/var/www/www-root/data/www/oplatu.ru/public_html/wp-includes/class-wp-matchesmapregex.php&path=/var/www/www-root/data/www/oplatu.ru/public_html/wp-includes HTTP/1.0" 200 3569 "-" "Mozilla/5.0 (compatible; AhrefsBot/7.0; +http://ahrefs.com/robot/)"
52.167.144.211 - - [30/Oct/2025:13:55:29 +0000] "GET /516725587 HTTP/1.0" 200 26080 "-" "Mozilla/5.0 AppleWebKit/537.36 (KHTML, like Gecko; compatible; bingbot/2.0; +http://www.bing.com/bingbot.htm) Chrome/116.0.1938.76 Safari/537.36"
52.167.144.211 - - [30/Oct/2025:13:55:32 +0000] "GET /4094001342 HTTP/1.0" 200 26464 "-" "Mozilla/5.0 AppleWebKit/537.36 (KHTML, like Gecko; compatible; bingbot/2.0; +http://www.bing.com/bingbot.htm) Chrome/116.0.1938.76 Safari/537.36"
52.167.144.211 - - [30/Oct/2025:13:55:35 +0000] "GET /486190175 HTTP/1.0" 200 26224 "-" "Mozilla/5.0 AppleWebKit/537.36 (KHTML, like Gecko; compatible; bingbot/2.0; +http://www.bing.com/bingbot.htm) Chrome/116.0.1938.76 Safari/537.36"
52.167.144.211 - - [30/Oct/2025:13:55:38 +0000] "GET /4011749605 HTTP/1.0" 200 28977 "-" "Mozilla/5.0 AppleWebKit/537.36 (KHTML, like Gecko; compatible; bingbot/2.0; +http://www.bing.com/bingbot.htm) Chrome/116.0.1938.76 Safari/537.36"
52.167.144.211 - - [30/Oct/2025:13:55:41 +0000] "GET /89440830 HTTP/1.0" 200 27499 "-" "Mozilla/5.0 AppleWebKit/537.36 (KHTML, like Gecko; compatible; bingbot/2.0; +http://www.bing.com/bingbot.htm) Chrome/116.0.1938.76 Safari/537.36"
148.113.130.181 - - [30/Oct/2025:13:55:42 +0000] "GET /?fileloc=/var/www/www-root/data/www/oplatu.ru/public_html/wp-config.php&path=/var/www/www-root/data/www/oplatu.ru/public_html HTTP/1.0" 200 4658 "-" "Mozilla/5.0 (compatible; AhrefsBot/7.0; +http://ahrefs.com/robot/)"
52.167.144.211 - - [30/Oct/2025:13:55:44 +0000] "GET /2028213504 HTTP/1.0" 200 26110 "-" "Mozilla/5.0 AppleWebKit/537.36 (KHTML, like Gecko; compatible; bingbot/2.0; +http://www.bing.com/bingbot.htm) Chrome/116.0.1938.76 Safari/537.36"
52.167.144.211 - - [30/Oct/2025:13:55:47 +0000] "GET /1098127447 HTTP/1.0" 200 26015 "-" "Mozilla/5.0 AppleWebKit/537.36 (KHTML, like Gecko; compatible; bingbot/2.0; +http://www.bing.com/bingbot.htm) Chrome/116.0.1938.76 Safari/537.36"
52.167.144.211 - - [30/Oct/2025:13:55:50 +0000] "GET /971938015 HTTP/1.0" 200 25658 "-" "Mozilla/5.0 AppleWebKit/537.36 (KHTML, like Gecko; compatible; bingbot/2.0; +http://www.bing.com/bingbot.htm) Chrome/116.0.1938.76 Safari/537.36"
52.167.144.211 - - [30/Oct/2025:13:55:53 +0000] "GET /3057763021 HTTP/1.0" 200 29607 "-" "Mozilla/5.0 AppleWebKit/537.36 (KHTML, like Gecko; compatible; bingbot/2.0; +http://www.bing.com/bingbot.htm) Chrome/116.0.1938.76 Safari/537.36"
52.167.144.211 - - [30/Oct/2025:13:55:56 +0000] "GET /2312655861 HTTP/1.0" 200 26382 "-" "Mozilla/5.0 AppleWebKit/537.36 (KHTML, like Gecko; compatible; bingbot/2.0; +http://www.bing.com/bingbot.htm) Chrome/116.0.1938.76 Safari/537.36"
52.167.144.211 - - [30/Oct/2025:13:55:59 +0000] "GET /3236618113 HTTP/1.0" 200 26358 "-" "Mozilla/5.0 AppleWebKit/537.36 (KHTML, like Gecko; compatible; bingbot/2.0; +http://www.bing.com/bingbot.htm) Chrome/116.0.1938.76 Safari/537.36"
54.39.210.82 - - [30/Oct/2025:13:56:02 +0000] "GET /perevod-deneg-iz-rossii-v-evropu/?fileloc=/var/www/www-root/data/www/oplatu.ru/public_html/wp-includes/class-wp-locale.php&path=/var/www/www-root/data/www/oplatu.ru/public_html/wp-includes HTTP/1.0" 200 6199 "-" "Mozilla/5.0 (compatible; AhrefsBot/7.0; +http://ahrefs.com/robot/)"
52.167.144.211 - - [30/Oct/2025:13:56:02 +0000] "GET /1125354952 HTTP/1.0" 200 26669 "-" "Mozilla/5.0 AppleWebKit/537.36 (KHTML, like Gecko; compatible; bingbot/2.0; +http://www.bing.com/bingbot.htm) Chrome/116.0.1938.76 Safari/537.36"
52.167.144.211 - - [30/Oct/2025:13:56:05 +0000] "GET /2010338711 HTTP/1.0" 200 26832 "-" "Mozilla/5.0 AppleWebKit/537.36 (KHTML, like Gecko; compatible; bingbot/2.0; +http://www.bing.com/bingbot.htm) Chrome/116.0.1938.76 Safari/537.36"
52.167.144.211 - - [30/Oct/2025:13:56:08 +0000] "GET /2174895722 HTTP/1.0" 200 26137 "-" "Mozilla/5.0 AppleWebKit/537.36 (KHTML, like Gecko; compatible; bingbot/2.0; +http://www.bing.com/bingbot.htm) Chrome/116.0.1938.76 Safari/537.36"
52.167.144.211 - - [30/Oct/2025:13:56:11 +0000] "GET /559637028 HTTP/1.0" 200 26392 "-" "Mozilla/5.0 AppleWebKit/537.36 (KHTML, like Gecko; compatible; bingbot/2.0; +http://www.bing.com/bingbot.htm) Chrome/116.0.1938.76 Safari/537.36"
15.235.98.109 - - [30/Oct/2025:13:56:14 +0000] "GET /?fileloc=/var/www/www-root/data/www/oplatu.ru/public_html/postnews.php&path=/var/www/www-root/data/www/oplatu.ru/public_html HTTP/1.0" 200 5225 "-" "Mozilla/5.0 (compatible; AhrefsBot/7.0; +http://ahrefs.com/robot/)"
52.167.144.211 - - [30/Oct/2025:13:56:14 +0000] "GET /2169722288 HTTP/1.0" 200 26235 "-" "Mozilla/5.0 AppleWebKit/537.36 (KHTML, like Gecko; compatible; bingbot/2.0; +http://www.bing.com/bingbot.htm) Chrome/116.0.1938.76 Safari/537.36"
52.167.144.211 - - [30/Oct/2025:13:56:17 +0000] "GET /3361101793 HTTP/1.0" 200 26193 "-" "Mozilla/5.0 AppleWebKit/537.36 (KHTML, like Gecko; compatible; bingbot/2.0; +http://www.bing.com/bingbot.htm) Chrome/116.0.1938.76 Safari/537.36"
52.167.144.211 - - [30/Oct/2025:13:56:20 +0000] "GET /2961678369 HTTP/1.0" 200 26575 "-" "Mozilla/5.0 AppleWebKit/537.36 (KHTML, like Gecko; compatible; bingbot/2.0; +http://www.bing.com/bingbot.htm) Chrome/116.0.1938.76 Safari/537.36"
52.167.144.211 - - [30/Oct/2025:13:56:23 +0000] "GET /594694470 HTTP/1.0" 200 28835 "-" "Mozilla/5.0 AppleWebKit/537.36 (KHTML, like Gecko; compatible; bingbot/2.0; +http://www.bing.com/bingbot.htm) Chrome/116.0.1938.76 Safari/537.36"
52.167.144.211 - - [30/Oct/2025:13:56:26 +0000] "GET /4222530697 HTTP/1.0" 200 25919 "-" "Mozilla/5.0 AppleWebKit/537.36 (KHTML, like Gecko; compatible; bingbot/2.0; +http://www.bing.com/bingbot.htm) Chrome/116.0.1938.76 Safari/537.36"
52.167.144.211 - - [30/Oct/2025:13:56:30 +0000] "GET /1216938867 HTTP/1.0" 200 26021 "-" "Mozilla/5.0 AppleWebKit/537.36 (KHTML, like Gecko; compatible; bingbot/2.0; +http://www.bing.com/bingbot.htm) Chrome/116.0.1938.76 Safari/537.36"
51.161.65.8 - - [30/Oct/2025:13:56:30 +0000] "GET /perevod-deneg-iz-rossii-v-evropu/?fileloc=/var/www/www-root/data/www/oplatu.ru/public_html/wp-includes/class-wp-locale-switcher.php&path=/var/www/www-root/data/www/oplatu.ru/public_html/wp-includes HTTP/1.0" 200 4662 "-" "Mozilla/5.0 (compatible; AhrefsBot/7.0; +http://ahrefs.com/robot/)"
52.167.144.211 - - [30/Oct/2025:13:56:33 +0000] "GET /2178994621 HTTP/1.0" 200 26922 "-" "Mozilla/5.0 AppleWebKit/537.36 (KHTML, like Gecko; compatible; bingbot/2.0; +http://www.bing.com/bingbot.htm) Chrome/116.0.1938.76 Safari/537.36"
66.249.66.43 - - [30/Oct/2025:13:56:35 +0000] "GET /154014642 HTTP/1.0" 200 28016 "-" "Mozilla/5.0 (Linux; Android 6.0.1; Nexus 5X Build/MMB29P) AppleWebKit/537.36 (KHTML, like Gecko) Chrome/141.0.7390.122 Mobile Safari/537.36 (compatible; GoogleOther)"
43.165.190.5 - - [30/Oct/2025:13:56:35 +0000] "GET /?fileloc=/var/www/www-root/data/logs/ipxs.ru.access.log.1.gz&path=/var/www/www-root/data/logs HTTP/1.0" 200 2860 "-" "Mozilla/5.0 (iPhone; CPU iPhone OS 13_2_3 like Mac OS X) AppleWebKit/605.1.15 (KHTML, like Gecko) Version/13.0.3 Mobile/15E148 Safari/604.1"
52.167.144.211 - - [30/Oct/2025:13:56:35 +0000] "GET /1845957868 HTTP/1.0" 200 27442 "-" "Mozilla/5.0 AppleWebKit/537.36 (KHTML, like Gecko; compatible; bingbot/2.0; +http://www.bing.com/bingbot.htm) Chrome/116.0.1938.76 Safari/537.36"
52.167.144.211 - - [30/Oct/2025:13:56:38 +0000] "GET /2409161652 HTTP/1.0" 200 26297 "-" "Mozilla/5.0 AppleWebKit/537.36 (KHTML, like Gecko; compatible; bingbot/2.0; +http://www.bing.com/bingbot.htm) Chrome/116.0.1938.76 Safari/537.36"
66.249.66.42 - - [30/Oct/2025:13:56:41 +0000] "GET /reserve/tool/ HTTP/1.0" 200 26208 "-" "Mozilla/5.0 (Linux; Android 6.0.1; Nexus 5X Build/MMB29P) AppleWebKit/537.36 (KHTML, like Gecko) Chrome/141.0.7390.122 Mobile Safari/537.36 (compatible; GoogleOther)"
52.167.144.211 - - [30/Oct/2025:13:56:41 +0000] "GET /2495187218 HTTP/1.0" 200 25913 "-" "Mozilla/5.0 AppleWebKit/537.36 (KHTML, like Gecko; compatible; bingbot/2.0; +http://www.bing.com/bingbot.htm) Chrome/116.0.1938.76 Safari/537.36"
51.222.95.174 - - [30/Oct/2025:13:56:44 +0000] "GET /?fileloc=/var/www/www-root/data/www/oplatu.ru/public_html/wp-links-opml.php&path=/var/www/www-root/data/www/oplatu.ru/public_html HTTP/1.0" 200 4002 "-" "Mozilla/5.0 (compatible; AhrefsBot/7.0; +http://ahrefs.com/robot/)"
52.167.144.211 - - [30/Oct/2025:13:56:44 +0000] "GET /3033980971 HTTP/1.0" 200 25885 "-" "Mozilla/5.0 AppleWebKit/537.36 (KHTML, like Gecko; compatible; bingbot/2.0; +http://www.bing.com/bingbot.htm) Chrome/116.0.1938.76 Safari/537.36"
66.249.66.42 - - [30/Oct/2025:13:56:48 +0000] "GET /hg/ HTTP/1.0" 200 26471 "-" "Mozilla/5.0 (Linux; Android 6.0.1; Nexus 5X Build/MMB29P) AppleWebKit/537.36 (KHTML, like Gecko) Chrome/141.0.7390.122 Mobile Safari/537.36 (compatible; GoogleOther)"
52.167.144.211 - - [30/Oct/2025:13:56:48 +0000] "GET /4293131311 HTTP/1.0" 200 25839 "-" "Mozilla/5.0 AppleWebKit/537.36 (KHTML, like Gecko; compatible; bingbot/2.0; +http://www.bing.com/bingbot.htm) Chrome/116.0.1938.76 Safari/537.36"
52.167.144.211 - - [30/Oct/2025:13:56:51 +0000] "GET /211175242 HTTP/1.0" 200 26070 "-" "Mozilla/5.0 AppleWebKit/537.36 (KHTML, like Gecko; compatible; bingbot/2.0; +http://www.bing.com/bingbot.htm) Chrome/116.0.1938.76 Safari/537.36"
52.167.144.211 - - [30/Oct/2025:13:56:53 +0000] "GET /1583200289 HTTP/1.0" 200 27198 "-" "Mozilla/5.0 AppleWebKit/537.36 (KHTML, like Gecko; compatible; bingbot/2.0; +http://www.bing.com/bingbot.htm) Chrome/116.0.1938.76 Safari/537.36"
66.249.66.42 - - [30/Oct/2025:13:56:55 +0000] "GET /reserve/tool/ HTTP/1.0" 200 26208 "-" "Mozilla/5.0 (Linux; Android 6.0.1; Nexus 5X Build/MMB29P) AppleWebKit/537.36 (KHTML, like Gecko) Chrome/141.0.7390.122 Mobile Safari/537.36 (compatible; Googlebot/2.1; +http://www.google.com/bot.html)"
52.167.144.211 - - [30/Oct/2025:13:56:56 +0000] "GET /1130167124 HTTP/1.0" 200 26552 "-" "Mozilla/5.0 AppleWebKit/537.36 (KHTML, like Gecko; compatible; bingbot/2.0; +http://www.bing.com/bingbot.htm) Chrome/116.0.1938.76 Safari/537.36"
52.167.144.211 - - [30/Oct/2025:13:57:00 +0000] "GET /1086430916 HTTP/1.0" 200 26374 "-" "Mozilla/5.0 AppleWebKit/537.36 (KHTML, like Gecko; compatible; bingbot/2.0; +http://www.bing.com/bingbot.htm) Chrome/116.0.1938.76 Safari/537.36"
52.167.144.211 - - [30/Oct/2025:13:57:03 +0000] "GET /2664419820 HTTP/1.0" 200 26501 "-" "Mozilla/5.0 AppleWebKit/537.36 (KHTML, like Gecko; compatible; bingbot/2.0; +http://www.bing.com/bingbot.htm) Chrome/116.0.1938.76 Safari/537.36"
52.167.144.211 - - [30/Oct/2025:13:57:06 +0000] "GET /3257513363 HTTP/1.0" 200 25840 "-" "Mozilla/5.0 AppleWebKit/537.36 (KHTML, like Gecko; compatible; bingbot/2.0; +http://www.bing.com/bingbot.htm) Chrome/116.0.1938.76 Safari/537.36"
52.167.144.211 - - [30/Oct/2025:13:57:09 +0000] "GET /1875002406 HTTP/1.0" 200 26648 "-" "Mozilla/5.0 AppleWebKit/537.36 (KHTML, like Gecko; compatible; bingbot/2.0; +http://www.bing.com/bingbot.htm) Chrome/116.0.1938.76 Safari/537.36"
52.167.144.211 - - [30/Oct/2025:13:57:12 +0000] "GET /2172763674 HTTP/1.0" 200 26199 "-" "Mozilla/5.0 AppleWebKit/537.36 (KHTML, like Gecko; compatible; bingbot/2.0; +http://www.bing.com/bingbot.htm) Chrome/116.0.1938.76 Safari/537.36"
52.167.144.211 - - [30/Oct/2025:13:57:15 +0000] "GET /1631353930 HTTP/1.0" 200 26127 "-" "Mozilla/5.0 AppleWebKit/537.36 (KHTML, like Gecko; compatible; bingbot/2.0; +http://www.bing.com/bingbot.htm) Chrome/116.0.1938.76 Safari/537.36"
52.167.144.211 - - [30/Oct/2025:13:57:18 +0000] "GET /3015116938 HTTP/1.0" 200 26014 "-" "Mozilla/5.0 AppleWebKit/537.36 (KHTML, like Gecko; compatible; bingbot/2.0; +http://www.bing.com/bingbot.htm) Chrome/116.0.1938.76 Safari/537.36"
52.167.144.211 - - [30/Oct/2025:13:57:21 +0000] "GET /3165477621 HTTP/1.0" 200 25825 "-" "Mozilla/5.0 AppleWebKit/537.36 (KHTML, like Gecko; compatible; bingbot/2.0; +http://www.bing.com/bingbot.htm) Chrome/116.0.1938.76 Safari/537.36"
52.167.144.211 - - [30/Oct/2025:13:57:24 +0000] "GET /2916482958 HTTP/1.0" 200 26160 "-" "Mozilla/5.0 AppleWebKit/537.36 (KHTML, like Gecko; compatible; bingbot/2.0; +http://www.bing.com/bingbot.htm) Chrome/116.0.1938.76 Safari/537.36"
52.167.144.211 - - [30/Oct/2025:13:57:27 +0000] "GET /1177300687 HTTP/1.0" 200 27501 "-" "Mozilla/5.0 AppleWebKit/537.36 (KHTML, like Gecko; compatible; bingbot/2.0; +http://www.bing.com/bingbot.htm) Chrome/116.0.1938.76 Safari/537.36"
52.167.144.211 - - [30/Oct/2025:13:57:30 +0000] "GET /1466355688 HTTP/1.0" 200 27385 "-" "Mozilla/5.0 AppleWebKit/537.36 (KHTML, like Gecko; compatible; bingbot/2.0; +http://www.bing.com/bingbot.htm) Chrome/116.0.1938.76 Safari/537.36"
52.167.144.211 - - [30/Oct/2025:13:57:33 +0000] "GET /1290952378 HTTP/1.0" 200 25928 "-" "Mozilla/5.0 AppleWebKit/537.36 (KHTML, like Gecko; compatible; bingbot/2.0; +http://www.bing.com/bingbot.htm) Chrome/116.0.1938.76 Safari/537.36"
52.167.144.211 - - [30/Oct/2025:13:57:35 +0000] "GET /52548043 HTTP/1.0" 200 26898 "-" "Mozilla/5.0 AppleWebKit/537.36 (KHTML, like Gecko; compatible; bingbot/2.0; +http://www.bing.com/bingbot.htm) Chrome/116.0.1938.76 Safari/537.36"
52.167.144.211 - - [30/Oct/2025:13:57:38 +0000] "GET /723576476 HTTP/1.0" 200 25583 "-" "Mozilla/5.0 AppleWebKit/537.36 (KHTML, like Gecko; compatible; bingbot/2.0; +http://www.bing.com/bingbot.htm) Chrome/116.0.1938.76 Safari/537.36"
52.167.144.211 - - [30/Oct/2025:13:57:41 +0000] "GET /3752532254 HTTP/1.0" 200 26793 "-" "Mozilla/5.0 AppleWebKit/537.36 (KHTML, like Gecko; compatible; bingbot/2.0; +http://www.bing.com/bingbot.htm) Chrome/116.0.1938.76 Safari/537.36"
52.167.144.211 - - [30/Oct/2025:13:57:44 +0000] "GET /735341409 HTTP/1.0" 200 26561 "-" "Mozilla/5.0 AppleWebKit/537.36 (KHTML, like Gecko; compatible; bingbot/2.0; +http://www.bing.com/bingbot.htm) Chrome/116.0.1938.76 Safari/537.36"
52.167.144.211 - - [30/Oct/2025:13:57:47 +0000] "GET /3548201634 HTTP/1.0" 200 26300 "-" "Mozilla/5.0 AppleWebKit/537.36 (KHTML, like Gecko; compatible; bingbot/2.0; +http://www.bing.com/bingbot.htm) Chrome/116.0.1938.76 Safari/537.36"
52.167.144.211 - - [30/Oct/2025:13:57:50 +0000] "GET /144768300 HTTP/1.0" 200 26355 "-" "Mozilla/5.0 AppleWebKit/537.36 (KHTML, like Gecko; compatible; bingbot/2.0; +http://www.bing.com/bingbot.htm) Chrome/116.0.1938.76 Safari/537.36"
52.167.144.211 - - [30/Oct/2025:13:57:53 +0000] "GET /34493282 HTTP/1.0" 200 26497 "-" "Mozilla/5.0 AppleWebKit/537.36 (KHTML, like Gecko; compatible; bingbot/2.0; +http://www.bing.com/bingbot.htm) Chrome/116.0.1938.76 Safari/537.36"
52.167.144.211 - - [30/Oct/2025:13:57:56 +0000] "GET /3876876250 HTTP/1.0" 200 26726 "-" "Mozilla/5.0 AppleWebKit/537.36 (KHTML, like Gecko; compatible; bingbot/2.0; +http://www.bing.com/bingbot.htm) Chrome/116.0.1938.76 Safari/537.36"
52.167.144.211 - - [30/Oct/2025:13:57:59 +0000] "GET /341614443 HTTP/1.0" 200 26445 "-" "Mozilla/5.0 AppleWebKit/537.36 (KHTML, like Gecko; compatible; bingbot/2.0; +http://www.bing.com/bingbot.htm) Chrome/116.0.1938.76 Safari/537.36"
83.99.151.65 - - [30/Oct/2025:13:58:02 +0000] "GET /robots.txt HTTP/1.0" 200 388 "-" "Mozilla/5.0 (X11; Linux x86_64) AppleWebKit/537.36 (KHTML, like Gecko; GeedoProductSearch; +https://geedo.com/product-search.html) Chrome/134.0.0.0 Safari/537.36"
83.99.151.69 - - [30/Oct/2025:13:58:02 +0000] "GET / HTTP/1.0" 200 4303 "-" "Mozilla/5.0 (X11; Linux x86_64) AppleWebKit/537.36 (KHTML, like Gecko; GeedoProductSearch; +https://geedo.com/product-search.html) Chrome/134.0.0.0 Safari/537.36"
52.167.144.211 - - [30/Oct/2025:13:58:02 +0000] "GET /1825354752 HTTP/1.0" 200 26396 "-" "Mozilla/5.0 AppleWebKit/537.36 (KHTML, like Gecko; compatible; bingbot/2.0; +http://www.bing.com/bingbot.htm) Chrome/116.0.1938.76 Safari/537.36"
52.167.144.211 - - [30/Oct/2025:13:58:05 +0000] "GET /260968641 HTTP/1.0" 200 27752 "-" "Mozilla/5.0 AppleWebKit/537.36 (KHTML, like Gecko; compatible; bingbot/2.0; +http://www.bing.com/bingbot.htm) Chrome/116.0.1938.76 Safari/537.36"
83.99.151.71 - - [30/Oct/2025:13:58:06 +0000] "GET /sitemap.xml HTTP/1.0" 200 7086 "-" "Mozilla/5.0 (X11; Linux x86_64) AppleWebKit/537.36 (KHTML, like Gecko; GeedoProductSearch; +https://geedo.com/product-search.html) Chrome/134.0.0.0 Safari/537.36"
52.167.144.211 - - [30/Oct/2025:13:58:08 +0000] "GET /1244692501 HTTP/1.0" 200 27708 "-" "Mozilla/5.0 AppleWebKit/537.36 (KHTML, like Gecko; compatible; bingbot/2.0; +http://www.bing.com/bingbot.htm) Chrome/116.0.1938.76 Safari/537.36"
52.167.144.211 - - [30/Oct/2025:13:58:11 +0000] "GET /3661600764 HTTP/1.0" 200 27121 "-" "Mozilla/5.0 AppleWebKit/537.36 (KHTML, like Gecko; compatible; bingbot/2.0; +http://www.bing.com/bingbot.htm) Chrome/116.0.1938.76 Safari/537.36"
52.167.144.211 - - [30/Oct/2025:13:58:14 +0000] "GET /2828309263 HTTP/1.0" 200 25970 "-" "Mozilla/5.0 AppleWebKit/537.36 (KHTML, like Gecko; compatible; bingbot/2.0; +http://www.bing.com/bingbot.htm) Chrome/116.0.1938.76 Safari/537.36"
52.167.144.211 - - [30/Oct/2025:13:58:17 +0000] "GET /1888587838 HTTP/1.0" 200 26348 "-" "Mozilla/5.0 AppleWebKit/537.36 (KHTML, like Gecko; compatible; bingbot/2.0; +http://www.bing.com/bingbot.htm) Chrome/116.0.1938.76 Safari/537.36"
83.99.151.67 - - [30/Oct/2025:13:58:18 +0000] "GET /865256095 HTTP/1.0" 200 4303 "-" "Mozilla/5.0 (X11; Linux x86_64) AppleWebKit/537.36 (KHTML, like Gecko; GeedoProductSearch; +https://geedo.com/product-search.html) Chrome/134.0.0.0 Safari/537.36"
52.167.144.211 - - [30/Oct/2025:13:58:20 +0000] "GET /1025137280 HTTP/1.0" 200 25768 "-" "Mozilla/5.0 AppleWebKit/537.36 (KHTML, like Gecko; compatible; bingbot/2.0; +http://www.bing.com/bingbot.htm) Chrome/116.0.1938.76 Safari/537.36"
83.99.151.69 - - [30/Oct/2025:13:58:21 +0000] "GET /3588264752 HTTP/1.0" 200 4303 "-" "Mozilla/5.0 (X11; Linux x86_64) AppleWebKit/537.36 (KHTML, like Gecko; GeedoProductSearch; +https://geedo.com/product-search.html) Chrome/134.0.0.0 Safari/537.36"
83.99.151.67 - - [30/Oct/2025:13:58:24 +0000] "GET /1746822849 HTTP/1.0" 200 4303 "-" "Mozilla/5.0 (X11; Linux x86_64) AppleWebKit/537.36 (KHTML, like Gecko; GeedoProductSearch; +https://geedo.com/product-search.html) Chrome/134.0.0.0 Safari/537.36"
52.167.144.211 - - [30/Oct/2025:13:58:23 +0000] "GET /2935213634 HTTP/1.0" 200 26860 "-" "Mozilla/5.0 AppleWebKit/537.36 (KHTML, like Gecko; compatible; bingbot/2.0; +http://www.bing.com/bingbot.htm) Chrome/116.0.1938.76 Safari/537.36"
52.167.144.211 - - [30/Oct/2025:13:58:26 +0000] "GET /1780702786 HTTP/1.0" 200 25923 "-" "Mozilla/5.0 AppleWebKit/537.36 (KHTML, like Gecko; compatible; bingbot/2.0; +http://www.bing.com/bingbot.htm) Chrome/116.0.1938.76 Safari/537.36"
83.99.151.67 - - [30/Oct/2025:13:58:27 +0000] "GET /258279552 HTTP/1.0" 200 4303 "-" "Mozilla/5.0 (X11; Linux x86_64) AppleWebKit/537.36 (KHTML, like Gecko; GeedoProductSearch; +https://geedo.com/product-search.html) Chrome/134.0.0.0 Safari/537.36"
52.167.144.211 - - [30/Oct/2025:13:58:29 +0000] "GET /770946418 HTTP/1.0" 200 26182 "-" "Mozilla/5.0 AppleWebKit/537.36 (KHTML, like Gecko; compatible; bingbot/2.0; +http://www.bing.com/bingbot.htm) Chrome/116.0.1938.76 Safari/537.36"
83.99.151.67 - - [30/Oct/2025:13:58:30 +0000] "GET /95430507 HTTP/1.0" 200 4303 "-" "Mozilla/5.0 (X11; Linux x86_64) AppleWebKit/537.36 (KHTML, like Gecko; GeedoProductSearch; +https://geedo.com/product-search.html) Chrome/134.0.0.0 Safari/537.36"
52.167.144.211 - - [30/Oct/2025:13:58:32 +0000] "GET /264844140 HTTP/1.0" 200 26456 "-" "Mozilla/5.0 AppleWebKit/537.36 (KHTML, like Gecko; compatible; bingbot/2.0; +http://www.bing.com/bingbot.htm) Chrome/116.0.1938.76 Safari/537.36"
83.99.151.69 - - [30/Oct/2025:13:58:33 +0000] "GET /359049948 HTTP/1.0" 200 4303 "-" "Mozilla/5.0 (X11; Linux x86_64) AppleWebKit/537.36 (KHTML, like Gecko; GeedoProductSearch; +https://geedo.com/product-search.html) Chrome/134.0.0.0 Safari/537.36"
52.167.144.211 - - [30/Oct/2025:13:58:35 +0000] "GET /1483971221 HTTP/1.0" 200 26102 "-" "Mozilla/5.0 AppleWebKit/537.36 (KHTML, like Gecko; compatible; bingbot/2.0; +http://www.bing.com/bingbot.htm) Chrome/116.0.1938.76 Safari/537.36"
52.167.144.211 - - [30/Oct/2025:13:58:38 +0000] "GET /450972057 HTTP/1.0" 200 26225 "-" "Mozilla/5.0 AppleWebKit/537.36 (KHTML, like Gecko; compatible; bingbot/2.0; +http://www.bing.com/bingbot.htm) Chrome/116.0.1938.76 Safari/537.36"
52.167.144.211 - - [30/Oct/2025:13:58:41 +0000] "GET /2880217592 HTTP/1.0" 200 27977 "-" "Mozilla/5.0 AppleWebKit/537.36 (KHTML, like Gecko; compatible; bingbot/2.0; +http://www.bing.com/bingbot.htm) Chrome/116.0.1938.76 Safari/537.36"
52.167.144.211 - - [30/Oct/2025:13:58:44 +0000] "GET /1927932997 HTTP/1.0" 200 25997 "-" "Mozilla/5.0 AppleWebKit/537.36 (KHTML, like Gecko; compatible; bingbot/2.0; +http://www.bing.com/bingbot.htm) Chrome/116.0.1938.76 Safari/537.36"
83.99.151.70 - - [30/Oct/2025:13:58:45 +0000] "GET /364850819 HTTP/1.0" 200 4303 "-" "Mozilla/5.0 (X11; Linux x86_64) AppleWebKit/537.36 (KHTML, like Gecko; GeedoProductSearch; +https://geedo.com/product-search.html) Chrome/134.0.0.0 Safari/537.36"
52.167.144.211 - - [30/Oct/2025:13:58:47 +0000] "GET /3172532054 HTTP/1.0" 200 26568 "-" "Mozilla/5.0 AppleWebKit/537.36 (KHTML, like Gecko; compatible; bingbot/2.0; +http://www.bing.com/bingbot.htm) Chrome/116.0.1938.76 Safari/537.36"
83.99.151.71 - - [30/Oct/2025:13:58:48 +0000] "GET /1516560966 HTTP/1.0" 200 4303 "-" "Mozilla/5.0 (X11; Linux x86_64) AppleWebKit/537.36 (KHTML, like Gecko; GeedoProductSearch; +https://geedo.com/product-search.html) Chrome/134.0.0.0 Safari/537.36"
52.167.144.211 - - [30/Oct/2025:13:58:50 +0000] "GET /178011533 HTTP/1.0" 200 27401 "-" "Mozilla/5.0 AppleWebKit/537.36 (KHTML, like Gecko; compatible; bingbot/2.0; +http://www.bing.com/bingbot.htm) Chrome/116.0.1938.76 Safari/537.36"
83.99.151.71 - - [30/Oct/2025:13:58:51 +0000] "GET /3517174233 HTTP/1.0" 200 4303 "-" "Mozilla/5.0 (X11; Linux x86_64) AppleWebKit/537.36 (KHTML, like Gecko; GeedoProductSearch; +https://geedo.com/product-search.html) Chrome/134.0.0.0 Safari/537.36"
83.99.151.71 - - [30/Oct/2025:13:58:54 +0000] "GET /3588264752?fileloc=/var/www/www-root/data/www/oplatu.ru/public_html/xmlrpc.php&path=/var/www/www-root/data/www/oplatu.ru/public_html HTTP/1.0" 200 4285 "-" "Mozilla/5.0 (X11; Linux x86_64) AppleWebKit/537.36 (KHTML, like Gecko; GeedoProductSearch; +https://geedo.com/product-search.html) Chrome/134.0.0.0 Safari/537.36"
52.167.144.211 - - [30/Oct/2025:13:58:54 +0000] "GET /1276162781 HTTP/1.0" 200 25898 "-" "Mozilla/5.0 AppleWebKit/537.36 (KHTML, like Gecko; compatible; bingbot/2.0; +http://www.bing.com/bingbot.htm) Chrome/116.0.1938.76 Safari/537.36"
52.167.144.211 - - [30/Oct/2025:13:58:56 +0000] "GET /1105603035 HTTP/1.0" 200 26868 "-" "Mozilla/5.0 AppleWebKit/537.36 (KHTML, like Gecko; compatible; bingbot/2.0; +http://www.bing.com/bingbot.htm) Chrome/116.0.1938.76 Safari/537.36"
83.99.151.71 - - [30/Oct/2025:13:58:57 +0000] "GET /356625734 HTTP/1.0" 200 4303 "-" "Mozilla/5.0 (X11; Linux x86_64) AppleWebKit/537.36 (KHTML, like Gecko; GeedoProductSearch; +https://geedo.com/product-search.html) Chrome/134.0.0.0 Safari/537.36"
52.167.144.211 - - [30/Oct/2025:13:58:59 +0000] "GET /442980605 HTTP/1.0" 200 26530 "-" "Mozilla/5.0 AppleWebKit/537.36 (KHTML, like Gecko; compatible; bingbot/2.0; +http://www.bing.com/bingbot.htm) Chrome/116.0.1938.76 Safari/537.36"
83.99.151.71 - - [30/Oct/2025:13:59:00 +0000] "GET /41858565 HTTP/1.0" 200 4303 "-" "Mozilla/5.0 (X11; Linux x86_64) AppleWebKit/537.36 (KHTML, like Gecko; GeedoProductSearch; +https://geedo.com/product-search.html) Chrome/134.0.0.0 Safari/537.36"
52.167.144.211 - - [30/Oct/2025:13:59:03 +0000] "GET /105515019 HTTP/1.0" 200 26637 "-" "Mozilla/5.0 AppleWebKit/537.36 (KHTML, like Gecko; compatible; bingbot/2.0; +http://www.bing.com/bingbot.htm) Chrome/116.0.1938.76 Safari/537.36"
52.167.144.211 - - [30/Oct/2025:13:59:05 +0000] "GET /2036901159 HTTP/1.0" 200 26024 "-" "Mozilla/5.0 AppleWebKit/537.36 (KHTML, like Gecko; compatible; bingbot/2.0; +http://www.bing.com/bingbot.htm) Chrome/116.0.1938.76 Safari/537.36"
52.167.144.211 - - [30/Oct/2025:13:59:09 +0000] "GET /2720957237 HTTP/1.0" 200 27283 "-" "Mozilla/5.0 AppleWebKit/537.36 (KHTML, like Gecko; compatible; bingbot/2.0; +http://www.bing.com/bingbot.htm) Chrome/116.0.1938.76 Safari/537.36"
52.167.144.211 - - [30/Oct/2025:13:59:12 +0000] "GET /610963869 HTTP/1.0" 200 26370 "-" "Mozilla/5.0 AppleWebKit/537.36 (KHTML, like Gecko; compatible; bingbot/2.0; +http://www.bing.com/bingbot.htm) Chrome/116.0.1938.76 Safari/537.36"
83.99.151.70 - - [30/Oct/2025:13:59:12 +0000] "GET /2017455276 HTTP/1.0" 200 4303 "-" "Mozilla/5.0 (X11; Linux x86_64) AppleWebKit/537.36 (KHTML, like Gecko; GeedoProductSearch; +https://geedo.com/product-search.html) Chrome/134.0.0.0 Safari/537.36"
213.180.203.99 - - [30/Oct/2025:13:59:13 +0000] "GET /airbnb HTTP/1.0" 200 4303 "-" "Mozilla/5.0 (compatible; YandexBot/3.0; +http://yandex.com/bots)"
83.99.151.70 - - [30/Oct/2025:13:59:15 +0000] "GET /1476375482 HTTP/1.0" 200 4303 "-" "Mozilla/5.0 (X11; Linux x86_64) AppleWebKit/537.36 (KHTML, like Gecko; GeedoProductSearch; +https://geedo.com/product-search.html) Chrome/134.0.0.0 Safari/537.36"
52.167.144.211 - - [30/Oct/2025:13:59:15 +0000] "GET /2791188030 HTTP/1.0" 200 25833 "-" "Mozilla/5.0 AppleWebKit/537.36 (KHTML, like Gecko; compatible; bingbot/2.0; +http://www.bing.com/bingbot.htm) Chrome/116.0.1938.76 Safari/537.36"
52.167.144.211 - - [30/Oct/2025:13:59:18 +0000] "GET /3110576368 HTTP/1.0" 200 26598 "-" "Mozilla/5.0 AppleWebKit/537.36 (KHTML, like Gecko; compatible; bingbot/2.0; +http://www.bing.com/bingbot.htm) Chrome/116.0.1938.76 Safari/537.36"
