HEX
Server: Apache/2.4.41 (Ubuntu)
System: Linux cecdwpgzdm 5.4.0-173-generic #191-Ubuntu SMP Fri Feb 2 13:55:07 UTC 2024 x86_64
User: www-root (1010)
PHP: 7.4.3-4ubuntu2.29
Disabled: pcntl_alarm,pcntl_fork,pcntl_waitpid,pcntl_wait,pcntl_wifexited,pcntl_wifstopped,pcntl_wifsignaled,pcntl_wifcontinued,pcntl_wexitstatus,pcntl_wtermsig,pcntl_wstopsig,pcntl_signal,pcntl_signal_get_handler,pcntl_signal_dispatch,pcntl_get_last_error,pcntl_strerror,pcntl_sigprocmask,pcntl_sigwaitinfo,pcntl_sigtimedwait,pcntl_exec,pcntl_getpriority,pcntl_setpriority,pcntl_async_signals,pcntl_unshare,
Upload Files
File: /var/www/www-root/data/logs/oplatu.ru.access.log
74.7.227.213 - - [30/Oct/2025:00:00:12 +0000] "GET /klook/ HTTP/1.0" 200 18276 "-" "Mozilla/5.0 AppleWebKit/537.36 (KHTML, like Gecko; compatible; GPTBot/1.2; +https://openai.com/gptbot)"
31.129.98.253 - - [30/Oct/2025:00:00:28 +0000] "POST /wp-cron.php?doing_wp_cron=1761782428.3042318820953369140625 HTTP/1.0" 200 259 "-" "WordPress/6.5.7; https://oplatu.ru"
74.7.227.213 - - [30/Oct/2025:00:00:28 +0000] "GET /ezviz/ HTTP/1.0" 200 18345 "-" "Mozilla/5.0 AppleWebKit/537.36 (KHTML, like Gecko; compatible; GPTBot/1.2; +https://openai.com/gptbot)"
74.7.227.213 - - [30/Oct/2025:00:00:43 +0000] "GET /excel/ HTTP/1.0" 200 18371 "-" "Mozilla/5.0 AppleWebKit/537.36 (KHTML, like Gecko; compatible; GPTBot/1.2; +https://openai.com/gptbot)"
74.7.227.213 - - [30/Oct/2025:00:01:00 +0000] "GET /wp-content/themes/oplaturu/konsyerj/img/concierge/advantage_icon_05.svg HTTP/1.1" 200 2917 "-" "Mozilla/5.0 AppleWebKit/537.36 (KHTML, like Gecko; compatible; GPTBot/1.2; +https://openai.com/gptbot)"
74.7.227.213 - - [30/Oct/2025:00:01:15 +0000] "GET /vidiq/ HTTP/1.0" 200 18396 "-" "Mozilla/5.0 AppleWebKit/537.36 (KHTML, like Gecko; compatible; GPTBot/1.2; +https://openai.com/gptbot)"
31.129.98.253 - - [30/Oct/2025:00:01:31 +0000] "POST /wp-cron.php?doing_wp_cron=1761782491.0296208858489990234375 HTTP/1.0" 200 259 "-" "WordPress/6.5.7; https://oplatu.ru"
74.7.227.213 - - [30/Oct/2025:00:01:30 +0000] "GET /blog/zoom/ HTTP/1.0" 200 16806 "-" "Mozilla/5.0 AppleWebKit/537.36 (KHTML, like Gecko; compatible; GPTBot/1.2; +https://openai.com/gptbot)"
74.7.227.213 - - [30/Oct/2025:00:01:46 +0000] "GET /wp-content/themes/oplaturu/konsyerj/img/concierge/advantage_icon_03.svg HTTP/1.1" 200 4300 "-" "Mozilla/5.0 AppleWebKit/537.36 (KHTML, like Gecko; compatible; GPTBot/1.2; +https://openai.com/gptbot)"
74.7.227.213 - - [30/Oct/2025:00:01:59 +0000] "GET /blog/oplata-zarubezhnyh-pokupok-v-2024/feed/ HTTP/1.0" 200 1084 "-" "Mozilla/5.0 AppleWebKit/537.36 (KHTML, like Gecko; compatible; GPTBot/1.2; +https://openai.com/gptbot)"
74.7.227.213 - - [30/Oct/2025:00:02:13 +0000] "GET /illustrator HTTP/1.0" 301 249 "-" "Mozilla/5.0 AppleWebKit/537.36 (KHTML, like Gecko; compatible; GPTBot/1.2; +https://openai.com/gptbot)"
74.7.227.213 - - [30/Oct/2025:00:02:13 +0000] "GET /illustrator/ HTTP/1.0" 200 18326 "-" "Mozilla/5.0 AppleWebKit/537.36 (KHTML, like Gecko; compatible; GPTBot/1.2; +https://openai.com/gptbot)"
74.7.227.213 - - [30/Oct/2025:00:02:27 +0000] "GET /wp-content/themes/oplaturu/konsyerj/img/concierge/advantage_icon_04.svg HTTP/1.1" 200 4588 "-" "Mozilla/5.0 AppleWebKit/537.36 (KHTML, like Gecko; compatible; GPTBot/1.2; +https://openai.com/gptbot)"
74.7.227.213 - - [30/Oct/2025:00:02:43 +0000] "GET /wp-content/themes/oplaturu/konsyerj/img/concierge/advantage_icon_01.svg HTTP/1.1" 200 9290 "-" "Mozilla/5.0 AppleWebKit/537.36 (KHTML, like Gecko; compatible; GPTBot/1.2; +https://openai.com/gptbot)"
31.129.98.253 - - [30/Oct/2025:00:02:57 +0000] "POST /wp-cron.php?doing_wp_cron=1761782577.5938301086425781250000 HTTP/1.0" 200 259 "-" "WordPress/6.5.7; https://oplatu.ru"
74.7.227.213 - - [30/Oct/2025:00:02:57 +0000] "GET /canva/ HTTP/1.0" 200 18602 "-" "Mozilla/5.0 AppleWebKit/537.36 (KHTML, like Gecko; compatible; GPTBot/1.2; +https://openai.com/gptbot)"
74.7.227.213 - - [30/Oct/2025:00:03:13 +0000] "GET /wp-content/themes/oplaturu/konsyerj/img/concierge/advantage_icon_02.svg HTTP/1.1" 200 5695 "-" "Mozilla/5.0 AppleWebKit/537.36 (KHTML, like Gecko; compatible; GPTBot/1.2; +https://openai.com/gptbot)"
31.129.98.253 - - [30/Oct/2025:00:03:29 +0000] "POST /wp-cron.php?doing_wp_cron=1761782609.5984640121459960937500 HTTP/1.0" 200 259 "-" "WordPress/6.5.7; https://oplatu.ru"
74.7.227.213 - - [30/Oct/2025:00:03:29 +0000] "GET /paypal HTTP/1.0" 301 244 "-" "Mozilla/5.0 AppleWebKit/537.36 (KHTML, like Gecko; compatible; GPTBot/1.2; +https://openai.com/gptbot)"
74.7.227.213 - - [30/Oct/2025:00:03:29 +0000] "GET /paypal/ HTTP/1.0" 200 18848 "-" "Mozilla/5.0 AppleWebKit/537.36 (KHTML, like Gecko; compatible; GPTBot/1.2; +https://openai.com/gptbot)"
74.7.227.213 - - [30/Oct/2025:00:03:45 +0000] "GET /wp-content/themes/oplaturu/img/initial-svg-icons/shieldangle.svg HTTP/1.1" 200 959 "-" "Mozilla/5.0 AppleWebKit/537.36 (KHTML, like Gecko; compatible; GPTBot/1.2; +https://openai.com/gptbot)"
74.7.227.213 - - [30/Oct/2025:00:04:00 +0000] "GET /blog/kak-oplatit-zakaz-na-amazon-ili-ebay/feed/ HTTP/1.0" 200 1086 "-" "Mozilla/5.0 AppleWebKit/537.36 (KHTML, like Gecko; compatible; GPTBot/1.2; +https://openai.com/gptbot)"
74.7.227.213 - - [30/Oct/2025:00:04:15 +0000] "GET /blog/denezhnye-perevody-iz-rossii-2024/feed/ HTTP/1.0" 200 1084 "-" "Mozilla/5.0 AppleWebKit/537.36 (KHTML, like Gecko; compatible; GPTBot/1.2; +https://openai.com/gptbot)"
31.129.98.253 - - [30/Oct/2025:00:04:21 +0000] "POST /wp-cron.php?doing_wp_cron=1761782661.2982940673828125000000 HTTP/1.0" 200 259 "-" "WordPress/6.5.7; https://oplatu.ru"
87.250.224.44 - - [30/Oct/2025:00:04:21 +0000] "GET /?yclid=7710547526903176844 HTTP/1.0" 200 18490 "-" "Mozilla/5.0 (compatible; YandexMetrika/2.0; +http://yandex.com/bots yabs01)"
74.7.227.213 - - [30/Oct/2025:00:04:30 +0000] "GET /acrobat HTTP/1.0" 301 245 "-" "Mozilla/5.0 AppleWebKit/537.36 (KHTML, like Gecko; compatible; GPTBot/1.2; +https://openai.com/gptbot)"
74.7.227.213 - - [30/Oct/2025:00:04:31 +0000] "GET /acrobat/ HTTP/1.0" 200 18388 "-" "Mozilla/5.0 AppleWebKit/537.36 (KHTML, like Gecko; compatible; GPTBot/1.2; +https://openai.com/gptbot)"
74.7.227.213 - - [30/Oct/2025:00:04:47 +0000] "GET /blog/bilety/ HTTP/1.0" 200 16636 "-" "Mozilla/5.0 AppleWebKit/537.36 (KHTML, like Gecko; compatible; GPTBot/1.2; +https://openai.com/gptbot)"
74.7.227.213 - - [30/Oct/2025:00:05:05 +0000] "GET /blog/kak-oplatit-canva-iz-rossii-v-2024-godu/feed/ HTTP/1.0" 200 1096 "-" "Mozilla/5.0 AppleWebKit/537.36 (KHTML, like Gecko; compatible; GPTBot/1.2; +https://openai.com/gptbot)"
31.129.98.253 - - [30/Oct/2025:00:05:22 +0000] "POST /wp-cron.php?doing_wp_cron=1761782722.0198988914489746093750 HTTP/1.0" 200 259 "-" "WordPress/6.5.7; https://oplatu.ru"
66.249.66.44 - - [30/Oct/2025:00:05:21 +0000] "GET /mindmeister HTTP/1.0" 301 249 "-" "Mozilla/5.0 (Linux; Android 6.0.1; Nexus 5X Build/MMB29P) AppleWebKit/537.36 (KHTML, like Gecko) Chrome/141.0.7390.122 Mobile Safari/537.36 (compatible; Googlebot/2.1; +http://www.google.com/bot.html)"
66.249.66.42 - - [30/Oct/2025:00:05:23 +0000] "GET /mindmeister/ HTTP/1.0" 200 15741 "-" "Mozilla/5.0 (Linux; Android 6.0.1; Nexus 5X Build/MMB29P) AppleWebKit/537.36 (KHTML, like Gecko) Chrome/141.0.7390.122 Mobile Safari/537.36 (compatible; Googlebot/2.1; +http://www.google.com/bot.html)"
74.7.227.213 - - [30/Oct/2025:00:05:24 +0000] "GET /wp-content/themes/oplaturu/img/initial-svg-icons/messageheart.svg HTTP/1.1" 200 348 "-" "Mozilla/5.0 AppleWebKit/537.36 (KHTML, like Gecko; compatible; GPTBot/1.2; +https://openai.com/gptbot)"
74.7.227.213 - - [30/Oct/2025:00:05:41 +0000] "GET /blog/airbnb/ HTTP/1.0" 200 16975 "-" "Mozilla/5.0 AppleWebKit/537.36 (KHTML, like Gecko; compatible; GPTBot/1.2; +https://openai.com/gptbot)"
74.7.227.213 - - [30/Oct/2025:00:05:57 +0000] "GET /blog/mozhno-li-oplatit-airbnb-iz-rossii-v-2024-godu/feed/ HTTP/1.0" 200 1108 "-" "Mozilla/5.0 AppleWebKit/537.36 (KHTML, like Gecko; compatible; GPTBot/1.2; +https://openai.com/gptbot)"
74.7.227.213 - - [30/Oct/2025:00:06:15 +0000] "GET /wp-content/themes/oplaturu/img/initial-svg-icons/checkshield.svg HTTP/1.1" 200 383 "-" "Mozilla/5.0 AppleWebKit/537.36 (KHTML, like Gecko; compatible; GPTBot/1.2; +https://openai.com/gptbot)"
74.7.227.213 - - [30/Oct/2025:00:06:32 +0000] "GET /wp-content/themes/oplaturu/konsyerj/img/social/tg.svg HTTP/1.1" 200 776 "-" "Mozilla/5.0 AppleWebKit/537.36 (KHTML, like Gecko; compatible; GPTBot/1.2; +https://openai.com/gptbot)"
31.129.98.253 - - [30/Oct/2025:00:06:49 +0000] "POST /wp-cron.php?doing_wp_cron=1761782809.5205619335174560546875 HTTP/1.0" 200 259 "-" "WordPress/6.5.7; https://oplatu.ru"
74.7.227.213 - - [30/Oct/2025:00:06:49 +0000] "GET /blog/kak-oplatit-google-drive-icloud-i-dropbox-bez-zarubezhnoj-karty/feed/ HTTP/1.0" 200 1129 "-" "Mozilla/5.0 AppleWebKit/537.36 (KHTML, like Gecko; compatible; GPTBot/1.2; +https://openai.com/gptbot)"
74.7.227.213 - - [30/Oct/2025:00:07:06 +0000] "GET /wp-content/themes/oplaturu/konsyerj/img/social/vk.svg HTTP/1.1" 200 421 "-" "Mozilla/5.0 AppleWebKit/537.36 (KHTML, like Gecko; compatible; GPTBot/1.2; +https://openai.com/gptbot)"
31.129.98.253 - - [30/Oct/2025:00:07:24 +0000] "POST /wp-cron.php?doing_wp_cron=1761782844.9459099769592285156250 HTTP/1.0" 200 259 "-" "WordPress/6.5.7; https://oplatu.ru"
74.7.227.213 - - [30/Oct/2025:00:07:24 +0000] "GET /blog/kak-oplatit-zarubezhnye-servisy/feed/ HTTP/1.0" 200 1086 "-" "Mozilla/5.0 AppleWebKit/537.36 (KHTML, like Gecko; compatible; GPTBot/1.2; +https://openai.com/gptbot)"
74.7.227.213 - - [30/Oct/2025:00:07:42 +0000] "GET /blog/oplata-zarubezhnyh-servisov-v-2024-godu/feed/ HTTP/1.0" 200 1095 "-" "Mozilla/5.0 AppleWebKit/537.36 (KHTML, like Gecko; compatible; GPTBot/1.2; +https://openai.com/gptbot)"
74.7.227.213 - - [30/Oct/2025:00:07:59 +0000] "GET /blog/oplata-podpisok-inostrannyh-servisov/feed/ HTTP/1.0" 200 1088 "-" "Mozilla/5.0 AppleWebKit/537.36 (KHTML, like Gecko; compatible; GPTBot/1.2; +https://openai.com/gptbot)"
31.129.98.253 - - [30/Oct/2025:00:08:16 +0000] "POST /wp-cron.php?doing_wp_cron=1761782896.3652369976043701171875 HTTP/1.0" 200 259 "-" "WordPress/6.5.7; https://oplatu.ru"
74.7.227.213 - - [30/Oct/2025:00:08:16 +0000] "GET /blog/mozhno-li-polzovatsya-canva-v-rossii/feed/ HTTP/1.0" 200 1098 "-" "Mozilla/5.0 AppleWebKit/537.36 (KHTML, like Gecko; compatible; GPTBot/1.2; +https://openai.com/gptbot)"
74.7.227.213 - - [30/Oct/2025:00:08:33 +0000] "GET /blog/kak-oplatit-zarubezhnyj-hosting/feed/ HTTP/1.0" 200 1086 "-" "Mozilla/5.0 AppleWebKit/537.36 (KHTML, like Gecko; compatible; GPTBot/1.2; +https://openai.com/gptbot)"
74.7.227.213 - - [30/Oct/2025:00:08:48 +0000] "GET /wp-content/themes/oplaturu/img/initial-svg-icons/checkticket.svg HTTP/1.1" 200 409 "-" "Mozilla/5.0 AppleWebKit/537.36 (KHTML, like Gecko; compatible; GPTBot/1.2; +https://openai.com/gptbot)"
74.7.227.213 - - [30/Oct/2025:00:09:06 +0000] "GET /blog/kak-oplachivat-kartoj-za-graniczej/feed/ HTTP/1.0" 200 1092 "-" "Mozilla/5.0 AppleWebKit/537.36 (KHTML, like Gecko; compatible; GPTBot/1.2; +https://openai.com/gptbot)"
31.129.98.253 - - [30/Oct/2025:00:09:20 +0000] "POST /wp-cron.php?doing_wp_cron=1761782960.2238628864288330078125 HTTP/1.0" 200 259 "-" "WordPress/6.5.7; https://oplatu.ru"
52.167.144.146 - - [30/Oct/2025:00:09:20 +0000] "GET /sitemap.xml HTTP/1.0" 200 622 "-" "Mozilla/5.0 AppleWebKit/537.36 (KHTML, like Gecko; compatible; bingbot/2.0; +http://www.bing.com/bingbot.htm) Chrome/116.0.1938.76 Safari/537.36"
74.7.227.213 - - [30/Oct/2025:00:09:24 +0000] "GET /wp-content/themes/oplaturu/konsyerj/img/social/ok.svg HTTP/1.1" 200 776 "-" "Mozilla/5.0 AppleWebKit/537.36 (KHTML, like Gecko; compatible; GPTBot/1.2; +https://openai.com/gptbot)"
74.7.227.213 - - [30/Oct/2025:00:09:44 +0000] "GET /wp-content/themes/oplaturu/img/initial-svg-icons/googleplay-blue.svg HTTP/1.1" 200 705 "-" "Mozilla/5.0 AppleWebKit/537.36 (KHTML, like Gecko; compatible; GPTBot/1.2; +https://openai.com/gptbot)"
74.7.227.213 - - [30/Oct/2025:00:10:04 +0000] "GET /wp-content/themes/oplaturu/img/initial-svg-icons/full-access.svg HTTP/1.1" 200 794 "-" "Mozilla/5.0 AppleWebKit/537.36 (KHTML, like Gecko; compatible; GPTBot/1.2; +https://openai.com/gptbot)"
5.39.1.232 - - [30/Oct/2025:00:10:14 +0000] "GET /blog/kak-perevesti-dengi-iz-rossii-v-ispaniyu/ HTTP/1.0" 200 17242 "-" "Mozilla/5.0 (compatible; AhrefsBot/7.0; +http://ahrefs.com/robot/)"
74.7.227.213 - - [30/Oct/2025:00:10:23 +0000] "GET /wp-content/themes/oplaturu/img/initial-svg-icons/phonering.svg HTTP/1.1" 200 772 "-" "Mozilla/5.0 AppleWebKit/537.36 (KHTML, like Gecko; compatible; GPTBot/1.2; +https://openai.com/gptbot)"
74.7.227.213 - - [30/Oct/2025:00:10:42 +0000] "GET /wp-content/themes/oplaturu/konsyerj/img/social/pint.svg HTTP/1.1" 200 698 "-" "Mozilla/5.0 AppleWebKit/537.36 (KHTML, like Gecko; compatible; GPTBot/1.2; +https://openai.com/gptbot)"
31.129.98.253 - - [30/Oct/2025:00:11:00 +0000] "POST /wp-cron.php?doing_wp_cron=1761783060.4314990043640136718750 HTTP/1.0" 200 259 "-" "WordPress/6.5.7; https://oplatu.ru"
74.7.227.213 - - [30/Oct/2025:00:11:00 +0000] "GET /blog/kak-oplatit-adobe-creative-cloud-i-drugie-professionalnye-servisy/feed/ HTTP/1.0" 200 1142 "-" "Mozilla/5.0 AppleWebKit/537.36 (KHTML, like Gecko; compatible; GPTBot/1.2; +https://openai.com/gptbot)"
31.129.98.253 - - [30/Oct/2025:00:11:18 +0000] "POST /wp-cron.php?doing_wp_cron=1761783078.0238139629364013671875 HTTP/1.0" 200 259 "-" "WordPress/6.5.7; https://oplatu.ru"
5.255.231.4 - - [30/Oct/2025:00:11:17 +0000] "GET /?yclid=7710547526903176844 HTTP/1.0" 200 18490 "-" "Mozilla/5.0 (compatible; YandexMetrika/2.0; +http://yandex.com/bots yabs01)"
74.7.227.213 - - [30/Oct/2025:00:11:19 +0000] "GET /wp-content/themes/oplaturu/img/initial-svg-icons/cardin.svg HTTP/1.1" 200 734 "-" "Mozilla/5.0 AppleWebKit/537.36 (KHTML, like Gecko; compatible; GPTBot/1.2; +https://openai.com/gptbot)"
74.7.227.213 - - [30/Oct/2025:00:11:40 +0000] "GET /wp-content/themes/oplaturu/img/initial-svg-icons/card-stroke.svg HTTP/1.1" 200 712 "-" "Mozilla/5.0 AppleWebKit/537.36 (KHTML, like Gecko; compatible; GPTBot/1.2; +https://openai.com/gptbot)"
74.7.227.213 - - [30/Oct/2025:00:12:02 +0000] "GET /wp-content/themes/oplaturu/img/initial-svg-icons/exchange.svg HTTP/1.1" 200 598 "-" "Mozilla/5.0 AppleWebKit/537.36 (KHTML, like Gecko; compatible; GPTBot/1.2; +https://openai.com/gptbot)"
74.7.227.213 - - [30/Oct/2025:00:12:22 +0000] "GET /wp-content/themes/oplaturu/img/initial-svg-icons/remote-access.svg HTTP/1.1" 200 811 "-" "Mozilla/5.0 AppleWebKit/537.36 (KHTML, like Gecko; compatible; GPTBot/1.2; +https://openai.com/gptbot)"
74.7.227.213 - - [30/Oct/2025:00:12:43 +0000] "GET /wp-content/themes/oplaturu/konsyerj/img/social/zen.svg HTTP/1.1" 200 471 "-" "Mozilla/5.0 AppleWebKit/537.36 (KHTML, like Gecko; compatible; GPTBot/1.2; +https://openai.com/gptbot)"
31.129.98.253 - - [30/Oct/2025:00:13:04 +0000] "POST /wp-cron.php?doing_wp_cron=1761783184.7977941036224365234375 HTTP/1.0" 200 259 "-" "WordPress/6.5.7; https://oplatu.ru"
74.7.227.213 - - [30/Oct/2025:00:13:04 +0000] "GET /blog/pochemu-canva-ne-rabotaet-v-rossii/feed/ HTTP/1.0" 200 1088 "-" "Mozilla/5.0 AppleWebKit/537.36 (KHTML, like Gecko; compatible; GPTBot/1.2; +https://openai.com/gptbot)"
31.129.98.253 - - [30/Oct/2025:00:13:24 +0000] "POST /wp-cron.php?doing_wp_cron=1761783204.5567939281463623046875 HTTP/1.0" 200 259 "-" "WordPress/6.5.7; https://oplatu.ru"
74.7.227.213 - - [30/Oct/2025:00:13:24 +0000] "GET /blog/oplata-inostrannyh-pokupok-za-graniczej/feed/ HTTP/1.0" 200 1096 "-" "Mozilla/5.0 AppleWebKit/537.36 (KHTML, like Gecko; compatible; GPTBot/1.2; +https://openai.com/gptbot)"
74.7.227.213 - - [30/Oct/2025:00:13:46 +0000] "GET /blog/10-zarubezhnyh-servisov-gde-slozhnee-vsego-oplatit-iz-rossii-i-chto-s-etim-delat/feed/ HTTP/1.0" 200 1181 "-" "Mozilla/5.0 AppleWebKit/537.36 (KHTML, like Gecko; compatible; GPTBot/1.2; +https://openai.com/gptbot)"
74.7.227.213 - - [30/Oct/2025:00:14:12 +0000] "GET /blog/podderzhivaemye-sposoby-oplaty-zarubezhnyh-servisov/feed/ HTTP/1.0" 200 1124 "-" "Mozilla/5.0 AppleWebKit/537.36 (KHTML, like Gecko; compatible; GPTBot/1.2; +https://openai.com/gptbot)"
31.129.98.253 - - [30/Oct/2025:00:14:37 +0000] "POST /wp-cron.php?doing_wp_cron=1761783277.3960359096527099609375 HTTP/1.0" 200 259 "-" "WordPress/6.5.7; https://oplatu.ru"
74.7.227.213 - - [30/Oct/2025:00:14:37 +0000] "GET /blog/oplata-elektronnyh-viz-razlichnyh-stran-iz-rossii/feed/ HTTP/1.0" 200 1116 "-" "Mozilla/5.0 AppleWebKit/537.36 (KHTML, like Gecko; compatible; GPTBot/1.2; +https://openai.com/gptbot)"
74.7.227.213 - - [30/Oct/2025:00:15:00 +0000] "GET /blog/kak-oplatit-vpn-servis/feed/ HTTP/1.0" 200 1067 "-" "Mozilla/5.0 AppleWebKit/537.36 (KHTML, like Gecko; compatible; GPTBot/1.2; +https://openai.com/gptbot)"
31.129.98.253 - - [30/Oct/2025:00:15:21 +0000] "POST /wp-cron.php?doing_wp_cron=1761783321.0616509914398193359375 HTTP/1.0" 200 259 "-" "WordPress/6.5.7; https://oplatu.ru"
74.7.227.213 - - [30/Oct/2025:00:15:20 +0000] "GET /blog/oplata-za-obuchenie-za-graniczej/feed/ HTTP/1.0" 200 1080 "-" "Mozilla/5.0 AppleWebKit/537.36 (KHTML, like Gecko; compatible; GPTBot/1.2; +https://openai.com/gptbot)"
74.7.227.213 - - [30/Oct/2025:00:15:42 +0000] "GET /blog/kak-oplatit-podpisku-canva-v-rossii/feed/ HTTP/1.0" 200 1093 "-" "Mozilla/5.0 AppleWebKit/537.36 (KHTML, like Gecko; compatible; GPTBot/1.2; +https://openai.com/gptbot)"
74.7.227.213 - - [30/Oct/2025:00:16:07 +0000] "GET /wp-content/themes/oplaturu/libs/swiper/swiper-bundle.min.js HTTP/1.1" 200 41676 "-" "Mozilla/5.0 AppleWebKit/537.36 (KHTML, like Gecko; compatible; GPTBot/1.2; +https://openai.com/gptbot)"
31.129.98.253 - - [30/Oct/2025:00:16:34 +0000] "POST /wp-cron.php?doing_wp_cron=1761783394.9364840984344482421875 HTTP/1.0" 200 259 "-" "WordPress/6.5.7; https://oplatu.ru"
74.7.227.213 - - [30/Oct/2025:00:16:34 +0000] "GET /blog/sposoby-oplatit-airbnb-v-rossii/feed/ HTTP/1.0" 200 1078 "-" "Mozilla/5.0 AppleWebKit/537.36 (KHTML, like Gecko; compatible; GPTBot/1.2; +https://openai.com/gptbot)"
74.7.227.213 - - [30/Oct/2025:00:17:00 +0000] "GET /wp-content/themes/oplaturu/img/faq-arrow.svg HTTP/1.1" 200 297 "-" "Mozilla/5.0 AppleWebKit/537.36 (KHTML, like Gecko; compatible; GPTBot/1.2; +https://openai.com/gptbot)"
31.129.98.253 - - [30/Oct/2025:00:17:22 +0000] "POST /wp-cron.php?doing_wp_cron=1761783442.5271608829498291015625 HTTP/1.0" 200 259 "-" "WordPress/6.5.7; https://oplatu.ru"
74.7.227.213 - - [30/Oct/2025:00:17:22 +0000] "GET /blog/oplata-uslug-za-graniczej-iz-rossii/feed/ HTTP/1.0" 200 1093 "-" "Mozilla/5.0 AppleWebKit/537.36 (KHTML, like Gecko; compatible; GPTBot/1.2; +https://openai.com/gptbot)"
74.7.227.213 - - [30/Oct/2025:00:17:44 +0000] "GET /blog/oplata-na-inostrannyh-sajtah-iz-rossii/feed/ HTTP/1.0" 200 1093 "-" "Mozilla/5.0 AppleWebKit/537.36 (KHTML, like Gecko; compatible; GPTBot/1.2; +https://openai.com/gptbot)"
74.7.227.213 - - [30/Oct/2025:00:18:12 +0000] "GET /wp-content/themes/oplaturu/libs/fancybox/jquery.fancybox.min.js HTTP/1.1" 200 22149 "-" "Mozilla/5.0 AppleWebKit/537.36 (KHTML, like Gecko; compatible; GPTBot/1.2; +https://openai.com/gptbot)"
31.129.98.253 - - [30/Oct/2025:00:18:16 +0000] "POST /wp-cron.php?doing_wp_cron=1761783496.4480938911437988281250 HTTP/1.0" 200 259 "-" "WordPress/6.5.7; https://oplatu.ru"
213.180.203.175 - - [30/Oct/2025:00:18:16 +0000] "GET /?yclid=7710547526903176844 HTTP/1.0" 200 18490 "-" "Mozilla/5.0 (compatible; YandexMetrika/2.0; +http://yandex.com/bots yabs01)"
74.7.227.213 - - [30/Oct/2025:00:18:42 +0000] "GET /wp-content/themes/oplaturu/libs/swiper/swiper-bundle.min.js.map HTTP/1.0" 404 53727 "-" "Mozilla/5.0 AppleWebKit/537.36 (KHTML, like Gecko; compatible; GPTBot/1.2; +https://openai.com/gptbot)"
74.7.227.213 - - [30/Oct/2025:00:19:09 +0000] "GET /blog/kak-oplatit-schet-inostrannoj-kompanii/feed/ HTTP/1.0" 200 1093 "-" "Mozilla/5.0 AppleWebKit/537.36 (KHTML, like Gecko; compatible; GPTBot/1.2; +https://openai.com/gptbot)"
31.129.98.253 - - [30/Oct/2025:00:19:33 +0000] "POST /wp-cron.php?doing_wp_cron=1761783572.9783370494842529296875 HTTP/1.0" 200 259 "-" "WordPress/6.5.7; https://oplatu.ru"
74.7.227.213 - - [30/Oct/2025:00:19:32 +0000] "GET /blog/oplata-podpiski-strimingovyh-platform/feed/ HTTP/1.0" 200 1095 "-" "Mozilla/5.0 AppleWebKit/537.36 (KHTML, like Gecko; compatible; GPTBot/1.2; +https://openai.com/gptbot)"
74.7.227.213 - - [30/Oct/2025:00:19:57 +0000] "GET /blog/servis-oplaty-za-rubezhom-iz-rossii/feed/ HTTP/1.0" 200 1093 "-" "Mozilla/5.0 AppleWebKit/537.36 (KHTML, like Gecko; compatible; GPTBot/1.2; +https://openai.com/gptbot)"
31.129.98.253 - - [30/Oct/2025:00:20:28 +0000] "POST /wp-cron.php?doing_wp_cron=1761783628.3667249679565429687500 HTTP/1.0" 200 259 "-" "WordPress/6.5.7; https://oplatu.ru"
74.7.227.213 - - [30/Oct/2025:00:20:28 +0000] "GET /blog/top-10-sovetov-po-bronirovaniyu-na-booking/feed/ HTTP/1.0" 200 1095 "-" "Mozilla/5.0 AppleWebKit/537.36 (KHTML, like Gecko; compatible; GPTBot/1.2; +https://openai.com/gptbot)"
74.7.227.213 - - [30/Oct/2025:00:20:59 +0000] "GET /blog/oplata-inostrannyh-servisov-iz-rossii/feed/ HTTP/1.0" 200 1093 "-" "Mozilla/5.0 AppleWebKit/537.36 (KHTML, like Gecko; compatible; GPTBot/1.2; +https://openai.com/gptbot)"
31.129.98.253 - - [30/Oct/2025:00:21:29 +0000] "POST /wp-cron.php?doing_wp_cron=1761783689.0737190246582031250000 HTTP/1.0" 200 259 "-" "WordPress/6.5.7; https://oplatu.ru"
74.7.227.213 - - [30/Oct/2025:00:21:28 +0000] "GET /wp-content/themes/oplaturu/libs/fancybox/+t+ HTTP/1.0" 301 361 "-" "Mozilla/5.0 AppleWebKit/537.36 (KHTML, like Gecko; compatible; GPTBot/1.2; +https://openai.com/gptbot)"
74.7.227.213 - - [30/Oct/2025:00:21:53 +0000] "GET /blog/pochemu-ne-prohodit-platezh-na-airbnb/feed/ HTTP/1.0" 200 1089 "-" "Mozilla/5.0 AppleWebKit/537.36 (KHTML, like Gecko; compatible; GPTBot/1.2; +https://openai.com/gptbot)"
31.129.98.253 - - [30/Oct/2025:00:22:23 +0000] "POST /wp-cron.php?doing_wp_cron=1761783743.9442698955535888671875 HTTP/1.0" 200 259 "-" "WordPress/6.5.7; https://oplatu.ru"
74.7.227.213 - - [30/Oct/2025:00:22:23 +0000] "GET /blog/oplata-otelej-za-graniczej/feed/ HTTP/1.0" 200 1070 "-" "Mozilla/5.0 AppleWebKit/537.36 (KHTML, like Gecko; compatible; GPTBot/1.2; +https://openai.com/gptbot)"
185.191.171.5 - - [30/Oct/2025:00:22:27 +0000] "GET /casinowazamba/individual-oyun-modell%C9%99ri-pinco-casino/ HTTP/1.0" 200 16162 "-" "Mozilla/5.0 (compatible; SemrushBot/7~bl; +http://www.semrush.com/bot.html)"
74.7.227.213 - - [30/Oct/2025:00:22:57 +0000] "GET /wp-content/themes/oplaturu/img/initial-svg-icons/bag.svg HTTP/1.1" 200 888 "-" "Mozilla/5.0 AppleWebKit/537.36 (KHTML, like Gecko; compatible; GPTBot/1.2; +https://openai.com/gptbot)"
31.129.98.253 - - [30/Oct/2025:00:23:26 +0000] "POST /wp-cron.php?doing_wp_cron=1761783806.9521009922027587890625 HTTP/1.0" 200 259 "-" "WordPress/6.5.7; https://oplatu.ru"
74.7.227.213 - - [30/Oct/2025:00:23:26 +0000] "GET /blog/kak-oplatit-prilozheniya-v-google-play-i-app-store-iz-rossii/feed/ HTTP/1.0" 200 1125 "-" "Mozilla/5.0 AppleWebKit/537.36 (KHTML, like Gecko; compatible; GPTBot/1.2; +https://openai.com/gptbot)"
74.7.227.213 - - [30/Oct/2025:00:23:53 +0000] "GET /wp-content/themes/oplaturu/js/custom-ajax.js HTTP/1.1" 200 671 "-" "Mozilla/5.0 AppleWebKit/537.36 (KHTML, like Gecko; compatible; GPTBot/1.2; +https://openai.com/gptbot)"
74.7.227.213 - - [30/Oct/2025:00:24:25 +0000] "GET /wp-content/themes/oplaturu/img/intro-map.svg HTTP/1.1" 200 48669 "-" "Mozilla/5.0 AppleWebKit/537.36 (KHTML, like Gecko; compatible; GPTBot/1.2; +https://openai.com/gptbot)"
74.7.227.213 - - [30/Oct/2025:00:25:00 +0000] "GET /wp-content/themes/oplaturu/img/tgk.svg HTTP/1.1" 200 473 "-" "Mozilla/5.0 AppleWebKit/537.36 (KHTML, like Gecko; compatible; GPTBot/1.2; +https://openai.com/gptbot)"
31.129.98.253 - - [30/Oct/2025:00:25:32 +0000] "POST /wp-cron.php?doing_wp_cron=1761783932.1031138896942138671875 HTTP/1.0" 200 259 "-" "WordPress/6.5.7; https://oplatu.ru"
5.255.231.13 - - [30/Oct/2025:00:25:32 +0000] "GET /?yclid=7710547526903176844 HTTP/1.0" 200 18490 "-" "Mozilla/5.0 (compatible; YandexMetrika/2.0; +http://yandex.com/bots yabs01)"
74.7.227.213 - - [30/Oct/2025:00:25:32 +0000] "GET /blog/oplata-booking-iz-rossii-bez-blokirovok/feed/ HTTP/1.0" 200 1091 "-" "Mozilla/5.0 AppleWebKit/537.36 (KHTML, like Gecko; compatible; GPTBot/1.2; +https://openai.com/gptbot)"
74.7.227.213 - - [30/Oct/2025:00:26:00 +0000] "GET /blog/elektronnaya-viza-vo-vetnam-dlya-rossiyan/feed/ HTTP/1.0" 200 1105 "-" "Mozilla/5.0 AppleWebKit/537.36 (KHTML, like Gecko; compatible; GPTBot/1.2; +https://openai.com/gptbot)"
177.20.183.255 - - [30/Oct/2025:00:26:02 +0000] "GET /blog/elektronnaya-viza-vo-vetnam-dlya-rossiyan/ HTTP/1.0" 200 19088 "-" "Mozilla/5.0 (Windows NT 6.1; Win64; x64) AppleWebKit/537.36 (KHTML, like Gecko) Chrome/90.0.4430.93 Safari/537.36"
51.195.215.78 - - [30/Oct/2025:00:26:26 +0000] "GET /robots.txt HTTP/1.0" 200 477 "-" "Mozilla/5.0 (compatible; AhrefsBot/7.0; +http://ahrefs.com/robot/)"
74.7.227.213 - - [30/Oct/2025:00:26:33 +0000] "GET /wp-content/themes/oplaturu/img/initial-svg-icons/card.svg HTTP/1.1" 200 361 "-" "Mozilla/5.0 AppleWebKit/537.36 (KHTML, like Gecko; compatible; GPTBot/1.2; +https://openai.com/gptbot)"
31.129.98.253 - - [30/Oct/2025:00:26:37 +0000] "POST /wp-cron.php?doing_wp_cron=1761783997.2498550415039062500000 HTTP/1.0" 200 259 "-" "WordPress/6.5.7; https://oplatu.ru"
37.59.204.159 - - [30/Oct/2025:00:26:37 +0000] "GET /google-drive/ HTTP/1.0" 200 18421 "-" "Mozilla/5.0 (compatible; AhrefsBot/7.0; +http://ahrefs.com/robot/)"
74.7.227.213 - - [30/Oct/2025:00:27:11 +0000] "GET /wp-content/themes/oplaturu/img/flags/by.svg HTTP/1.1" 200 412 "-" "Mozilla/5.0 AppleWebKit/537.36 (KHTML, like Gecko; compatible; GPTBot/1.2; +https://openai.com/gptbot)"
31.129.98.253 - - [30/Oct/2025:00:27:44 +0000] "POST /wp-cron.php?doing_wp_cron=1761784064.7858629226684570312500 HTTP/1.0" 200 259 "-" "WordPress/6.5.7; https://oplatu.ru"
74.7.227.213 - - [30/Oct/2025:00:27:44 +0000] "GET /blog/kak-oplatit-toefl-ielts-i-drugie-ekzameny-iz-rossii/feed/ HTTP/1.0" 200 1128 "-" "Mozilla/5.0 AppleWebKit/537.36 (KHTML, like Gecko; compatible; GPTBot/1.2; +https://openai.com/gptbot)"
74.7.227.213 - - [30/Oct/2025:00:28:15 +0000] "GET /wp-content/themes/oplaturu/libs/jquery/jquery.min.js HTTP/1.1" 200 31164 "-" "Mozilla/5.0 AppleWebKit/537.36 (KHTML, like Gecko; compatible; GPTBot/1.2; +https://openai.com/gptbot)"
74.7.227.213 - - [30/Oct/2025:00:28:51 +0000] "GET /wp-content/themes/oplaturu/img/otziv1.svg HTTP/1.1" 200 566 "-" "Mozilla/5.0 AppleWebKit/537.36 (KHTML, like Gecko; compatible; GPTBot/1.2; +https://openai.com/gptbot)"
74.7.227.213 - - [30/Oct/2025:00:29:29 +0000] "GET /wp-content/themes/oplaturu/img/flags/kz.svg HTTP/1.1" 200 795 "-" "Mozilla/5.0 AppleWebKit/537.36 (KHTML, like Gecko; compatible; GPTBot/1.2; +https://openai.com/gptbot)"
31.129.98.253 - - [30/Oct/2025:00:29:39 +0000] "POST /wp-cron.php?doing_wp_cron=1761784179.9250600337982177734375 HTTP/1.0" 200 259 "-" "WordPress/6.5.7; https://oplatu.ru"
95.108.213.90 - - [30/Oct/2025:00:29:39 +0000] "GET /?yclid=7710547526903176844 HTTP/1.0" 200 18490 "-" "Mozilla/5.0 (compatible; YandexMetrika/2.0; +http://yandex.com/bots yabs01)"
74.7.227.213 - - [30/Oct/2025:00:30:02 +0000] "GET /blog/kak-oplatit-elektronnuyu-vizu-v-indiyu/feed/ HTTP/1.0" 500 2693 "-" "Mozilla/5.0 AppleWebKit/537.36 (KHTML, like Gecko; compatible; GPTBot/1.2; +https://openai.com/gptbot)"
74.7.227.213 - - [30/Oct/2025:00:30:35 +0000] "GET /wp-content/themes/oplaturu/img/flags/sk.svg HTTP/1.1" 200 692 "-" "Mozilla/5.0 AppleWebKit/537.36 (KHTML, like Gecko; compatible; GPTBot/1.2; +https://openai.com/gptbot)"
74.7.227.213 - - [30/Oct/2025:00:31:15 +0000] "GET /wp-content/themes/oplaturu/img/otziv2.svg HTTP/1.1" 200 1652 "-" "Mozilla/5.0 AppleWebKit/537.36 (KHTML, like Gecko; compatible; GPTBot/1.2; +https://openai.com/gptbot)"
74.7.227.213 - - [30/Oct/2025:00:31:52 +0000] "GET /wp-content/themes/oplaturu/img/flags/in.svg HTTP/1.1" 200 398 "-" "Mozilla/5.0 AppleWebKit/537.36 (KHTML, like Gecko; compatible; GPTBot/1.2; +https://openai.com/gptbot)"
74.7.227.213 - - [30/Oct/2025:00:32:25 +0000] "GET /wp-content/themes/oplaturu/js/html.js HTTP/1.1" 200 206 "-" "Mozilla/5.0 AppleWebKit/537.36 (KHTML, like Gecko; compatible; GPTBot/1.2; +https://openai.com/gptbot)"
31.129.98.253 - - [30/Oct/2025:00:32:34 +0000] "POST /wp-cron.php?doing_wp_cron=1761784354.8452498912811279296875 HTTP/1.0" 200 259 "-" "WordPress/6.5.7; https://oplatu.ru"
168.90.31.9 - - [30/Oct/2025:00:32:34 +0000] "GET /udemy/ HTTP/1.0" 200 18357 "-" "Mozilla/5.0 (Windows NT 6.1; Win64; x64) AppleWebKit/537.36 (KHTML, like Gecko) Chrome/90.0.4430.93 Safari/537.36"
95.108.213.195 - - [30/Oct/2025:00:32:46 +0000] "GET /?yclid=7710547526903176844 HTTP/1.0" 200 18490 "-" "Mozilla/5.0 (compatible; YandexMetrika/2.0; +http://yandex.com/bots yabs01)"
74.7.227.213 - - [30/Oct/2025:00:33:07 +0000] "GET /blog/kak-oplatit-konsulskij-sbor-za-vizu-v-ssha-iz-rossii/feed/ HTTP/1.0" 200 1133 "-" "Mozilla/5.0 AppleWebKit/537.36 (KHTML, like Gecko; compatible; GPTBot/1.2; +https://openai.com/gptbot)"
74.7.227.213 - - [30/Oct/2025:00:33:46 +0000] "GET /wp-content/themes/oplaturu/img/flags/cy.svg HTTP/1.1" 200 657 "-" "Mozilla/5.0 AppleWebKit/537.36 (KHTML, like Gecko; compatible; GPTBot/1.2; +https://openai.com/gptbot)"
74.7.227.213 - - [30/Oct/2025:00:34:21 +0000] "GET /wp-content/themes/oplaturu/js/app.js HTTP/1.1" 200 2236 "-" "Mozilla/5.0 AppleWebKit/537.36 (KHTML, like Gecko; compatible; GPTBot/1.2; +https://openai.com/gptbot)"
31.129.98.253 - - [30/Oct/2025:00:34:54 +0000] "POST /wp-cron.php?doing_wp_cron=1761784494.9494678974151611328125 HTTP/1.0" 200 259 "-" "WordPress/6.5.7; https://oplatu.ru"
186.96.208.77 - - [30/Oct/2025:00:34:54 +0000] "GET /wp-login.php HTTP/1.0" 200 3353 "-" "Mozilla/4.0 (compatible; MSIE 7.0; Windows NT 6.2; Win64; x64; Trident/7.0; .NET4.0C; .NET4.0E; .NET CLR 2.0.50727; .NET CLR 3.0.30729; .NET CLR 3.5.30729; SLCC2; Media Center PC 6.0)"
74.7.227.213 - - [30/Oct/2025:00:34:58 +0000] "GET /wp-content/themes/oplaturu/img/flags/uz.svg HTTP/1.1" 200 441 "-" "Mozilla/5.0 AppleWebKit/537.36 (KHTML, like Gecko; compatible; GPTBot/1.2; +https://openai.com/gptbot)"
186.96.208.77 - - [30/Oct/2025:00:35:01 +0000] "POST /wp-login.php HTTP/1.0" 200 3498 "https://oplatu.ru/wp-login.php" "Mozilla/4.0 (compatible; MSIE 7.0; Windows NT 6.2; Win64; x64; Trident/7.0; .NET4.0C; .NET4.0E; .NET CLR 2.0.50727; .NET CLR 3.0.30729; .NET CLR 3.5.30729; SLCC2; Media Center PC 6.0)"
31.129.98.253 - - [30/Oct/2025:00:35:25 +0000] "POST /wp-cron.php?doing_wp_cron=1761784525.2102949619293212890625 HTTP/1.0" 200 259 "-" "WordPress/6.5.7; https://oplatu.ru"
40.77.167.51 - - [30/Oct/2025:00:35:25 +0000] "GET /wp-json/wp/v2/posts/2112 HTTP/1.0" 200 2354 "-" "Mozilla/5.0 AppleWebKit/537.36 (KHTML, like Gecko; compatible; bingbot/2.0; +http://www.bing.com/bingbot.htm) Chrome/116.0.1938.76 Safari/537.36"
74.7.227.213 - - [30/Oct/2025:00:35:38 +0000] "GET /wp-content/themes/oplaturu/img/nike.svg HTTP/1.1" 200 769 "-" "Mozilla/5.0 AppleWebKit/537.36 (KHTML, like Gecko; compatible; GPTBot/1.2; +https://openai.com/gptbot)"
74.7.227.213 - - [30/Oct/2025:00:36:15 +0000] "GET /wp-content/themes/oplaturu/img/zara.svg HTTP/1.1" 200 724 "-" "Mozilla/5.0 AppleWebKit/537.36 (KHTML, like Gecko; compatible; GPTBot/1.2; +https://openai.com/gptbot)"
74.7.227.213 - - [30/Oct/2025:00:36:50 +0000] "GET /wp-content/themes/oplaturu/js/lightbox/js/lightbox.js HTTP/1.1" 200 6008 "-" "Mozilla/5.0 AppleWebKit/537.36 (KHTML, like Gecko; compatible; GPTBot/1.2; +https://openai.com/gptbot)"
74.7.227.213 - - [30/Oct/2025:00:37:31 +0000] "GET /wp-content/themes/oplaturu/libs/wowjs/wow.min.js HTTP/1.1" 200 2843 "-" "Mozilla/5.0 AppleWebKit/537.36 (KHTML, like Gecko; compatible; GPTBot/1.2; +https://openai.com/gptbot)"
74.7.227.213 - - [30/Oct/2025:00:38:10 +0000] "GET /wp-content/themes/oplaturu/img/flags/lt.svg HTTP/1.1" 200 303 "-" "Mozilla/5.0 AppleWebKit/537.36 (KHTML, like Gecko; compatible; GPTBot/1.2; +https://openai.com/gptbot)"
74.7.227.213 - - [30/Oct/2025:00:38:47 +0000] "GET /wp-content/themes/oplaturu/img/flags/am.svg HTTP/1.1" 200 303 "-" "Mozilla/5.0 AppleWebKit/537.36 (KHTML, like Gecko; compatible; GPTBot/1.2; +https://openai.com/gptbot)"
31.129.98.253 - - [30/Oct/2025:00:38:57 +0000] "POST /wp-cron.php?doing_wp_cron=1761784737.2695300579071044921875 HTTP/1.0" 200 259 "-" "WordPress/6.5.7; https://oplatu.ru"
195.135.254.104 - - [30/Oct/2025:00:38:57 +0000] "GET /wp-login.php HTTP/1.0" 200 3353 "-" "Mozilla/5.0 (X11; Ubuntu; Linux x86_64; rv:85.0) Gecko/20100101 Firefox/91.0"
195.135.254.104 - - [30/Oct/2025:00:38:57 +0000] "POST /wp-login.php HTTP/1.0" 200 3491 "-" "Mozilla/5.0 (X11; Ubuntu; Linux x86_64; rv:85.0) Gecko/20100101 Firefox/91.0"
74.7.227.213 - - [30/Oct/2025:00:39:29 +0000] "GET /wp-content/themes/oplaturu/img/intro-hands.svg HTTP/1.1" 200 4186 "-" "Mozilla/5.0 AppleWebKit/537.36 (KHTML, like Gecko; compatible; GPTBot/1.2; +https://openai.com/gptbot)"
31.129.98.253 - - [30/Oct/2025:00:40:11 +0000] "POST /wp-cron.php?doing_wp_cron=1761784811.6691560745239257812500 HTTP/1.0" 200 259 "-" "WordPress/6.5.7; https://oplatu.ru"
74.7.227.213 - - [30/Oct/2025:00:40:11 +0000] "GET /otzyvy/feed/ HTTP/1.0" 200 2566 "-" "Mozilla/5.0 AppleWebKit/537.36 (KHTML, like Gecko; compatible; GPTBot/1.2; +https://openai.com/gptbot)"
74.7.227.213 - - [30/Oct/2025:00:40:50 +0000] "GET /wp-content/themes/oplaturu/img/galka.svg HTTP/1.1" 200 956 "-" "Mozilla/5.0 AppleWebKit/537.36 (KHTML, like Gecko; compatible; GPTBot/1.2; +https://openai.com/gptbot)"
31.129.98.253 - - [30/Oct/2025:00:40:52 +0000] "POST /wp-cron.php?doing_wp_cron=1761784852.7841129302978515625000 HTTP/1.0" 200 259 "-" "WordPress/6.5.7; https://oplatu.ru"
213.180.203.118 - - [30/Oct/2025:00:40:52 +0000] "GET /?yclid=7710547526903176844 HTTP/1.0" 200 18490 "-" "Mozilla/5.0 (compatible; YandexMetrika/2.0; +http://yandex.com/bots yabs01)"
31.129.98.253 - - [30/Oct/2025:00:41:33 +0000] "POST /wp-cron.php?doing_wp_cron=1761784892.9841101169586181640625 HTTP/1.0" 200 259 "-" "WordPress/6.5.7; https://oplatu.ru"
74.7.227.213 - - [30/Oct/2025:00:41:32 +0000] "GET /wp-content/themes/oplaturu/libs/fancybox/%7B%7Bposter%7D%7D HTTP/1.0" 301 383 "-" "Mozilla/5.0 AppleWebKit/537.36 (KHTML, like Gecko; compatible; GPTBot/1.2; +https://openai.com/gptbot)"
74.7.227.213 - - [30/Oct/2025:00:41:33 +0000] "GET /wp-content/themes/oplaturu/libs/fancybox/%7B%7Bposter HTTP/1.0" 404 53657 "-" "Mozilla/5.0 AppleWebKit/537.36 (KHTML, like Gecko; compatible; GPTBot/1.2; +https://openai.com/gptbot)"
114.119.142.7 - - [30/Oct/2025:00:41:50 +0000] "GET /myheritage HTTP/1.0" 301 248 "https://oplatu.ru/todoist" "Mozilla/5.0 (Linux; Android 7.0;) AppleWebKit/537.36 (KHTML, like Gecko) Mobile Safari/537.36 (compatible; PetalBot;+https://webmaster.petalsearch.com/site/petalbot)"
114.119.142.7 - - [30/Oct/2025:00:41:51 +0000] "GET /myheritage/ HTTP/1.0" 200 15611 "https://oplatu.ru/todoist" "Mozilla/5.0 (Linux; Android 7.0;) AppleWebKit/537.36 (KHTML, like Gecko) Mobile Safari/537.36 (compatible; PetalBot;+https://webmaster.petalsearch.com/site/petalbot)"
192.250.224.118 - - [30/Oct/2025:00:41:59 +0000] "POST /xmlrpc.php HTTP/1.0" 200 467 "-" "Mozilla/5.0 (Windows NT 10.0; Win64; x64; rv:67.0) Gecko/20100101 Firefox/67.0"
74.7.227.213 - - [30/Oct/2025:00:42:16 +0000] "GET /wp-content/themes/oplaturu/img/karta.svg HTTP/1.1" 200 1407 "-" "Mozilla/5.0 AppleWebKit/537.36 (KHTML, like Gecko; compatible; GPTBot/1.2; +https://openai.com/gptbot)"
31.129.98.253 - - [30/Oct/2025:00:42:22 +0000] "POST /wp-cron.php?doing_wp_cron=1761784942.3506278991699218750000 HTTP/1.0" 200 259 "-" "WordPress/6.5.7; https://oplatu.ru"
85.208.96.199 - - [30/Oct/2025:00:42:22 +0000] "GET /webflow/ HTTP/1.0" 200 18261 "-" "Mozilla/5.0 (compatible; SemrushBot/7~bl; +http://www.semrush.com/bot.html)"
74.7.227.213 - - [30/Oct/2025:00:42:55 +0000] "GET /blog/feed/ HTTP/1.0" 200 2906 "-" "Mozilla/5.0 AppleWebKit/537.36 (KHTML, like Gecko; compatible; GPTBot/1.2; +https://openai.com/gptbot)"
114.119.138.210 - - [30/Oct/2025:00:43:03 +0000] "GET /gportal HTTP/1.0" 301 245 "https://oplatu.ru/todoist" "Mozilla/5.0 (Linux; Android 7.0;) AppleWebKit/537.36 (KHTML, like Gecko) Mobile Safari/537.36 (compatible; PetalBot;+https://webmaster.petalsearch.com/site/petalbot)"
114.119.138.210 - - [30/Oct/2025:00:43:04 +0000] "GET /gportal/ HTTP/1.0" 200 15531 "https://oplatu.ru/todoist" "Mozilla/5.0 (Linux; Android 7.0;) AppleWebKit/537.36 (KHTML, like Gecko) Mobile Safari/537.36 (compatible; PetalBot;+https://webmaster.petalsearch.com/site/petalbot)"
31.129.98.253 - - [30/Oct/2025:00:43:33 +0000] "POST /wp-cron.php?doing_wp_cron=1761785013.0577430725097656250000 HTTP/1.0" 200 259 "-" "WordPress/6.5.7; https://oplatu.ru"
94.23.188.222 - - [30/Oct/2025:00:43:32 +0000] "GET /wix/ HTTP/1.0" 200 18151 "-" "Mozilla/5.0 (compatible; AhrefsBot/7.0; +http://ahrefs.com/robot/)"
74.7.227.213 - - [30/Oct/2025:00:43:38 +0000] "GET /wp-content/themes/oplaturu/js/'%20+%20dataSrc%20+%20' HTTP/1.0" 301 381 "-" "Mozilla/5.0 AppleWebKit/537.36 (KHTML, like Gecko; compatible; GPTBot/1.2; +https://openai.com/gptbot)"
74.7.227.213 - - [30/Oct/2025:00:43:38 +0000] "GET /wp-content/themes/oplaturu/js/%20+%20dataSrc%20+%20 HTTP/1.0" 301 378 "-" "Mozilla/5.0 AppleWebKit/537.36 (KHTML, like Gecko; compatible; GPTBot/1.2; +https://openai.com/gptbot)"
74.7.227.213 - - [30/Oct/2025:00:43:38 +0000] "GET /wp-content/themes/oplaturu/js/%20+%20dataSrc%20+ HTTP/1.0" 404 53616 "-" "Mozilla/5.0 AppleWebKit/537.36 (KHTML, like Gecko; compatible; GPTBot/1.2; +https://openai.com/gptbot)"
74.7.227.213 - - [30/Oct/2025:00:44:22 +0000] "GET /wp-content/themes/oplaturu/img/amazon.svg HTTP/1.1" 200 1419 "-" "Mozilla/5.0 AppleWebKit/537.36 (KHTML, like Gecko; compatible; GPTBot/1.2; +https://openai.com/gptbot)"
74.7.227.213 - - [30/Oct/2025:00:45:02 +0000] "GET /wp-json/wp/v2/categories/3 HTTP/1.0" 500 2693 "-" "Mozilla/5.0 AppleWebKit/537.36 (KHTML, like Gecko; compatible; GPTBot/1.2; +https://openai.com/gptbot)"
31.129.98.253 - - [30/Oct/2025:00:45:48 +0000] "POST /wp-cron.php?doing_wp_cron=1761785148.1287779808044433593750 HTTP/1.0" 200 259 "-" "WordPress/6.5.7; https://oplatu.ru"
74.7.227.213 - - [30/Oct/2025:00:45:48 +0000] "GET /wp-content/themes/oplaturu/libs/fancybox/%7B%7Bsrc%7D%7D HTTP/1.0" 301 380 "-" "Mozilla/5.0 AppleWebKit/537.36 (KHTML, like Gecko; compatible; GPTBot/1.2; +https://openai.com/gptbot)"
74.7.227.213 - - [30/Oct/2025:00:45:48 +0000] "GET /wp-content/themes/oplaturu/libs/fancybox/%7B%7Bsrc HTTP/1.0" 404 53636 "-" "Mozilla/5.0 AppleWebKit/537.36 (KHTML, like Gecko; compatible; GPTBot/1.2; +https://openai.com/gptbot)"
31.129.98.253 - - [30/Oct/2025:00:46:37 +0000] "POST /wp-cron.php?doing_wp_cron=1761785197.0348401069641113281250 HTTP/1.0" 200 259 "-" "WordPress/6.5.7; https://oplatu.ru"
74.7.227.213 - - [30/Oct/2025:00:46:36 +0000] "GET /wp-json/wp/v2/pages/2132 HTTP/1.0" 200 2115 "-" "Mozilla/5.0 AppleWebKit/537.36 (KHTML, like Gecko; compatible; GPTBot/1.2; +https://openai.com/gptbot)"
31.129.98.253 - - [30/Oct/2025:00:47:17 +0000] "POST /wp-cron.php?doing_wp_cron=1761785237.9139440059661865234375 HTTP/1.0" 200 259 "-" "WordPress/6.5.7; https://oplatu.ru"
74.7.227.213 - - [30/Oct/2025:00:47:17 +0000] "GET /wp-json/wp/v2/posts/1680 HTTP/1.0" 200 2398 "-" "Mozilla/5.0 AppleWebKit/537.36 (KHTML, like Gecko; compatible; GPTBot/1.2; +https://openai.com/gptbot)"
74.7.227.213 - - [30/Oct/2025:00:48:05 +0000] "GET /wp-json/wp/v2/posts/1730 HTTP/1.0" 200 2365 "-" "Mozilla/5.0 AppleWebKit/537.36 (KHTML, like Gecko; compatible; GPTBot/1.2; +https://openai.com/gptbot)"
31.129.98.253 - - [30/Oct/2025:00:48:48 +0000] "POST /wp-cron.php?doing_wp_cron=1761785328.6119959354400634765625 HTTP/1.0" 200 259 "-" "WordPress/6.5.7; https://oplatu.ru"
74.7.227.213 - - [30/Oct/2025:00:48:48 +0000] "GET /wp-json/wp/v2/posts/1694 HTTP/1.0" 200 2349 "-" "Mozilla/5.0 AppleWebKit/537.36 (KHTML, like Gecko; compatible; GPTBot/1.2; +https://openai.com/gptbot)"
104.248.146.18 - - [30/Oct/2025:00:48:56 +0000] "POST /xmlrpc.php HTTP/1.0" 200 483 "-" "Mozilla/5.0 (Windows NT 6.3; Win64; x64; Trident/7.0; Touch; TNJB; rv:11.0) like Gecko"
213.180.203.47 - - [30/Oct/2025:00:48:58 +0000] "GET /?yclid=7710547526903176844 HTTP/1.0" 200 18490 "-" "Mozilla/5.0 (compatible; YandexMetrika/2.0; +http://yandex.com/bots yabs01)"
31.129.98.253 - - [30/Oct/2025:00:49:30 +0000] "POST /wp-cron.php?doing_wp_cron=1761785370.5143361091613769531250 HTTP/1.0" 200 259 "-" "WordPress/6.5.7; https://oplatu.ru"
74.7.227.213 - - [30/Oct/2025:00:49:30 +0000] "GET /wp-json/wp/v2/posts/2058 HTTP/1.0" 200 2423 "-" "Mozilla/5.0 AppleWebKit/537.36 (KHTML, like Gecko; compatible; GPTBot/1.2; +https://openai.com/gptbot)"
31.129.98.253 - - [30/Oct/2025:00:50:18 +0000] "POST /wp-cron.php?doing_wp_cron=1761785418.2284569740295410156250 HTTP/1.0" 200 259 "-" "WordPress/6.5.7; https://oplatu.ru"
74.7.227.213 - - [30/Oct/2025:00:50:18 +0000] "GET /wp-json/wp/v2/posts/1837 HTTP/1.0" 200 2395 "-" "Mozilla/5.0 AppleWebKit/537.36 (KHTML, like Gecko; compatible; GPTBot/1.2; +https://openai.com/gptbot)"
74.7.227.213 - - [30/Oct/2025:00:51:01 +0000] "GET /wp-json/wp/v2/pages/2230 HTTP/1.0" 200 1952 "-" "Mozilla/5.0 AppleWebKit/537.36 (KHTML, like Gecko; compatible; GPTBot/1.2; +https://openai.com/gptbot)"
31.129.98.253 - - [30/Oct/2025:00:51:38 +0000] "POST /wp-cron.php?doing_wp_cron=1761785498.0350320339202880859375 HTTP/1.0" 200 259 "-" "WordPress/6.5.7; https://oplatu.ru"
173.225.109.134 - - [30/Oct/2025:00:51:37 +0000] "POST /xmlrpc.php HTTP/1.0" 200 483 "-" "Mozilla/4.0 (compatible; MSIE 7.0; Windows NT 6.1; WOW64; Trident/7.0; SLCC2; .NET CLR 2.0.50727; .NET CLR 3.5.30729; .NET CLR 3.0.30729; Media Center PC 6.0; .NET4.0C; .NET4.0E; InfoPath.2)"
74.7.227.213 - - [30/Oct/2025:00:51:45 +0000] "GET /wp-json/wp/v2/pages/2241 HTTP/1.0" 200 2162 "-" "Mozilla/5.0 AppleWebKit/537.36 (KHTML, like Gecko; compatible; GPTBot/1.2; +https://openai.com/gptbot)"
3.140.182.19 - - [30/Oct/2025:00:52:29 +0000] "GET / HTTP/1.0" 301 519 "-" "Mozilla/5.0 zgrab/0.x"
31.129.98.253 - - [30/Oct/2025:00:52:29 +0000] "POST /wp-cron.php?doing_wp_cron=1761785549.8486719131469726562500 HTTP/1.0" 200 259 "-" "WordPress/6.5.7; https://oplatu.ru"
3.140.182.19 - - [30/Oct/2025:00:52:29 +0000] "GET / HTTP/1.0" 200 18453 "-" "Mozilla/5.0 zgrab/0.x"
3.140.182.19 - - [30/Oct/2025:00:52:30 +0000] "GET / HTTP/1.0" 200 18453 "http://oplatu.ru/" "Mozilla/5.0 zgrab/0.x"
74.7.227.213 - - [30/Oct/2025:00:52:33 +0000] "GET /wp-json/wp/v2/posts/1843 HTTP/1.0" 200 2349 "-" "Mozilla/5.0 AppleWebKit/537.36 (KHTML, like Gecko; compatible; GPTBot/1.2; +https://openai.com/gptbot)"
31.129.98.253 - - [30/Oct/2025:00:53:16 +0000] "POST /wp-cron.php?doing_wp_cron=1761785596.8097651004791259765625 HTTP/1.0" 200 259 "-" "WordPress/6.5.7; https://oplatu.ru"
74.7.227.213 - - [30/Oct/2025:00:53:16 +0000] "GET /wp-json/wp/v2/pages/2246 HTTP/1.0" 200 1995 "-" "Mozilla/5.0 AppleWebKit/537.36 (KHTML, like Gecko; compatible; GPTBot/1.2; +https://openai.com/gptbot)"
114.119.138.210 - - [30/Oct/2025:00:54:03 +0000] "GET /chatgpt HTTP/1.0" 301 245 "https://oplatu.ru/todoist" "Mozilla/5.0 (Linux; Android 7.0;) AppleWebKit/537.36 (KHTML, like Gecko) Mobile Safari/537.36 (compatible; PetalBot;+https://webmaster.petalsearch.com/site/petalbot)"
74.7.227.213 - - [30/Oct/2025:00:54:03 +0000] "GET /wp-json/wp/v2/posts/2081 HTTP/1.0" 200 2378 "-" "Mozilla/5.0 AppleWebKit/537.36 (KHTML, like Gecko; compatible; GPTBot/1.2; +https://openai.com/gptbot)"
114.119.138.210 - - [30/Oct/2025:00:54:04 +0000] "GET /chatgpt/ HTTP/1.0" 200 15724 "https://oplatu.ru/todoist" "Mozilla/5.0 (Linux; Android 7.0;) AppleWebKit/537.36 (KHTML, like Gecko) Mobile Safari/537.36 (compatible; PetalBot;+https://webmaster.petalsearch.com/site/petalbot)"
31.129.98.253 - - [30/Oct/2025:00:54:53 +0000] "POST /wp-cron.php?doing_wp_cron=1761785693.6489369869232177734375 HTTP/1.0" 200 259 "-" "WordPress/6.5.7; https://oplatu.ru"
74.7.227.213 - - [30/Oct/2025:00:54:53 +0000] "GET /wp-json/wp/v2/posts/2315 HTTP/1.0" 200 2416 "-" "Mozilla/5.0 AppleWebKit/537.36 (KHTML, like Gecko; compatible; GPTBot/1.2; +https://openai.com/gptbot)"
114.119.131.97 - - [30/Oct/2025:00:55:29 +0000] "GET /wp-content/themes/oplaturu/img/intro-tablet.png HTTP/1.1" 200 404224 "https://oplatu.ru/zarubezhnyye-internet-magaziny" "Mozilla/5.0 (Linux; Android 7.0;) AppleWebKit/537.36 (KHTML, like Gecko) Mobile Safari/537.36 (compatible; PetalBot;+https://webmaster.petalsearch.com/site/petalbot)"
31.129.98.253 - - [30/Oct/2025:00:55:38 +0000] "POST /wp-cron.php?doing_wp_cron=1761785738.7147579193115234375000 HTTP/1.0" 200 259 "-" "WordPress/6.5.7; https://oplatu.ru"
74.7.227.213 - - [30/Oct/2025:00:55:38 +0000] "GET /wp-json/wp/v2/posts/2075 HTTP/1.0" 200 2382 "-" "Mozilla/5.0 AppleWebKit/537.36 (KHTML, like Gecko; compatible; GPTBot/1.2; +https://openai.com/gptbot)"
213.180.203.47 - - [30/Oct/2025:00:55:55 +0000] "GET /?yclid=7710547526903176844 HTTP/1.0" 200 18490 "-" "Mozilla/5.0 (compatible; YandexMetrika/2.0; +http://yandex.com/bots yabs01)"
31.129.98.253 - - [30/Oct/2025:00:56:30 +0000] "POST /wp-cron.php?doing_wp_cron=1761785790.3168070316314697265625 HTTP/1.0" 200 259 "-" "WordPress/6.5.7; https://oplatu.ru"
74.7.227.213 - - [30/Oct/2025:00:56:30 +0000] "GET /wp-json/wp/v2/posts/2306 HTTP/1.0" 200 2474 "-" "Mozilla/5.0 AppleWebKit/537.36 (KHTML, like Gecko; compatible; GPTBot/1.2; +https://openai.com/gptbot)"
31.129.98.253 - - [30/Oct/2025:00:57:17 +0000] "POST /wp-cron.php?doing_wp_cron=1761785837.8853259086608886718750 HTTP/1.0" 200 259 "-" "WordPress/6.5.7; https://oplatu.ru"
74.7.227.213 - - [30/Oct/2025:00:57:17 +0000] "GET /wp-json/wp/v2/posts/2048 HTTP/1.0" 200 2411 "-" "Mozilla/5.0 AppleWebKit/537.36 (KHTML, like Gecko; compatible; GPTBot/1.2; +https://openai.com/gptbot)"
176.100.243.133 - - [30/Oct/2025:00:57:36 +0000] "GET / HTTP/1.0" 301 519 "https://pikabu.ru/companies" "Mozilla/5.0 (Linux; U; Android 2.0.1; en-us; Droid Build/ESD56) AppleWebKit/530.17 (KHTML, like Gecko) Version/4.0 Mobile Safari/530.17"
74.7.227.213 - - [30/Oct/2025:00:58:06 +0000] "GET /wp-json/wp/v2/posts/1725 HTTP/1.0" 200 2389 "-" "Mozilla/5.0 AppleWebKit/537.36 (KHTML, like Gecko; compatible; GPTBot/1.2; +https://openai.com/gptbot)"
31.129.98.253 - - [30/Oct/2025:00:58:57 +0000] "POST /wp-cron.php?doing_wp_cron=1761785937.8856658935546875000000 HTTP/1.0" 200 259 "-" "WordPress/6.5.7; https://oplatu.ru"
74.7.227.213 - - [30/Oct/2025:00:58:57 +0000] "GET /wp-json/wp/v2/posts/2078 HTTP/1.0" 200 2415 "-" "Mozilla/5.0 AppleWebKit/537.36 (KHTML, like Gecko; compatible; GPTBot/1.2; +https://openai.com/gptbot)"
31.129.98.253 - - [30/Oct/2025:01:02:49 +0000] "POST /wp-cron.php?doing_wp_cron=1761786169.1433050632476806640625 HTTP/1.0" 200 259 "-" "WordPress/6.5.7; https://oplatu.ru"
162.222.195.127 - - [30/Oct/2025:01:02:49 +0000] "GET /ticktick HTTP/1.0" 301 246 "-" "Mozilla/5.0 (Linux; Android 8.0; Pixel 2 Build/OPD3.170816.012) AppleWebKit/537.36 (KHTML, like Gecko) Chrome/44.0.2566.1974 Mobile Safari/537.36"
162.222.195.127 - - [30/Oct/2025:01:02:49 +0000] "GET /ticktick/ HTTP/1.0" 200 15596 "-" "Mozilla/5.0 (Linux; Android 8.0; Pixel 2 Build/OPD3.170816.012) AppleWebKit/537.36 (KHTML, like Gecko) Chrome/44.0.2566.1974 Mobile Safari/537.36"
162.222.195.127 - - [30/Oct/2025:01:02:50 +0000] "GET /wp-content/uploads/2024/04/ticktick.png HTTP/1.1" 206 500 "https://oplatu.ru/ticktick/" "Mozilla/5.0 (Linux; Android 8.0; Pixel 2 Build/OPD3.170816.012) AppleWebKit/537.36 (KHTML, like Gecko) Chrome/44.0.2566.1974 Mobile Safari/537.36"
162.222.195.127 - - [30/Oct/2025:01:02:51 +0000] "GET /wp-content/uploads/2023/08/tild3932-3731-4263-b562-336532373734__group_11-2.svg HTTP/1.1" 206 500 "https://oplatu.ru/ticktick/" "Mozilla/5.0 (Linux; Android 8.0; Pixel 2 Build/OPD3.170816.012) AppleWebKit/537.36 (KHTML, like Gecko) Chrome/44.0.2566.1974 Mobile Safari/537.36"
162.222.195.127 - - [30/Oct/2025:01:02:52 +0000] "GET /wp-content/uploads/2024/06/10258680_4384880-1.png HTTP/1.1" 206 500 "https://oplatu.ru/ticktick/" "Mozilla/5.0 (Linux; Android 8.0; Pixel 2 Build/OPD3.170816.012) AppleWebKit/537.36 (KHTML, like Gecko) Chrome/44.0.2566.1974 Mobile Safari/537.36"
85.208.96.200 - - [30/Oct/2025:01:03:16 +0000] "GET /robots.txt HTTP/1.0" 200 477 "-" "Mozilla/5.0 (compatible; SemrushBot/7~bl; +http://www.semrush.com/bot.html)"
31.129.98.253 - - [30/Oct/2025:01:03:17 +0000] "POST /wp-cron.php?doing_wp_cron=1761786197.6216540336608886718750 HTTP/1.0" 200 259 "-" "WordPress/6.5.7; https://oplatu.ru"
85.208.96.199 - - [30/Oct/2025:01:03:17 +0000] "GET /casinowazamba/sarsilmaz-kokl%C9%99r-pinco-casino/ HTTP/1.0" 200 16211 "-" "Mozilla/5.0 (compatible; SemrushBot/7~bl; +http://www.semrush.com/bot.html)"
66.240.205.34 - - [30/Oct/2025:01:03:29 +0000] "H\x00\x00\x00tj\xA8\x9E#D\x98+\xCA\xF0\xA7\xBBl\xC5\x19\xD7\x8D\xB6\x18\xEDJ\x1En\xC1\xF9xu[l\xF0E\x1D-j\xEC\xD4xL\xC9r\xC9\x15\x10u\xE0%\x86Rtg\x05fv\x86]%\xCC\x80\x0C\xE8\xCF\xAE\x00\xB5\xC0f\xC8\x8DD\xC5\x09\xF4" 400 166 "-" "-"
213.180.203.199 - - [30/Oct/2025:01:03:48 +0000] "GET /?yclid=7710547526903176844 HTTP/1.0" 200 18490 "-" "Mozilla/5.0 (compatible; YandexMetrika/2.0; +http://yandex.com/bots yabs01)"
31.129.98.253 - - [30/Oct/2025:01:04:26 +0000] "POST /wp-cron.php?doing_wp_cron=1761786266.1696341037750244140625 HTTP/1.0" 200 259 "-" "WordPress/6.5.7; https://oplatu.ru"
74.7.227.12 - - [30/Oct/2025:01:04:26 +0000] "GET /wp-json/wp/v2/posts/1720 HTTP/1.0" 200 2333 "-" "Mozilla/5.0 AppleWebKit/537.36 (KHTML, like Gecko; compatible; GPTBot/1.2; +https://openai.com/gptbot)"
