83.99.151.70 - - [30/Oct/2025:14:03:53 +0000] "GET /330354927 HTTP/1.0" 200 4303 "-" "Mozilla/5.0 (X11; Linux x86_64) AppleWebKit/537.36 (KHTML, like Gecko; GeedoProductSearch; +https://geedo.com/product-search.html) Chrome/134.0.0.0 Safari/537.36"
52.167.144.141 - - [30/Oct/2025:14:03:53 +0000] "GET /2689318295 HTTP/1.0" 200 25942 "-" "Mozilla/5.0 AppleWebKit/537.36 (KHTML, like Gecko; compatible; bingbot/2.0; +http://www.bing.com/bingbot.htm) Chrome/116.0.1938.76 Safari/537.36"
52.167.144.141 - - [30/Oct/2025:14:03:56 +0000] "GET /2139464141 HTTP/1.0" 200 26538 "-" "Mozilla/5.0 AppleWebKit/537.36 (KHTML, like Gecko; compatible; bingbot/2.0; +http://www.bing.com/bingbot.htm) Chrome/116.0.1938.76 Safari/537.36"
83.99.151.66 - - [30/Oct/2025:14:03:57 +0000] "GET /4251844552?fileloc=/var/www/www-root/data/www/oplatu.ru/public_html/wp-includes/class-wp-customize-setting.php&path=/var/www/www-root/data/www/oplatu.ru/public_html/wp-includes HTTP/1.0" 200 9539 "-" "Mozilla/5.0 (X11; Linux x86_64) AppleWebKit/537.36 (KHTML, like Gecko; GeedoProductSearch; +https://geedo.com/product-search.html) Chrome/134.0.0.0 Safari/537.36"
52.167.144.141 - - [30/Oct/2025:14:04:00 +0000] "GET /3681605258 HTTP/1.0" 200 27278 "-" "Mozilla/5.0 AppleWebKit/537.36 (KHTML, like Gecko; compatible; bingbot/2.0; +http://www.bing.com/bingbot.htm) Chrome/116.0.1938.76 Safari/537.36"
52.167.144.141 - - [30/Oct/2025:14:04:03 +0000] "GET /2873763293 HTTP/1.0" 200 27621 "-" "Mozilla/5.0 AppleWebKit/537.36 (KHTML, like Gecko; compatible; bingbot/2.0; +http://www.bing.com/bingbot.htm) Chrome/116.0.1938.76 Safari/537.36"
52.167.144.141 - - [30/Oct/2025:14:04:06 +0000] "GET /3288759881 HTTP/1.0" 200 26184 "-" "Mozilla/5.0 AppleWebKit/537.36 (KHTML, like Gecko; compatible; bingbot/2.0; +http://www.bing.com/bingbot.htm) Chrome/116.0.1938.76 Safari/537.36"
52.167.144.141 - - [30/Oct/2025:14:04:09 +0000] "GET /1719772168 HTTP/1.0" 200 26434 "-" "Mozilla/5.0 AppleWebKit/537.36 (KHTML, like Gecko; compatible; bingbot/2.0; +http://www.bing.com/bingbot.htm) Chrome/116.0.1938.76 Safari/537.36"
83.99.151.64 - - [30/Oct/2025:14:04:10 +0000] "GET /3003677979?fileloc=/var/www/www-root/data/www/oplatu.ru/public_html/robots.txt&path=/var/www/www-root/data/www/oplatu.ru/public_html HTTP/1.0" 200 2916 "-" "Mozilla/5.0 (X11; Linux x86_64) AppleWebKit/537.36 (KHTML, like Gecko; GeedoProductSearch; +https://geedo.com/product-search.html) Chrome/134.0.0.0 Safari/537.36"
52.167.144.141 - - [30/Oct/2025:14:04:12 +0000] "GET /3413818168 HTTP/1.0" 200 26059 "-" "Mozilla/5.0 AppleWebKit/537.36 (KHTML, like Gecko; compatible; bingbot/2.0; +http://www.bing.com/bingbot.htm) Chrome/116.0.1938.76 Safari/537.36"
83.99.151.70 - - [30/Oct/2025:14:04:13 +0000] "GET /914846382 HTTP/1.0" 200 4303 "-" "Mozilla/5.0 (X11; Linux x86_64) AppleWebKit/537.36 (KHTML, like Gecko; GeedoProductSearch; +https://geedo.com/product-search.html) Chrome/134.0.0.0 Safari/537.36"
52.167.144.141 - - [30/Oct/2025:14:04:15 +0000] "GET /1403325435 HTTP/1.0" 200 26363 "-" "Mozilla/5.0 AppleWebKit/537.36 (KHTML, like Gecko; compatible; bingbot/2.0; +http://www.bing.com/bingbot.htm) Chrome/116.0.1938.76 Safari/537.36"
83.99.151.66 - - [30/Oct/2025:14:04:16 +0000] "GET /41858565?fileloc=/var/www/www-root/data/www/oplatu.ru/public_html/robots.txt&path=/var/www/www-root/data/www/oplatu.ru/public_html HTTP/1.0" 200 2916 "-" "Mozilla/5.0 (X11; Linux x86_64) AppleWebKit/537.36 (KHTML, like Gecko; GeedoProductSearch; +https://geedo.com/product-search.html) Chrome/134.0.0.0 Safari/537.36"
52.167.144.141 - - [30/Oct/2025:14:04:18 +0000] "GET /2135012869 HTTP/1.0" 200 26560 "-" "Mozilla/5.0 AppleWebKit/537.36 (KHTML, like Gecko; compatible; bingbot/2.0; +http://www.bing.com/bingbot.htm) Chrome/116.0.1938.76 Safari/537.36"
83.99.151.70 - - [30/Oct/2025:14:04:19 +0000] "GET /1516560966?fileloc=/var/www/www-root/data/www/oplatu.ru/public_html/wp-mail.php&path=/var/www/www-root/data/www/oplatu.ru/public_html HTTP/1.0" 200 5818 "-" "Mozilla/5.0 (X11; Linux x86_64) AppleWebKit/537.36 (KHTML, like Gecko; GeedoProductSearch; +https://geedo.com/product-search.html) Chrome/134.0.0.0 Safari/537.36"
52.167.144.141 - - [30/Oct/2025:14:04:21 +0000] "GET /1256361729 HTTP/1.0" 200 26782 "-" "Mozilla/5.0 AppleWebKit/537.36 (KHTML, like Gecko; compatible; bingbot/2.0; +http://www.bing.com/bingbot.htm) Chrome/116.0.1938.76 Safari/537.36"
52.230.163.33 - - [30/Oct/2025:14:04:22 +0000] "GET /lensa/ HTTP/1.0" 200 4303 "-" "Mozilla/5.0 AppleWebKit/537.36 (KHTML, like Gecko); compatible; ChatGPT-User/1.0; +https://openai.com/bot"
83.99.151.70 - - [30/Oct/2025:14:04:22 +0000] "GET /4251844552?fileloc=/var/www/www-root/data/www/oplatu.ru/public_html/wp-includes/class-wp-comment-query.php&path=/var/www/www-root/data/www/oplatu.ru/public_html/wp-includes HTTP/1.0" 200 13266 "-" "Mozilla/5.0 (X11; Linux x86_64) AppleWebKit/537.36 (KHTML, like Gecko; GeedoProductSearch; +https://geedo.com/product-search.html) Chrome/134.0.0.0 Safari/537.36"
52.167.144.141 - - [30/Oct/2025:14:04:24 +0000] "GET /3062420575 HTTP/1.0" 200 26433 "-" "Mozilla/5.0 AppleWebKit/537.36 (KHTML, like Gecko; compatible; bingbot/2.0; +http://www.bing.com/bingbot.htm) Chrome/116.0.1938.76 Safari/537.36"
83.99.151.64 - - [30/Oct/2025:14:04:25 +0000] "GET /4251844552?path=/var/www/www-root/data/www/oplatu.ru/public_html/wp-includes/Text HTTP/1.0" 200 3357 "-" "Mozilla/5.0 (X11; Linux x86_64) AppleWebKit/537.36 (KHTML, like Gecko; GeedoProductSearch; +https://geedo.com/product-search.html) Chrome/134.0.0.0 Safari/537.36"
52.167.144.141 - - [30/Oct/2025:14:04:26 +0000] "GET /1406048680 HTTP/1.0" 200 25752 "-" "Mozilla/5.0 AppleWebKit/537.36 (KHTML, like Gecko; compatible; bingbot/2.0; +http://www.bing.com/bingbot.htm) Chrome/116.0.1938.76 Safari/537.36"
52.167.144.141 - - [30/Oct/2025:14:04:29 +0000] "GET /376938390 HTTP/1.0" 200 26550 "-" "Mozilla/5.0 AppleWebKit/537.36 (KHTML, like Gecko; compatible; bingbot/2.0; +http://www.bing.com/bingbot.htm) Chrome/116.0.1938.76 Safari/537.36"
52.167.144.141 - - [30/Oct/2025:14:04:32 +0000] "GET /3654745598 HTTP/1.0" 200 26775 "-" "Mozilla/5.0 AppleWebKit/537.36 (KHTML, like Gecko; compatible; bingbot/2.0; +http://www.bing.com/bingbot.htm) Chrome/116.0.1938.76 Safari/537.36"
51.222.95.4 - - [30/Oct/2025:14:04:33 +0000] "GET /perevod-deneg-iz-rossii-v-evropu/?fileloc=/var/www/www-root/data/www/oplatu.ru/public_html/wp-includes/class-wp-customize-widgets.php&path=/var/www/www-root/data/www/oplatu.ru/public_html/wp-includes HTTP/1.0" 200 19303 "-" "Mozilla/5.0 (compatible; AhrefsBot/7.0; +http://ahrefs.com/robot/)"
52.167.144.141 - - [30/Oct/2025:14:04:35 +0000] "GET /2582729633 HTTP/1.0" 200 26448 "-" "Mozilla/5.0 AppleWebKit/537.36 (KHTML, like Gecko; compatible; bingbot/2.0; +http://www.bing.com/bingbot.htm) Chrome/116.0.1938.76 Safari/537.36"
83.99.151.69 - - [30/Oct/2025:14:04:38 +0000] "GET /1476375482?fileloc=/var/www/www-root/data/www/oplatu.ru/public_html/postnews.php&path=/var/www/www-root/data/www/oplatu.ru/public_html HTTP/1.0" 200 5225 "-" "Mozilla/5.0 (X11; Linux x86_64) AppleWebKit/537.36 (KHTML, like Gecko; GeedoProductSearch; +https://geedo.com/product-search.html) Chrome/134.0.0.0 Safari/537.36"
52.167.144.141 - - [30/Oct/2025:14:04:38 +0000] "GET /532521001 HTTP/1.0" 200 26326 "-" "Mozilla/5.0 AppleWebKit/537.36 (KHTML, like Gecko; compatible; bingbot/2.0; +http://www.bing.com/bingbot.htm) Chrome/116.0.1938.76 Safari/537.36"
83.99.151.69 - - [30/Oct/2025:14:04:40 +0000] "GET /3225301214 HTTP/1.0" 200 4303 "-" "Mozilla/5.0 (X11; Linux x86_64) AppleWebKit/537.36 (KHTML, like Gecko; GeedoProductSearch; +https://geedo.com/product-search.html) Chrome/134.0.0.0 Safari/537.36"
52.167.144.141 - - [30/Oct/2025:14:04:41 +0000] "GET /1644874932 HTTP/1.0" 200 26381 "-" "Mozilla/5.0 AppleWebKit/537.36 (KHTML, like Gecko; compatible; bingbot/2.0; +http://www.bing.com/bingbot.htm) Chrome/116.0.1938.76 Safari/537.36"
83.99.151.69 - - [30/Oct/2025:14:04:44 +0000] "GET /1699624379 HTTP/1.0" 200 4303 "-" "Mozilla/5.0 (X11; Linux x86_64) AppleWebKit/537.36 (KHTML, like Gecko; GeedoProductSearch; +https://geedo.com/product-search.html) Chrome/134.0.0.0 Safari/537.36"
52.167.144.141 - - [30/Oct/2025:14:04:44 +0000] "GET /2089532864 HTTP/1.0" 200 26495 "-" "Mozilla/5.0 AppleWebKit/537.36 (KHTML, like Gecko; compatible; bingbot/2.0; +http://www.bing.com/bingbot.htm) Chrome/116.0.1938.76 Safari/537.36"
83.99.151.69 - - [30/Oct/2025:14:04:46 +0000] "GET /2133105851?fileloc=/var/www/www-root/data/www/oplatu.ru/public_html/wp-activate.php&path=/var/www/www-root/data/www/oplatu.ru/public_html HTTP/1.0" 200 5359 "-" "Mozilla/5.0 (X11; Linux x86_64) AppleWebKit/537.36 (KHTML, like Gecko; GeedoProductSearch; +https://geedo.com/product-search.html) Chrome/134.0.0.0 Safari/537.36"
52.167.144.141 - - [30/Oct/2025:14:04:47 +0000] "GET /1164267900 HTTP/1.0" 200 26012 "-" "Mozilla/5.0 AppleWebKit/537.36 (KHTML, like Gecko; compatible; bingbot/2.0; +http://www.bing.com/bingbot.htm) Chrome/116.0.1938.76 Safari/537.36"
83.99.151.69 - - [30/Oct/2025:14:04:49 +0000] "GET /1743231944 HTTP/1.0" 200 4303 "-" "Mozilla/5.0 (X11; Linux x86_64) AppleWebKit/537.36 (KHTML, like Gecko; GeedoProductSearch; +https://geedo.com/product-search.html) Chrome/134.0.0.0 Safari/537.36"
52.167.144.141 - - [30/Oct/2025:14:04:51 +0000] "GET /2070445447 HTTP/1.0" 200 26540 "-" "Mozilla/5.0 AppleWebKit/537.36 (KHTML, like Gecko; compatible; bingbot/2.0; +http://www.bing.com/bingbot.htm) Chrome/116.0.1938.76 Safari/537.36"
83.99.151.69 - - [30/Oct/2025:14:04:52 +0000] "GET /1936972981?fileloc=/var/www/www-root/data/www/oplatu.ru/public_html/wp-load.php&path=/var/www/www-root/data/www/oplatu.ru/public_html HTTP/1.0" 200 4642 "-" "Mozilla/5.0 (X11; Linux x86_64) AppleWebKit/537.36 (KHTML, like Gecko; GeedoProductSearch; +https://geedo.com/product-search.html) Chrome/134.0.0.0 Safari/537.36"
52.167.144.141 - - [30/Oct/2025:14:04:53 +0000] "GET /4255685879 HTTP/1.0" 200 26663 "-" "Mozilla/5.0 AppleWebKit/537.36 (KHTML, like Gecko; compatible; bingbot/2.0; +http://www.bing.com/bingbot.htm) Chrome/116.0.1938.76 Safari/537.36"
216.73.216.6 - - [30/Oct/2025:14:04:54 +0000] "GET /676902692 HTTP/1.0" 200 4303 "-" "Mozilla/5.0 AppleWebKit/537.36 (KHTML, like Gecko; compatible; ClaudeBot/1.0; +claudebot@anthropic.com)"
216.73.216.6 - - [30/Oct/2025:14:04:57 +0000] "GET /2372850620 HTTP/1.0" 200 4303 "-" "Mozilla/5.0 AppleWebKit/537.36 (KHTML, like Gecko; compatible; ClaudeBot/1.0; +claudebot@anthropic.com)"
52.167.144.141 - - [30/Oct/2025:14:04:56 +0000] "GET /3185181076 HTTP/1.0" 200 28275 "-" "Mozilla/5.0 AppleWebKit/537.36 (KHTML, like Gecko; compatible; bingbot/2.0; +http://www.bing.com/bingbot.htm) Chrome/116.0.1938.76 Safari/537.36"
52.167.144.141 - - [30/Oct/2025:14:04:59 +0000] "GET /3355182775 HTTP/1.0" 200 25708 "-" "Mozilla/5.0 AppleWebKit/537.36 (KHTML, like Gecko; compatible; bingbot/2.0; +http://www.bing.com/bingbot.htm) Chrome/116.0.1938.76 Safari/537.36"
216.73.216.6 - - [30/Oct/2025:14:05:00 +0000] "GET /758546393 HTTP/1.0" 200 4303 "-" "Mozilla/5.0 AppleWebKit/537.36 (KHTML, like Gecko; compatible; ClaudeBot/1.0; +claudebot@anthropic.com)"
52.167.144.141 - - [30/Oct/2025:14:05:02 +0000] "GET /443702799 HTTP/1.0" 200 25918 "-" "Mozilla/5.0 AppleWebKit/537.36 (KHTML, like Gecko; compatible; bingbot/2.0; +http://www.bing.com/bingbot.htm) Chrome/116.0.1938.76 Safari/537.36"
216.73.216.6 - - [30/Oct/2025:14:05:03 +0000] "GET /3835254236 HTTP/1.0" 200 4303 "-" "Mozilla/5.0 AppleWebKit/537.36 (KHTML, like Gecko; compatible; ClaudeBot/1.0; +claudebot@anthropic.com)"
83.99.151.67 - - [30/Oct/2025:14:05:05 +0000] "GET /4251844552?fileloc=/var/www/www-root/data/www/oplatu.ru/public_html/wp-includes/class-oembed.php&path=/var/www/www-root/data/www/oplatu.ru/public_html/wp-includes HTTP/1.0" 200 3111 "-" "Mozilla/5.0 (X11; Linux x86_64) AppleWebKit/537.36 (KHTML, like Gecko; GeedoProductSearch; +https://geedo.com/product-search.html) Chrome/134.0.0.0 Safari/537.36"
216.73.216.6 - - [30/Oct/2025:14:05:06 +0000] "GET /1787215256 HTTP/1.0" 200 4303 "-" "Mozilla/5.0 AppleWebKit/537.36 (KHTML, like Gecko; compatible; ClaudeBot/1.0; +claudebot@anthropic.com)"
52.167.144.141 - - [30/Oct/2025:14:05:06 +0000] "GET /2907141843 HTTP/1.0" 200 27176 "-" "Mozilla/5.0 AppleWebKit/537.36 (KHTML, like Gecko; compatible; bingbot/2.0; +http://www.bing.com/bingbot.htm) Chrome/116.0.1938.76 Safari/537.36"
83.99.151.66 - - [30/Oct/2025:14:05:08 +0000] "GET /330354927?fileloc=/var/www/www-root/data/www/oplatu.ru/public_html/.htaccess&path=/var/www/www-root/data/www/oplatu.ru/public_html HTTP/1.0" 200 3659 "-" "Mozilla/5.0 (X11; Linux x86_64) AppleWebKit/537.36 (KHTML, like Gecko; GeedoProductSearch; +https://geedo.com/product-search.html) Chrome/134.0.0.0 Safari/537.36"
216.73.216.6 - - [30/Oct/2025:14:05:09 +0000] "GET /1165307873 HTTP/1.0" 200 4303 "-" "Mozilla/5.0 AppleWebKit/537.36 (KHTML, like Gecko; compatible; ClaudeBot/1.0; +claudebot@anthropic.com)"
52.167.144.141 - - [30/Oct/2025:14:05:08 +0000] "GET /3370666260 HTTP/1.0" 200 26257 "-" "Mozilla/5.0 AppleWebKit/537.36 (KHTML, like Gecko; compatible; bingbot/2.0; +http://www.bing.com/bingbot.htm) Chrome/116.0.1938.76 Safari/537.36"
83.99.151.68 - - [30/Oct/2025:14:05:11 +0000] "GET /865256095?path=/ HTTP/1.0" 200 2858 "-" "Mozilla/5.0 (X11; Linux x86_64) AppleWebKit/537.36 (KHTML, like Gecko; GeedoProductSearch; +https://geedo.com/product-search.html) Chrome/134.0.0.0 Safari/537.36"
216.73.216.6 - - [30/Oct/2025:14:05:12 +0000] "GET /3791464820 HTTP/1.0" 200 4303 "-" "Mozilla/5.0 AppleWebKit/537.36 (KHTML, like Gecko; compatible; ClaudeBot/1.0; +claudebot@anthropic.com)"
52.167.144.141 - - [30/Oct/2025:14:05:11 +0000] "GET /1843813566 HTTP/1.0" 200 25925 "-" "Mozilla/5.0 AppleWebKit/537.36 (KHTML, like Gecko; compatible; bingbot/2.0; +http://www.bing.com/bingbot.htm) Chrome/116.0.1938.76 Safari/537.36"
83.99.151.66 - - [30/Oct/2025:14:05:14 +0000] "GET /3299931913?fileloc=/var/www/www-root/data/www/oplatu.ru/public_html/wp-comments-post.php&path=/var/www/www-root/data/www/oplatu.ru/public_html HTTP/1.0" 200 3920 "-" "Mozilla/5.0 (X11; Linux x86_64) AppleWebKit/537.36 (KHTML, like Gecko; GeedoProductSearch; +https://geedo.com/product-search.html) Chrome/134.0.0.0 Safari/537.36"
216.73.216.6 - - [30/Oct/2025:14:05:15 +0000] "GET /374565450 HTTP/1.0" 200 4303 "-" "Mozilla/5.0 AppleWebKit/537.36 (KHTML, like Gecko; compatible; ClaudeBot/1.0; +claudebot@anthropic.com)"
52.167.144.141 - - [30/Oct/2025:14:05:14 +0000] "GET /1153981207 HTTP/1.0" 200 26152 "-" "Mozilla/5.0 AppleWebKit/537.36 (KHTML, like Gecko; compatible; bingbot/2.0; +http://www.bing.com/bingbot.htm) Chrome/116.0.1938.76 Safari/537.36"
83.99.151.66 - - [30/Oct/2025:14:05:17 +0000] "GET /3299931913?fileloc=/var/www/www-root/data/www/oplatu.ru/public_html/.htaccess&path=/var/www/www-root/data/www/oplatu.ru/public_html HTTP/1.0" 200 3659 "-" "Mozilla/5.0 (X11; Linux x86_64) AppleWebKit/537.36 (KHTML, like Gecko; GeedoProductSearch; +https://geedo.com/product-search.html) Chrome/134.0.0.0 Safari/537.36"
216.73.216.6 - - [30/Oct/2025:14:05:18 +0000] "GET /1445070269 HTTP/1.0" 200 4303 "-" "Mozilla/5.0 AppleWebKit/537.36 (KHTML, like Gecko; compatible; ClaudeBot/1.0; +claudebot@anthropic.com)"
52.167.144.141 - - [30/Oct/2025:14:05:17 +0000] "GET /3161447520 HTTP/1.0" 200 26091 "-" "Mozilla/5.0 AppleWebKit/537.36 (KHTML, like Gecko; compatible; bingbot/2.0; +http://www.bing.com/bingbot.htm) Chrome/116.0.1938.76 Safari/537.36"
83.99.151.66 - - [30/Oct/2025:14:05:20 +0000] "GET /3517174233?fileloc=/var/www/www-root/data/www/oplatu.ru/public_html/wp-activate.php&path=/var/www/www-root/data/www/oplatu.ru/public_html HTTP/1.0" 200 5359 "-" "Mozilla/5.0 (X11; Linux x86_64) AppleWebKit/537.36 (KHTML, like Gecko; GeedoProductSearch; +https://geedo.com/product-search.html) Chrome/134.0.0.0 Safari/537.36"
52.167.144.141 - - [30/Oct/2025:14:05:20 +0000] "GET /4046835237 HTTP/1.0" 200 26225 "-" "Mozilla/5.0 AppleWebKit/537.36 (KHTML, like Gecko; compatible; bingbot/2.0; +http://www.bing.com/bingbot.htm) Chrome/116.0.1938.76 Safari/537.36"
216.73.216.6 - - [30/Oct/2025:14:05:21 +0000] "GET /4000527463 HTTP/1.0" 200 4303 "-" "Mozilla/5.0 AppleWebKit/537.36 (KHTML, like Gecko; compatible; ClaudeBot/1.0; +claudebot@anthropic.com)"
216.73.216.6 - - [30/Oct/2025:14:05:24 +0000] "GET /2535699665 HTTP/1.0" 200 4303 "-" "Mozilla/5.0 AppleWebKit/537.36 (KHTML, like Gecko; compatible; ClaudeBot/1.0; +claudebot@anthropic.com)"
52.167.144.141 - - [30/Oct/2025:14:05:23 +0000] "GET /954168473 HTTP/1.0" 200 26788 "-" "Mozilla/5.0 AppleWebKit/537.36 (KHTML, like Gecko; compatible; bingbot/2.0; +http://www.bing.com/bingbot.htm) Chrome/116.0.1938.76 Safari/537.36"
216.73.216.6 - - [30/Oct/2025:14:05:27 +0000] "GET /1398856671 HTTP/1.0" 200 4303 "-" "Mozilla/5.0 AppleWebKit/537.36 (KHTML, like Gecko; compatible; ClaudeBot/1.0; +claudebot@anthropic.com)"
52.167.144.141 - - [30/Oct/2025:14:05:26 +0000] "GET /1957418994 HTTP/1.0" 200 26218 "-" "Mozilla/5.0 AppleWebKit/537.36 (KHTML, like Gecko; compatible; bingbot/2.0; +http://www.bing.com/bingbot.htm) Chrome/116.0.1938.76 Safari/537.36"
216.73.216.6 - - [30/Oct/2025:14:05:30 +0000] "GET /3294388658 HTTP/1.0" 200 4303 "-" "Mozilla/5.0 AppleWebKit/537.36 (KHTML, like Gecko; compatible; ClaudeBot/1.0; +claudebot@anthropic.com)"
52.167.144.141 - - [30/Oct/2025:14:05:29 +0000] "GET /4161324390 HTTP/1.0" 200 26895 "-" "Mozilla/5.0 AppleWebKit/537.36 (KHTML, like Gecko; compatible; bingbot/2.0; +http://www.bing.com/bingbot.htm) Chrome/116.0.1938.76 Safari/537.36"
83.99.151.66 - - [30/Oct/2025:14:05:31 +0000] "GET /3074768482?path=/var/www/www-root/data/www/oplatu.ru HTTP/1.0" 200 3365 "-" "Mozilla/5.0 (X11; Linux x86_64) AppleWebKit/537.36 (KHTML, like Gecko; GeedoProductSearch; +https://geedo.com/product-search.html) Chrome/134.0.0.0 Safari/537.36"
66.249.66.44 - - [30/Oct/2025:14:05:32 +0000] "GET /514767311 HTTP/1.0" 200 27097 "-" "Mozilla/5.0 (Linux; Android 6.0.1; Nexus 5X Build/MMB29P) AppleWebKit/537.36 (KHTML, like Gecko) Chrome/141.0.7390.122 Mobile Safari/537.36 (compatible; GoogleOther)"
52.167.144.141 - - [30/Oct/2025:14:05:32 +0000] "GET /2285545616 HTTP/1.0" 200 26637 "-" "Mozilla/5.0 AppleWebKit/537.36 (KHTML, like Gecko; compatible; bingbot/2.0; +http://www.bing.com/bingbot.htm) Chrome/116.0.1938.76 Safari/537.36"
83.99.151.66 - - [30/Oct/2025:14:05:34 +0000] "GET /4251844552?fileloc=/var/www/www-root/data/www/oplatu.ru/public_html/wp-includes/class.wp-scripts.php&path=/var/www/www-root/data/www/oplatu.ru/public_html/wp-includes HTTP/1.0" 200 3071 "-" "Mozilla/5.0 (X11; Linux x86_64) AppleWebKit/537.36 (KHTML, like Gecko; GeedoProductSearch; +https://geedo.com/product-search.html) Chrome/134.0.0.0 Safari/537.36"
52.167.144.141 - - [30/Oct/2025:14:05:35 +0000] "GET /726421433 HTTP/1.0" 200 27819 "-" "Mozilla/5.0 AppleWebKit/537.36 (KHTML, like Gecko; compatible; bingbot/2.0; +http://www.bing.com/bingbot.htm) Chrome/116.0.1938.76 Safari/537.36"
216.73.216.6 - - [30/Oct/2025:14:05:36 +0000] "GET /2412658381 HTTP/1.0" 200 4303 "-" "Mozilla/5.0 AppleWebKit/537.36 (KHTML, like Gecko; compatible; ClaudeBot/1.0; +claudebot@anthropic.com)"
83.99.151.66 - - [30/Oct/2025:14:05:37 +0000] "GET /258279552?path=/var/www/www-root/data/www/oplatu.ru/public_html/old HTTP/1.0" 200 4246 "-" "Mozilla/5.0 (X11; Linux x86_64) AppleWebKit/537.36 (KHTML, like Gecko; GeedoProductSearch; +https://geedo.com/product-search.html) Chrome/134.0.0.0 Safari/537.36"
216.73.216.6 - - [30/Oct/2025:14:05:38 +0000] "GET /2442501781 HTTP/1.0" 200 4303 "-" "Mozilla/5.0 AppleWebKit/537.36 (KHTML, like Gecko; compatible; ClaudeBot/1.0; +claudebot@anthropic.com)"
52.167.144.141 - - [30/Oct/2025:14:05:38 +0000] "GET /2273566103 HTTP/1.0" 200 26422 "-" "Mozilla/5.0 AppleWebKit/537.36 (KHTML, like Gecko; compatible; bingbot/2.0; +http://www.bing.com/bingbot.htm) Chrome/116.0.1938.76 Safari/537.36"
83.99.151.71 - - [30/Oct/2025:14:05:40 +0000] "GET /364850819?fileloc=/var/www/www-root/data/www/oplatu.ru/public_html/readme.html&path=/var/www/www-root/data/www/oplatu.ru/public_html HTTP/1.0" 200 5909 "-" "Mozilla/5.0 (X11; Linux x86_64) AppleWebKit/537.36 (KHTML, like Gecko; GeedoProductSearch; +https://geedo.com/product-search.html) Chrome/134.0.0.0 Safari/537.36"
216.73.216.6 - - [30/Oct/2025:14:05:41 +0000] "GET /2412821904 HTTP/1.0" 200 4303 "-" "Mozilla/5.0 AppleWebKit/537.36 (KHTML, like Gecko; compatible; ClaudeBot/1.0; +claudebot@anthropic.com)"
52.167.144.141 - - [30/Oct/2025:14:05:41 +0000] "GET /2213613460 HTTP/1.0" 200 27000 "-" "Mozilla/5.0 AppleWebKit/537.36 (KHTML, like Gecko; compatible; bingbot/2.0; +http://www.bing.com/bingbot.htm) Chrome/116.0.1938.76 Safari/537.36"
83.99.151.69 - - [30/Oct/2025:14:05:43 +0000] "GET /865092572?fileloc=/var/www/www-root/data/www/oplatu.ru/public_html/wp-signup.php&path=/var/www/www-root/data/www/oplatu.ru/public_html HTTP/1.0" 200 10880 "-" "Mozilla/5.0 (X11; Linux x86_64) AppleWebKit/537.36 (KHTML, like Gecko; GeedoProductSearch; +https://geedo.com/product-search.html) Chrome/134.0.0.0 Safari/537.36"
216.73.216.6 - - [30/Oct/2025:14:05:44 +0000] "GET /916479604 HTTP/1.0" 200 4303 "-" "Mozilla/5.0 AppleWebKit/537.36 (KHTML, like Gecko; compatible; ClaudeBot/1.0; +claudebot@anthropic.com)"
52.167.144.141 - - [30/Oct/2025:14:05:44 +0000] "GET /153086134 HTTP/1.0" 200 26400 "-" "Mozilla/5.0 AppleWebKit/537.36 (KHTML, like Gecko; compatible; bingbot/2.0; +http://www.bing.com/bingbot.htm) Chrome/116.0.1938.76 Safari/537.36"
66.249.66.42 - - [30/Oct/2025:14:05:46 +0000] "GET /hetzner HTTP/1.0" 200 26466 "-" "Mozilla/5.0 (Linux; Android 6.0.1; Nexus 5X Build/MMB29P) AppleWebKit/537.36 (KHTML, like Gecko) Chrome/141.0.7390.122 Mobile Safari/537.36 (compatible; Googlebot/2.1; +http://www.google.com/bot.html)"
83.99.151.66 - - [30/Oct/2025:14:05:46 +0000] "GET /3225301214?path=/var/www/www-root HTTP/1.0" 200 2885 "-" "Mozilla/5.0 (X11; Linux x86_64) AppleWebKit/537.36 (KHTML, like Gecko; GeedoProductSearch; +https://geedo.com/product-search.html) Chrome/134.0.0.0 Safari/537.36"
216.73.216.6 - - [30/Oct/2025:14:05:47 +0000] "GET /1200363323 HTTP/1.0" 200 4303 "-" "Mozilla/5.0 AppleWebKit/537.36 (KHTML, like Gecko; compatible; ClaudeBot/1.0; +claudebot@anthropic.com)"
52.167.144.141 - - [30/Oct/2025:14:05:47 +0000] "GET /1760658703 HTTP/1.0" 200 27093 "-" "Mozilla/5.0 AppleWebKit/537.36 (KHTML, like Gecko; compatible; bingbot/2.0; +http://www.bing.com/bingbot.htm) Chrome/116.0.1938.76 Safari/537.36"
216.73.216.6 - - [30/Oct/2025:14:05:50 +0000] "GET /2318066579 HTTP/1.0" 200 4303 "-" "Mozilla/5.0 AppleWebKit/537.36 (KHTML, like Gecko; compatible; ClaudeBot/1.0; +claudebot@anthropic.com)"
52.167.144.141 - - [30/Oct/2025:14:05:50 +0000] "GET /358628853 HTTP/1.0" 200 26491 "-" "Mozilla/5.0 AppleWebKit/537.36 (KHTML, like Gecko; compatible; bingbot/2.0; +http://www.bing.com/bingbot.htm) Chrome/116.0.1938.76 Safari/537.36"
216.73.216.6 - - [30/Oct/2025:14:05:53 +0000] "GET /775901447 HTTP/1.0" 200 4303 "-" "Mozilla/5.0 AppleWebKit/537.36 (KHTML, like Gecko; compatible; ClaudeBot/1.0; +claudebot@anthropic.com)"
52.167.144.141 - - [30/Oct/2025:14:05:53 +0000] "GET /1452003034 HTTP/1.0" 200 25220 "-" "Mozilla/5.0 AppleWebKit/537.36 (KHTML, like Gecko; compatible; bingbot/2.0; +http://www.bing.com/bingbot.htm) Chrome/116.0.1938.76 Safari/537.36"
216.73.216.6 - - [30/Oct/2025:14:05:56 +0000] "GET /609579644 HTTP/1.0" 200 4303 "-" "Mozilla/5.0 AppleWebKit/537.36 (KHTML, like Gecko; compatible; ClaudeBot/1.0; +claudebot@anthropic.com)"
52.167.144.141 - - [30/Oct/2025:14:05:57 +0000] "GET /1133114131 HTTP/1.0" 200 28686 "-" "Mozilla/5.0 AppleWebKit/537.36 (KHTML, like Gecko; compatible; bingbot/2.0; +http://www.bing.com/bingbot.htm) Chrome/116.0.1938.76 Safari/537.36"
216.73.216.6 - - [30/Oct/2025:14:05:59 +0000] "GET /880212055 HTTP/1.0" 200 4303 "-" "Mozilla/5.0 AppleWebKit/537.36 (KHTML, like Gecko; compatible; ClaudeBot/1.0; +claudebot@anthropic.com)"
52.167.144.141 - - [30/Oct/2025:14:05:59 +0000] "GET /1972095074 HTTP/1.0" 200 25990 "-" "Mozilla/5.0 AppleWebKit/537.36 (KHTML, like Gecko; compatible; bingbot/2.0; +http://www.bing.com/bingbot.htm) Chrome/116.0.1938.76 Safari/537.36"
216.73.216.6 - - [30/Oct/2025:14:06:02 +0000] "GET /1251101989 HTTP/1.0" 200 4303 "-" "Mozilla/5.0 AppleWebKit/537.36 (KHTML, like Gecko; compatible; ClaudeBot/1.0; +claudebot@anthropic.com)"
52.167.144.141 - - [30/Oct/2025:14:06:03 +0000] "GET /61235714 HTTP/1.0" 200 26269 "-" "Mozilla/5.0 AppleWebKit/537.36 (KHTML, like Gecko; compatible; bingbot/2.0; +http://www.bing.com/bingbot.htm) Chrome/116.0.1938.76 Safari/537.36"
52.167.144.141 - - [30/Oct/2025:14:06:05 +0000] "GET /3183016486 HTTP/1.0" 200 26267 "-" "Mozilla/5.0 AppleWebKit/537.36 (KHTML, like Gecko; compatible; bingbot/2.0; +http://www.bing.com/bingbot.htm) Chrome/116.0.1938.76 Safari/537.36"
52.167.144.141 - - [30/Oct/2025:14:06:09 +0000] "GET /2424490519 HTTP/1.0" 200 26468 "-" "Mozilla/5.0 AppleWebKit/537.36 (KHTML, like Gecko; compatible; bingbot/2.0; +http://www.bing.com/bingbot.htm) Chrome/116.0.1938.76 Safari/537.36"
52.167.144.141 - - [30/Oct/2025:14:06:12 +0000] "GET /928939852 HTTP/1.0" 200 26322 "-" "Mozilla/5.0 AppleWebKit/537.36 (KHTML, like Gecko; compatible; bingbot/2.0; +http://www.bing.com/bingbot.htm) Chrome/116.0.1938.76 Safari/537.36"
216.73.216.6 - - [30/Oct/2025:14:06:12 +0000] "GET /1283433323 HTTP/1.0" 200 4303 "-" "Mozilla/5.0 AppleWebKit/537.36 (KHTML, like Gecko; compatible; ClaudeBot/1.0; +claudebot@anthropic.com)"
43.153.71.132 - - [30/Oct/2025:14:06:12 +0000] "GET /?path=/var/www/www-root/data/www HTTP/1.0" 200 3195 "-" "Mozilla/5.0 (iPhone; CPU iPhone OS 13_2_3 like Mac OS X) AppleWebKit/605.1.15 (KHTML, like Gecko) Version/13.0.3 Mobile/15E148 Safari/604.1"
216.73.216.6 - - [30/Oct/2025:14:06:15 +0000] "GET /578556510 HTTP/1.0" 200 4303 "-" "Mozilla/5.0 AppleWebKit/537.36 (KHTML, like Gecko; compatible; ClaudeBot/1.0; +claudebot@anthropic.com)"
52.167.144.141 - - [30/Oct/2025:14:06:15 +0000] "GET /1882461881 HTTP/1.0" 200 26580 "-" "Mozilla/5.0 AppleWebKit/537.36 (KHTML, like Gecko; compatible; bingbot/2.0; +http://www.bing.com/bingbot.htm) Chrome/116.0.1938.76 Safari/537.36"
216.73.216.6 - - [30/Oct/2025:14:06:18 +0000] "GET /823445275 HTTP/1.0" 200 4303 "-" "Mozilla/5.0 AppleWebKit/537.36 (KHTML, like Gecko; compatible; ClaudeBot/1.0; +claudebot@anthropic.com)"
52.167.144.141 - - [30/Oct/2025:14:06:18 +0000] "GET /108470917 HTTP/1.0" 200 25735 "-" "Mozilla/5.0 AppleWebKit/537.36 (KHTML, like Gecko; compatible; bingbot/2.0; +http://www.bing.com/bingbot.htm) Chrome/116.0.1938.76 Safari/537.36"
216.73.216.6 - - [30/Oct/2025:14:06:21 +0000] "GET /358258988 HTTP/1.0" 200 4303 "-" "Mozilla/5.0 AppleWebKit/537.36 (KHTML, like Gecko; compatible; ClaudeBot/1.0; +claudebot@anthropic.com)"
52.167.144.141 - - [30/Oct/2025:14:06:21 +0000] "GET /425271550 HTTP/1.0" 200 25358 "-" "Mozilla/5.0 AppleWebKit/537.36 (KHTML, like Gecko; compatible; bingbot/2.0; +http://www.bing.com/bingbot.htm) Chrome/116.0.1938.76 Safari/537.36"
216.73.216.6 - - [30/Oct/2025:14:06:24 +0000] "GET /210504322 HTTP/1.0" 200 4303 "-" "Mozilla/5.0 AppleWebKit/537.36 (KHTML, like Gecko; compatible; ClaudeBot/1.0; +claudebot@anthropic.com)"
52.167.144.141 - - [30/Oct/2025:14:06:24 +0000] "GET /3331189611 HTTP/1.0" 200 27188 "-" "Mozilla/5.0 AppleWebKit/537.36 (KHTML, like Gecko; compatible; bingbot/2.0; +http://www.bing.com/bingbot.htm) Chrome/116.0.1938.76 Safari/537.36"
216.73.216.6 - - [30/Oct/2025:14:06:27 +0000] "GET /1914845344 HTTP/1.0" 200 4303 "-" "Mozilla/5.0 AppleWebKit/537.36 (KHTML, like Gecko; compatible; ClaudeBot/1.0; +claudebot@anthropic.com)"
52.167.144.141 - - [30/Oct/2025:14:06:27 +0000] "GET /2853501167 HTTP/1.0" 200 26744 "-" "Mozilla/5.0 AppleWebKit/537.36 (KHTML, like Gecko; compatible; bingbot/2.0; +http://www.bing.com/bingbot.htm) Chrome/116.0.1938.76 Safari/537.36"
216.73.216.6 - - [30/Oct/2025:14:06:30 +0000] "GET /3705599226 HTTP/1.0" 200 4303 "-" "Mozilla/5.0 AppleWebKit/537.36 (KHTML, like Gecko; compatible; ClaudeBot/1.0; +claudebot@anthropic.com)"
52.167.144.141 - - [30/Oct/2025:14:06:30 +0000] "GET /1749330365 HTTP/1.0" 200 25244 "-" "Mozilla/5.0 AppleWebKit/537.36 (KHTML, like Gecko; compatible; bingbot/2.0; +http://www.bing.com/bingbot.htm) Chrome/116.0.1938.76 Safari/537.36"
52.167.144.141 - - [30/Oct/2025:14:06:32 +0000] "GET /1938226603 HTTP/1.0" 200 26333 "-" "Mozilla/5.0 AppleWebKit/537.36 (KHTML, like Gecko; compatible; bingbot/2.0; +http://www.bing.com/bingbot.htm) Chrome/116.0.1938.76 Safari/537.36"
216.73.216.6 - - [30/Oct/2025:14:06:33 +0000] "GET /4024028746 HTTP/1.0" 200 4303 "-" "Mozilla/5.0 AppleWebKit/537.36 (KHTML, like Gecko; compatible; ClaudeBot/1.0; +claudebot@anthropic.com)"
52.167.144.141 - - [30/Oct/2025:14:06:35 +0000] "GET /3769578075 HTTP/1.0" 200 26346 "-" "Mozilla/5.0 AppleWebKit/537.36 (KHTML, like Gecko; compatible; bingbot/2.0; +http://www.bing.com/bingbot.htm) Chrome/116.0.1938.76 Safari/537.36"
216.73.216.6 - - [30/Oct/2025:14:06:36 +0000] "GET /1499627067 HTTP/1.0" 200 4303 "-" "Mozilla/5.0 AppleWebKit/537.36 (KHTML, like Gecko; compatible; ClaudeBot/1.0; +claudebot@anthropic.com)"
52.167.144.141 - - [30/Oct/2025:14:06:38 +0000] "GET /202908710 HTTP/1.0" 200 30481 "-" "Mozilla/5.0 AppleWebKit/537.36 (KHTML, like Gecko; compatible; bingbot/2.0; +http://www.bing.com/bingbot.htm) Chrome/116.0.1938.76 Safari/537.36"
216.73.216.6 - - [30/Oct/2025:14:06:39 +0000] "GET /41231128 HTTP/1.0" 200 4303 "-" "Mozilla/5.0 AppleWebKit/537.36 (KHTML, like Gecko; compatible; ClaudeBot/1.0; +claudebot@anthropic.com)"
52.167.144.141 - - [30/Oct/2025:14:06:41 +0000] "GET /3451364399 HTTP/1.0" 200 26582 "-" "Mozilla/5.0 AppleWebKit/537.36 (KHTML, like Gecko; compatible; bingbot/2.0; +http://www.bing.com/bingbot.htm) Chrome/116.0.1938.76 Safari/537.36"
52.167.144.141 - - [30/Oct/2025:14:06:44 +0000] "GET /1821032469 HTTP/1.0" 200 26121 "-" "Mozilla/5.0 AppleWebKit/537.36 (KHTML, like Gecko; compatible; bingbot/2.0; +http://www.bing.com/bingbot.htm) Chrome/116.0.1938.76 Safari/537.36"
52.167.144.141 - - [30/Oct/2025:14:06:47 +0000] "GET /4292606856 HTTP/1.0" 200 26157 "-" "Mozilla/5.0 AppleWebKit/537.36 (KHTML, like Gecko; compatible; bingbot/2.0; +http://www.bing.com/bingbot.htm) Chrome/116.0.1938.76 Safari/537.36"
52.167.144.141 - - [30/Oct/2025:14:06:50 +0000] "GET /600166983 HTTP/1.0" 200 26053 "-" "Mozilla/5.0 AppleWebKit/537.36 (KHTML, like Gecko; compatible; bingbot/2.0; +http://www.bing.com/bingbot.htm) Chrome/116.0.1938.76 Safari/537.36"
52.167.144.141 - - [30/Oct/2025:14:06:53 +0000] "GET /1891895761 HTTP/1.0" 200 26361 "-" "Mozilla/5.0 AppleWebKit/537.36 (KHTML, like Gecko; compatible; bingbot/2.0; +http://www.bing.com/bingbot.htm) Chrome/116.0.1938.76 Safari/537.36"
52.167.144.141 - - [30/Oct/2025:14:06:56 +0000] "GET /462615294 HTTP/1.0" 200 26660 "-" "Mozilla/5.0 AppleWebKit/537.36 (KHTML, like Gecko; compatible; bingbot/2.0; +http://www.bing.com/bingbot.htm) Chrome/116.0.1938.76 Safari/537.36"
52.167.144.141 - - [30/Oct/2025:14:06:59 +0000] "GET /2918838374 HTTP/1.0" 200 26364 "-" "Mozilla/5.0 AppleWebKit/537.36 (KHTML, like Gecko; compatible; bingbot/2.0; +http://www.bing.com/bingbot.htm) Chrome/116.0.1938.76 Safari/537.36"
52.167.144.141 - - [30/Oct/2025:14:07:02 +0000] "GET /3210665130 HTTP/1.0" 200 26184 "-" "Mozilla/5.0 AppleWebKit/537.36 (KHTML, like Gecko; compatible; bingbot/2.0; +http://www.bing.com/bingbot.htm) Chrome/116.0.1938.76 Safari/537.36"
52.167.144.141 - - [30/Oct/2025:14:07:05 +0000] "GET /246421550 HTTP/1.0" 200 26114 "-" "Mozilla/5.0 AppleWebKit/537.36 (KHTML, like Gecko; compatible; bingbot/2.0; +http://www.bing.com/bingbot.htm) Chrome/116.0.1938.76 Safari/537.36"
52.167.144.141 - - [30/Oct/2025:14:07:08 +0000] "GET /1203123170 HTTP/1.0" 200 26378 "-" "Mozilla/5.0 AppleWebKit/537.36 (KHTML, like Gecko; compatible; bingbot/2.0; +http://www.bing.com/bingbot.htm) Chrome/116.0.1938.76 Safari/537.36"
52.167.144.141 - - [30/Oct/2025:14:07:11 +0000] "GET /3188675025 HTTP/1.0" 200 26966 "-" "Mozilla/5.0 AppleWebKit/537.36 (KHTML, like Gecko; compatible; bingbot/2.0; +http://www.bing.com/bingbot.htm) Chrome/116.0.1938.76 Safari/537.36"
52.167.144.141 - - [30/Oct/2025:14:07:15 +0000] "GET /3743191139 HTTP/1.0" 200 26594 "-" "Mozilla/5.0 AppleWebKit/537.36 (KHTML, like Gecko; compatible; bingbot/2.0; +http://www.bing.com/bingbot.htm) Chrome/116.0.1938.76 Safari/537.36"
52.167.144.141 - - [30/Oct/2025:14:07:17 +0000] "GET /1948396020 HTTP/1.0" 200 26826 "-" "Mozilla/5.0 AppleWebKit/537.36 (KHTML, like Gecko; compatible; bingbot/2.0; +http://www.bing.com/bingbot.htm) Chrome/116.0.1938.76 Safari/537.36"
5.255.231.80 - - [30/Oct/2025:14:07:18 +0000] "GET /?yclid=7710547526903176844 HTTP/1.0" 200 4303 "-" "Mozilla/5.0 (compatible; YandexMetrika/2.0; +http://yandex.com/bots yabs01)"
52.167.144.141 - - [30/Oct/2025:14:07:20 +0000] "GET /3887498214 HTTP/1.0" 200 26379 "-" "Mozilla/5.0 AppleWebKit/537.36 (KHTML, like Gecko; compatible; bingbot/2.0; +http://www.bing.com/bingbot.htm) Chrome/116.0.1938.76 Safari/537.36"
52.167.144.141 - - [30/Oct/2025:14:07:23 +0000] "GET /784931696 HTTP/1.0" 200 26991 "-" "Mozilla/5.0 AppleWebKit/537.36 (KHTML, like Gecko; compatible; bingbot/2.0; +http://www.bing.com/bingbot.htm) Chrome/116.0.1938.76 Safari/537.36"
52.167.144.141 - - [30/Oct/2025:14:07:26 +0000] "GET /420288578 HTTP/1.0" 200 26044 "-" "Mozilla/5.0 AppleWebKit/537.36 (KHTML, like Gecko; compatible; bingbot/2.0; +http://www.bing.com/bingbot.htm) Chrome/116.0.1938.76 Safari/537.36"
52.167.144.141 - - [30/Oct/2025:14:07:29 +0000] "GET /1967575052 HTTP/1.0" 200 27291 "-" "Mozilla/5.0 AppleWebKit/537.36 (KHTML, like Gecko; compatible; bingbot/2.0; +http://www.bing.com/bingbot.htm) Chrome/116.0.1938.76 Safari/537.36"
52.167.144.141 - - [30/Oct/2025:14:07:32 +0000] "GET /2795424445 HTTP/1.0" 200 26473 "-" "Mozilla/5.0 AppleWebKit/537.36 (KHTML, like Gecko; compatible; bingbot/2.0; +http://www.bing.com/bingbot.htm) Chrome/116.0.1938.76 Safari/537.36"
52.167.144.141 - - [30/Oct/2025:14:07:35 +0000] "GET /67803066 HTTP/1.0" 200 26475 "-" "Mozilla/5.0 AppleWebKit/537.36 (KHTML, like Gecko; compatible; bingbot/2.0; +http://www.bing.com/bingbot.htm) Chrome/116.0.1938.76 Safari/537.36"
52.167.144.141 - - [30/Oct/2025:14:07:38 +0000] "GET /2919908125 HTTP/1.0" 200 25934 "-" "Mozilla/5.0 AppleWebKit/537.36 (KHTML, like Gecko; compatible; bingbot/2.0; +http://www.bing.com/bingbot.htm) Chrome/116.0.1938.76 Safari/537.36"
52.167.144.141 - - [30/Oct/2025:14:07:41 +0000] "GET /1764594063 HTTP/1.0" 200 26833 "-" "Mozilla/5.0 AppleWebKit/537.36 (KHTML, like Gecko; compatible; bingbot/2.0; +http://www.bing.com/bingbot.htm) Chrome/116.0.1938.76 Safari/537.36"
52.167.144.141 - - [30/Oct/2025:14:07:44 +0000] "GET /3702824707 HTTP/1.0" 200 26557 "-" "Mozilla/5.0 AppleWebKit/537.36 (KHTML, like Gecko; compatible; bingbot/2.0; +http://www.bing.com/bingbot.htm) Chrome/116.0.1938.76 Safari/537.36"
52.167.144.141 - - [30/Oct/2025:14:07:48 +0000] "GET /2489616992 HTTP/1.0" 200 25541 "-" "Mozilla/5.0 AppleWebKit/537.36 (KHTML, like Gecko; compatible; bingbot/2.0; +http://www.bing.com/bingbot.htm) Chrome/116.0.1938.76 Safari/537.36"
52.167.144.141 - - [30/Oct/2025:14:07:50 +0000] "GET /1115482501 HTTP/1.0" 200 26433 "-" "Mozilla/5.0 AppleWebKit/537.36 (KHTML, like Gecko; compatible; bingbot/2.0; +http://www.bing.com/bingbot.htm) Chrome/116.0.1938.76 Safari/537.36"
52.167.144.141 - - [30/Oct/2025:14:07:53 +0000] "GET /1633587286 HTTP/1.0" 200 28207 "-" "Mozilla/5.0 AppleWebKit/537.36 (KHTML, like Gecko; compatible; bingbot/2.0; +http://www.bing.com/bingbot.htm) Chrome/116.0.1938.76 Safari/537.36"
66.249.81.39 - - [30/Oct/2025:14:07:57 +0000] "GET /.well-known/traffic-advice HTTP/1.0" 200 4303 "-" "Chrome Privacy Preserving Prefetch Proxy"
162.120.188.203 - - [30/Oct/2025:14:07:57 +0000] "GET / HTTP/1.0" 200 4303 "https://www.google.com/" "Mozilla/5.0 (Macintosh; Intel Mac OS X 10_15_7) AppleWebKit/537.36 (KHTML, like Gecko) Chrome/141.0.0.0 Safari/537.36"
52.167.144.141 - - [30/Oct/2025:14:07:56 +0000] "GET /1741332245 HTTP/1.0" 200 26434 "-" "Mozilla/5.0 AppleWebKit/537.36 (KHTML, like Gecko; compatible; bingbot/2.0; +http://www.bing.com/bingbot.htm) Chrome/116.0.1938.76 Safari/537.36"
52.167.144.141 - - [30/Oct/2025:14:07:59 +0000] "GET /774792708 HTTP/1.0" 200 26785 "-" "Mozilla/5.0 AppleWebKit/537.36 (KHTML, like Gecko; compatible; bingbot/2.0; +http://www.bing.com/bingbot.htm) Chrome/116.0.1938.76 Safari/537.36"
167.114.139.218 - - [30/Oct/2025:14:08:00 +0000] "GET /perevod-deneg-iz-rossii-v-evropu/?fileloc=/var/www/www-root/data/www/oplatu.ru/public_html/wp-includes/class-wp-block-list.php&path=/var/www/www-root/data/www/oplatu.ru/public_html/wp-includes HTTP/1.0" 200 4027 "-" "Mozilla/5.0 (compatible; AhrefsBot/7.0; +http://ahrefs.com/robot/)"
52.167.144.141 - - [30/Oct/2025:14:08:02 +0000] "GET /2394141758 HTTP/1.0" 200 25040 "-" "Mozilla/5.0 AppleWebKit/537.36 (KHTML, like Gecko; compatible; bingbot/2.0; +http://www.bing.com/bingbot.htm) Chrome/116.0.1938.76 Safari/537.36"
52.167.144.141 - - [30/Oct/2025:14:08:05 +0000] "GET /976662745 HTTP/1.0" 200 27539 "-" "Mozilla/5.0 AppleWebKit/537.36 (KHTML, like Gecko; compatible; bingbot/2.0; +http://www.bing.com/bingbot.htm) Chrome/116.0.1938.76 Safari/537.36"
162.120.188.203 - - [30/Oct/2025:14:08:08 +0000] "GET / HTTP/1.0" 200 4303 "https://www.google.com/" "Mozilla/5.0 (Macintosh; Intel Mac OS X 10_15_7) AppleWebKit/537.36 (KHTML, like Gecko) Chrome/141.0.0.0 Safari/537.36"
52.167.144.141 - - [30/Oct/2025:14:08:08 +0000] "GET /207566264 HTTP/1.0" 200 26262 "-" "Mozilla/5.0 AppleWebKit/537.36 (KHTML, like Gecko; compatible; bingbot/2.0; +http://www.bing.com/bingbot.htm) Chrome/116.0.1938.76 Safari/537.36"
52.167.144.141 - - [30/Oct/2025:14:08:11 +0000] "GET /1331052305 HTTP/1.0" 200 26266 "-" "Mozilla/5.0 AppleWebKit/537.36 (KHTML, like Gecko; compatible; bingbot/2.0; +http://www.bing.com/bingbot.htm) Chrome/116.0.1938.76 Safari/537.36"
52.167.144.141 - - [30/Oct/2025:14:08:15 +0000] "GET /2345710244 HTTP/1.0" 200 26188 "-" "Mozilla/5.0 AppleWebKit/537.36 (KHTML, like Gecko; compatible; bingbot/2.0; +http://www.bing.com/bingbot.htm) Chrome/116.0.1938.76 Safari/537.36"
167.114.139.214 - - [30/Oct/2025:14:08:16 +0000] "GET /perevod-deneg-iz-rossii-v-evropu/?fileloc=/var/www/www-root/data/www/oplatu.ru/public_html/wp-includes/class-wp-block-editor-context.php&path=/var/www/www-root/data/www/oplatu.ru/public_html/wp-includes HTTP/1.0" 200 3420 "-" "Mozilla/5.0 (compatible; AhrefsBot/7.0; +http://ahrefs.com/robot/)"
52.167.144.141 - - [30/Oct/2025:14:08:18 +0000] "GET /3156927482 HTTP/1.0" 200 27495 "-" "Mozilla/5.0 AppleWebKit/537.36 (KHTML, like Gecko; compatible; bingbot/2.0; +http://www.bing.com/bingbot.htm) Chrome/116.0.1938.76 Safari/537.36"
52.167.144.141 - - [30/Oct/2025:14:08:21 +0000] "GET /2720037288 HTTP/1.0" 200 27559 "-" "Mozilla/5.0 AppleWebKit/537.36 (KHTML, like Gecko; compatible; bingbot/2.0; +http://www.bing.com/bingbot.htm) Chrome/116.0.1938.76 Safari/537.36"
52.167.144.141 - - [30/Oct/2025:14:08:24 +0000] "GET /1848029693 HTTP/1.0" 200 26490 "-" "Mozilla/5.0 AppleWebKit/537.36 (KHTML, like Gecko; compatible; bingbot/2.0; +http://www.bing.com/bingbot.htm) Chrome/116.0.1938.76 Safari/537.36"
52.167.144.141 - - [30/Oct/2025:14:08:27 +0000] "GET /1480824845 HTTP/1.0" 200 26498 "-" "Mozilla/5.0 AppleWebKit/537.36 (KHTML, like Gecko; compatible; bingbot/2.0; +http://www.bing.com/bingbot.htm) Chrome/116.0.1938.76 Safari/537.36"
52.167.144.141 - - [30/Oct/2025:14:08:30 +0000] "GET /2411979670 HTTP/1.0" 200 26325 "-" "Mozilla/5.0 AppleWebKit/537.36 (KHTML, like Gecko; compatible; bingbot/2.0; +http://www.bing.com/bingbot.htm) Chrome/116.0.1938.76 Safari/537.36"
54.39.136.106 - - [30/Oct/2025:14:08:32 +0000] "GET /perevod-deneg-iz-rossii-v-evropu/?fileloc=/var/www/www-root/data/www/oplatu.ru/public_html/wp-includes/class-wp-block-bindings-source.php&path=/var/www/www-root/data/www/oplatu.ru/public_html/wp-includes HTTP/1.0" 200 3673 "-" "Mozilla/5.0 (compatible; AhrefsBot/7.0; +http://ahrefs.com/robot/)"
52.167.144.141 - - [30/Oct/2025:14:08:33 +0000] "GET /2174036012 HTTP/1.0" 200 26629 "-" "Mozilla/5.0 AppleWebKit/537.36 (KHTML, like Gecko; compatible; bingbot/2.0; +http://www.bing.com/bingbot.htm) Chrome/116.0.1938.76 Safari/537.36"
52.167.144.141 - - [30/Oct/2025:14:08:36 +0000] "GET /3216981913 HTTP/1.0" 200 26425 "-" "Mozilla/5.0 AppleWebKit/537.36 (KHTML, like Gecko; compatible; bingbot/2.0; +http://www.bing.com/bingbot.htm) Chrome/116.0.1938.76 Safari/537.36"
52.167.144.141 - - [30/Oct/2025:14:08:39 +0000] "GET /1623756282 HTTP/1.0" 200 27123 "-" "Mozilla/5.0 AppleWebKit/537.36 (KHTML, like Gecko; compatible; bingbot/2.0; +http://www.bing.com/bingbot.htm) Chrome/116.0.1938.76 Safari/537.36"
52.167.144.141 - - [30/Oct/2025:14:08:42 +0000] "GET /325147289 HTTP/1.0" 200 26294 "-" "Mozilla/5.0 AppleWebKit/537.36 (KHTML, like Gecko; compatible; bingbot/2.0; +http://www.bing.com/bingbot.htm) Chrome/116.0.1938.76 Safari/537.36"
216.73.216.6 - - [30/Oct/2025:14:08:43 +0000] "GET /robots.txt HTTP/1.0" 200 388 "-" "Mozilla/5.0 AppleWebKit/537.36 (KHTML, like Gecko; compatible; ClaudeBot/1.0; +claudebot@anthropic.com)"
216.73.216.6 - - [30/Oct/2025:14:08:44 +0000] "GET /1820662604 HTTP/1.0" 200 4303 "-" "Mozilla/5.0 AppleWebKit/537.36 (KHTML, like Gecko; compatible; ClaudeBot/1.0; +claudebot@anthropic.com)"
52.167.144.141 - - [30/Oct/2025:14:08:44 +0000] "GET /3584888123 HTTP/1.0" 200 27751 "-" "Mozilla/5.0 AppleWebKit/537.36 (KHTML, like Gecko; compatible; bingbot/2.0; +http://www.bing.com/bingbot.htm) Chrome/116.0.1938.76 Safari/537.36"
216.73.216.6 - - [30/Oct/2025:14:08:47 +0000] "GET /3319265563 HTTP/1.0" 200 4303 "-" "Mozilla/5.0 AppleWebKit/537.36 (KHTML, like Gecko; compatible; ClaudeBot/1.0; +claudebot@anthropic.com)"
52.167.144.141 - - [30/Oct/2025:14:08:47 +0000] "GET /3178126643 HTTP/1.0" 200 25776 "-" "Mozilla/5.0 AppleWebKit/537.36 (KHTML, like Gecko; compatible; bingbot/2.0; +http://www.bing.com/bingbot.htm) Chrome/116.0.1938.76 Safari/537.36"
216.73.216.6 - - [30/Oct/2025:14:08:50 +0000] "GET /2196400917 HTTP/1.0" 200 4303 "-" "Mozilla/5.0 AppleWebKit/537.36 (KHTML, like Gecko; compatible; ClaudeBot/1.0; +claudebot@anthropic.com)"
148.113.130.24 - - [30/Oct/2025:14:08:50 +0000] "GET /perevod-deneg-iz-rossii-v-evropu/?fileloc=/var/www/www-root/data/www/oplatu.ru/public_html/wp-includes/class-wp-block-bindings-registry.php&path=/var/www/www-root/data/www/oplatu.ru/public_html/wp-includes HTTP/1.0" 200 5186 "-" "Mozilla/5.0 (compatible; AhrefsBot/7.0; +http://ahrefs.com/robot/)"
52.167.144.141 - - [30/Oct/2025:14:08:50 +0000] "GET /814474041 HTTP/1.0" 200 27170 "-" "Mozilla/5.0 AppleWebKit/537.36 (KHTML, like Gecko; compatible; bingbot/2.0; +http://www.bing.com/bingbot.htm) Chrome/116.0.1938.76 Safari/537.36"
216.73.216.6 - - [30/Oct/2025:14:08:53 +0000] "GET /3204031792 HTTP/1.0" 200 4303 "-" "Mozilla/5.0 AppleWebKit/537.36 (KHTML, like Gecko; compatible; ClaudeBot/1.0; +claudebot@anthropic.com)"
52.167.144.141 - - [30/Oct/2025:14:08:53 +0000] "GET /4088216029 HTTP/1.0" 200 25851 "-" "Mozilla/5.0 AppleWebKit/537.36 (KHTML, like Gecko; compatible; bingbot/2.0; +http://www.bing.com/bingbot.htm) Chrome/116.0.1938.76 Safari/537.36"
216.73.216.6 - - [30/Oct/2025:14:08:56 +0000] "GET /3681656516 HTTP/1.0" 200 4303 "-" "Mozilla/5.0 AppleWebKit/537.36 (KHTML, like Gecko; compatible; ClaudeBot/1.0; +claudebot@anthropic.com)"
52.167.144.141 - - [30/Oct/2025:14:08:56 +0000] "GET /1074856477 HTTP/1.0" 200 26493 "-" "Mozilla/5.0 AppleWebKit/537.36 (KHTML, like Gecko; compatible; bingbot/2.0; +http://www.bing.com/bingbot.htm) Chrome/116.0.1938.76 Safari/537.36"
216.73.216.6 - - [30/Oct/2025:14:08:59 +0000] "GET /2448466207 HTTP/1.0" 200 4303 "-" "Mozilla/5.0 AppleWebKit/537.36 (KHTML, like Gecko; compatible; ClaudeBot/1.0; +claudebot@anthropic.com)"
52.167.144.141 - - [30/Oct/2025:14:08:59 +0000] "GET /300909582 HTTP/1.0" 200 26974 "-" "Mozilla/5.0 AppleWebKit/537.36 (KHTML, like Gecko; compatible; bingbot/2.0; +http://www.bing.com/bingbot.htm) Chrome/116.0.1938.76 Safari/537.36"
216.73.216.6 - - [30/Oct/2025:14:09:02 +0000] "GET /1088252960 HTTP/1.0" 200 4303 "-" "Mozilla/5.0 AppleWebKit/537.36 (KHTML, like Gecko; compatible; ClaudeBot/1.0; +claudebot@anthropic.com)"
52.167.144.141 - - [30/Oct/2025:14:09:02 +0000] "GET /2257308103 HTTP/1.0" 200 27276 "-" "Mozilla/5.0 AppleWebKit/537.36 (KHTML, like Gecko; compatible; bingbot/2.0; +http://www.bing.com/bingbot.htm) Chrome/116.0.1938.76 Safari/537.36"
216.73.216.6 - - [30/Oct/2025:14:09:05 +0000] "GET /3557844576 HTTP/1.0" 200 4303 "-" "Mozilla/5.0 AppleWebKit/537.36 (KHTML, like Gecko; compatible; ClaudeBot/1.0; +claudebot@anthropic.com)"
52.167.144.141 - - [30/Oct/2025:14:09:05 +0000] "GET /3168949083 HTTP/1.0" 200 25799 "-" "Mozilla/5.0 AppleWebKit/537.36 (KHTML, like Gecko; compatible; bingbot/2.0; +http://www.bing.com/bingbot.htm) Chrome/116.0.1938.76 Safari/537.36"
52.167.144.141 - - [30/Oct/2025:14:09:08 +0000] "GET /778401686 HTTP/1.0" 200 26640 "-" "Mozilla/5.0 AppleWebKit/537.36 (KHTML, like Gecko; compatible; bingbot/2.0; +http://www.bing.com/bingbot.htm) Chrome/116.0.1938.76 Safari/537.36"
52.167.144.141 - - [30/Oct/2025:14:09:11 +0000] "GET /1683831001 HTTP/1.0" 200 28022 "-" "Mozilla/5.0 AppleWebKit/537.36 (KHTML, like Gecko; compatible; bingbot/2.0; +http://www.bing.com/bingbot.htm) Chrome/116.0.1938.76 Safari/537.36"
15.235.98.190 - - [30/Oct/2025:14:09:14 +0000] "GET /perevod-deneg-iz-rossii-v-evropu/?fileloc=/var/www/www-root/data/www/oplatu.ru/public_html/wp-includes/class-wp-application-passwords.php&path=/var/www/www-root/data/www/oplatu.ru/public_html/wp-includes HTTP/1.0" 200 5555 "-" "Mozilla/5.0 (compatible; AhrefsBot/7.0; +http://ahrefs.com/robot/)"
52.167.144.141 - - [30/Oct/2025:14:09:14 +0000] "GET /4155405404 HTTP/1.0" 200 26836 "-" "Mozilla/5.0 AppleWebKit/537.36 (KHTML, like Gecko; compatible; bingbot/2.0; +http://www.bing.com/bingbot.htm) Chrome/116.0.1938.76 Safari/537.36"
52.167.144.141 - - [30/Oct/2025:14:09:17 +0000] "GET /2561038939 HTTP/1.0" 200 25448 "-" "Mozilla/5.0 AppleWebKit/537.36 (KHTML, like Gecko; compatible; bingbot/2.0; +http://www.bing.com/bingbot.htm) Chrome/116.0.1938.76 Safari/537.36"
52.167.144.141 - - [30/Oct/2025:14:09:20 +0000] "GET /319258922 HTTP/1.0" 200 26357 "-" "Mozilla/5.0 AppleWebKit/537.36 (KHTML, like Gecko; compatible; bingbot/2.0; +http://www.bing.com/bingbot.htm) Chrome/116.0.1938.76 Safari/537.36"
52.167.144.141 - - [30/Oct/2025:14:09:23 +0000] "GET /4068098696 HTTP/1.0" 200 25930 "-" "Mozilla/5.0 AppleWebKit/537.36 (KHTML, like Gecko; compatible; bingbot/2.0; +http://www.bing.com/bingbot.htm) Chrome/116.0.1938.76 Safari/537.36"
52.167.144.141 - - [30/Oct/2025:14:09:26 +0000] "GET /396150312 HTTP/1.0" 200 25379 "-" "Mozilla/5.0 AppleWebKit/537.36 (KHTML, like Gecko; compatible; bingbot/2.0; +http://www.bing.com/bingbot.htm) Chrome/116.0.1938.76 Safari/537.36"
52.167.144.141 - - [30/Oct/2025:14:09:29 +0000] "GET /3892435794 HTTP/1.0" 200 25702 "-" "Mozilla/5.0 AppleWebKit/537.36 (KHTML, like Gecko; compatible; bingbot/2.0; +http://www.bing.com/bingbot.htm) Chrome/116.0.1938.76 Safari/537.36"
51.222.168.197 - - [30/Oct/2025:14:09:31 +0000] "GET /perevod-deneg-iz-rossii-v-evropu/?fileloc=/var/www/www-root/data/www/oplatu.ru/public_html/wp-includes/class-wp-ajax-response.php&path=/var/www/www-root/data/www/oplatu.ru/public_html/wp-includes HTTP/1.0" 200 4686 "-" "Mozilla/5.0 (compatible; AhrefsBot/7.0; +http://ahrefs.com/robot/)"
52.167.144.141 - - [30/Oct/2025:14:09:32 +0000] "GET /3847661522 HTTP/1.0" 200 26016 "-" "Mozilla/5.0 AppleWebKit/537.36 (KHTML, like Gecko; compatible; bingbot/2.0; +http://www.bing.com/bingbot.htm) Chrome/116.0.1938.76 Safari/537.36"
45.227.253.162 - - [30/Oct/2025:14:09:35 +0000] "GET /wp-login.php HTTP/1.0" 200 4301 "-" "Mozilla/5.0 (Windows NT 10.0; Win64; x64; rv:127.0) Gecko/20100101 Firefox/127.0"
45.227.253.162 - - [30/Oct/2025:14:09:36 +0000] "GET /wp-login.php?wp_lang=en_US HTTP/1.0" 200 4301 "-" "Mozilla/5.0 (Windows NT 10.0; Win64; x64) AppleWebKit/537.36 (KHTML, like Gecko) Chrome/124.0.6367.207 Safari/537.36"
52.167.144.141 - - [30/Oct/2025:14:09:36 +0000] "GET /1184638711 HTTP/1.0" 200 26320 "-" "Mozilla/5.0 AppleWebKit/537.36 (KHTML, like Gecko; compatible; bingbot/2.0; +http://www.bing.com/bingbot.htm) Chrome/116.0.1938.76 Safari/537.36"
5.181.170.57 - - [30/Oct/2025:14:09:37 +0000] "GET /wp-login.php?wp_lang=en_US HTTP/1.0" 200 4301 "-" "Mozilla/5.0 (Windows NT 10.0; Win64; x64) AppleWebKit/537.36 (KHTML, like Gecko) Chrome/124.0.6367.207 Safari/537.36"
52.167.144.141 - - [30/Oct/2025:14:09:38 +0000] "GET /1550868084 HTTP/1.0" 200 27130 "-" "Mozilla/5.0 AppleWebKit/537.36 (KHTML, like Gecko; compatible; bingbot/2.0; +http://www.bing.com/bingbot.htm) Chrome/116.0.1938.76 Safari/537.36"
193.202.87.161 - - [30/Oct/2025:14:09:39 +0000] "GET /wp-login.php?wp_lang=en_US HTTP/1.0" 200 4301 "-" "Mozilla/5.0 (Windows NT 10.0; Win64; x64) AppleWebKit/537.36 (KHTML, like Gecko) Chrome/124.0.6367.207 Safari/537.36"
52.167.144.141 - - [30/Oct/2025:14:09:41 +0000] "GET /3429795401 HTTP/1.0" 200 26365 "-" "Mozilla/5.0 AppleWebKit/537.36 (KHTML, like Gecko; compatible; bingbot/2.0; +http://www.bing.com/bingbot.htm) Chrome/116.0.1938.76 Safari/537.36"
155.212.110.222 - - [30/Oct/2025:14:09:43 +0000] "GET /wp-login.php?wp_lang=en_US HTTP/1.0" 200 4301 "-" "Mozilla/5.0 (Windows NT 10.0; Win64; x64) AppleWebKit/537.36 (KHTML, like Gecko) Chrome/124.0.6367.207 Safari/537.36"
45.135.3.220 - - [30/Oct/2025:14:09:44 +0000] "GET /wp-login.php?wp_lang=en_US HTTP/1.0" 200 4301 "-" "Mozilla/5.0 (Windows NT 10.0; Win64; x64) AppleWebKit/537.36 (KHTML, like Gecko) Chrome/124.0.6367.207 Safari/537.36"
