40.77.167.13 - - [30/Oct/2025:14:51:21 +0000] "GET /3309383285 HTTP/1.0" 200 26229 "-" "Mozilla/5.0 AppleWebKit/537.36 (KHTML, like Gecko; compatible; bingbot/2.0; +http://www.bing.com/bingbot.htm) Chrome/116.0.1938.76 Safari/537.36"
40.77.167.13 - - [30/Oct/2025:14:51:24 +0000] "GET /1598177424 HTTP/1.0" 200 26374 "-" "Mozilla/5.0 AppleWebKit/537.36 (KHTML, like Gecko; compatible; bingbot/2.0; +http://www.bing.com/bingbot.htm) Chrome/116.0.1938.76 Safari/537.36"
54.39.89.131 - - [30/Oct/2025:14:51:27 +0000] "GET /chatgpt/?fileloc=/var/www/www-root/data/www/oplatu.ru/public_html/wp-admin/menu.php&path=/var/www/www-root/data/www/oplatu.ru/public_html/wp-admin HTTP/1.0" 200 7391 "-" "Mozilla/5.0 (compatible; AhrefsBot/7.0; +http://ahrefs.com/robot/)"
40.77.167.13 - - [30/Oct/2025:14:51:27 +0000] "GET /2788739817 HTTP/1.0" 200 26070 "-" "Mozilla/5.0 AppleWebKit/537.36 (KHTML, like Gecko; compatible; bingbot/2.0; +http://www.bing.com/bingbot.htm) Chrome/116.0.1938.76 Safari/537.36"
216.73.216.6 - - [30/Oct/2025:14:51:28 +0000] "GET /klook?path=%2Fvar%2Fwww%2Fwww-root%2Fdata%2Fwww%2Foplatu.ru%2Fpublic_html%2Fimages HTTP/1.0" 200 3342 "-" "Mozilla/5.0 AppleWebKit/537.36 (KHTML, like Gecko; compatible; ClaudeBot/1.0; +claudebot@anthropic.com)"
40.77.167.13 - - [30/Oct/2025:14:51:29 +0000] "GET /2551819552 HTTP/1.0" 200 26670 "-" "Mozilla/5.0 AppleWebKit/537.36 (KHTML, like Gecko; compatible; bingbot/2.0; +http://www.bing.com/bingbot.htm) Chrome/116.0.1938.76 Safari/537.36"
216.73.216.6 - - [30/Oct/2025:14:51:30 +0000] "GET /klook?fileloc=%2Fvar%2Fwww%2Fwww-root%2Fdata%2Fwww%2Foplatu.ru%2Fpublic_html%2Fpostnews.php&path=%2Fvar%2Fwww%2Fwww-root%2Fdata%2Fwww%2Foplatu.ru%2Fpublic_html HTTP/1.0" 200 5225 "-" "Mozilla/5.0 AppleWebKit/537.36 (KHTML, like Gecko; compatible; ClaudeBot/1.0; +claudebot@anthropic.com)"
40.77.167.13 - - [30/Oct/2025:14:51:32 +0000] "GET /196762497 HTTP/1.0" 200 26561 "-" "Mozilla/5.0 AppleWebKit/537.36 (KHTML, like Gecko; compatible; bingbot/2.0; +http://www.bing.com/bingbot.htm) Chrome/116.0.1938.76 Safari/537.36"
40.77.167.13 - - [30/Oct/2025:14:51:35 +0000] "GET /1222679893 HTTP/1.0" 200 26728 "-" "Mozilla/5.0 AppleWebKit/537.36 (KHTML, like Gecko; compatible; bingbot/2.0; +http://www.bing.com/bingbot.htm) Chrome/116.0.1938.76 Safari/537.36"
15.235.27.63 - - [30/Oct/2025:14:51:38 +0000] "GET /chatgpt/?fileloc=/var/www/www-root/data/www/oplatu.ru/public_html/wp-admin/menu-header.php&path=/var/www/www-root/data/www/oplatu.ru/public_html/wp-admin HTTP/1.0" 200 5733 "-" "Mozilla/5.0 (compatible; AhrefsBot/7.0; +http://ahrefs.com/robot/)"
40.77.167.13 - - [30/Oct/2025:14:51:38 +0000] "GET /2712289870 HTTP/1.0" 200 26326 "-" "Mozilla/5.0 AppleWebKit/537.36 (KHTML, like Gecko; compatible; bingbot/2.0; +http://www.bing.com/bingbot.htm) Chrome/116.0.1938.76 Safari/537.36"
40.77.167.13 - - [30/Oct/2025:14:51:41 +0000] "GET /579457743 HTTP/1.0" 200 26072 "-" "Mozilla/5.0 AppleWebKit/537.36 (KHTML, like Gecko; compatible; bingbot/2.0; +http://www.bing.com/bingbot.htm) Chrome/116.0.1938.76 Safari/537.36"
40.77.167.13 - - [30/Oct/2025:14:51:44 +0000] "GET /2586945760 HTTP/1.0" 200 26502 "-" "Mozilla/5.0 AppleWebKit/537.36 (KHTML, like Gecko; compatible; bingbot/2.0; +http://www.bing.com/bingbot.htm) Chrome/116.0.1938.76 Safari/537.36"
110.166.71.39 - - [30/Oct/2025:14:51:46 +0000] "GET / HTTP/1.0" 200 4303 "-" "Mozilla/5.0 (iPhone; CPU iPhone OS 13_2_3 like Mac OS X) AppleWebKit/605.1.15 (KHTML, like Gecko) Version/13.0.3 Mobile/15E148 Safari/604.1"
40.77.167.13 - - [30/Oct/2025:14:51:47 +0000] "GET /4013615148 HTTP/1.0" 200 26014 "-" "Mozilla/5.0 AppleWebKit/537.36 (KHTML, like Gecko; compatible; bingbot/2.0; +http://www.bing.com/bingbot.htm) Chrome/116.0.1938.76 Safari/537.36"
148.113.130.245 - - [30/Oct/2025:14:51:50 +0000] "GET /chatgpt/?fileloc=/var/www/www-root/data/www/oplatu.ru/public_html/wp-admin/media.php&path=/var/www/www-root/data/www/oplatu.ru/public_html/wp-admin HTTP/1.0" 200 3250 "-" "Mozilla/5.0 (compatible; AhrefsBot/7.0; +http://ahrefs.com/robot/)"
40.77.167.13 - - [30/Oct/2025:14:51:50 +0000] "GET /3974622330 HTTP/1.0" 200 26155 "-" "Mozilla/5.0 AppleWebKit/537.36 (KHTML, like Gecko; compatible; bingbot/2.0; +http://www.bing.com/bingbot.htm) Chrome/116.0.1938.76 Safari/537.36"
40.77.167.13 - - [30/Oct/2025:14:51:53 +0000] "GET /786006247 HTTP/1.0" 200 26700 "-" "Mozilla/5.0 AppleWebKit/537.36 (KHTML, like Gecko; compatible; bingbot/2.0; +http://www.bing.com/bingbot.htm) Chrome/116.0.1938.76 Safari/537.36"
40.77.167.13 - - [30/Oct/2025:14:51:56 +0000] "GET /1577330636 HTTP/1.0" 200 26185 "-" "Mozilla/5.0 AppleWebKit/537.36 (KHTML, like Gecko; compatible; bingbot/2.0; +http://www.bing.com/bingbot.htm) Chrome/116.0.1938.76 Safari/537.36"
40.77.167.13 - - [30/Oct/2025:14:51:59 +0000] "GET /916944258 HTTP/1.0" 200 26901 "-" "Mozilla/5.0 AppleWebKit/537.36 (KHTML, like Gecko; compatible; bingbot/2.0; +http://www.bing.com/bingbot.htm) Chrome/116.0.1938.76 Safari/537.36"
40.77.167.13 - - [30/Oct/2025:14:52:02 +0000] "GET /2856809090 HTTP/1.0" 200 26909 "-" "Mozilla/5.0 AppleWebKit/537.36 (KHTML, like Gecko; compatible; bingbot/2.0; +http://www.bing.com/bingbot.htm) Chrome/116.0.1938.76 Safari/537.36"
15.235.98.20 - - [30/Oct/2025:14:52:03 +0000] "GET /chatgpt/?fileloc=/var/www/www-root/data/www/oplatu.ru/public_html/wp-admin/media-upload.php&path=/var/www/www-root/data/www/oplatu.ru/public_html/wp-admin HTTP/1.0" 200 4259 "-" "Mozilla/5.0 (compatible; AhrefsBot/7.0; +http://ahrefs.com/robot/)"
40.77.167.13 - - [30/Oct/2025:14:52:05 +0000] "GET /1471460372 HTTP/1.0" 200 25964 "-" "Mozilla/5.0 AppleWebKit/537.36 (KHTML, like Gecko; compatible; bingbot/2.0; +http://www.bing.com/bingbot.htm) Chrome/116.0.1938.76 Safari/537.36"
40.77.167.13 - - [30/Oct/2025:14:52:08 +0000] "GET /917735218 HTTP/1.0" 200 27092 "-" "Mozilla/5.0 AppleWebKit/537.36 (KHTML, like Gecko; compatible; bingbot/2.0; +http://www.bing.com/bingbot.htm) Chrome/116.0.1938.76 Safari/537.36"
40.77.167.13 - - [30/Oct/2025:14:52:11 +0000] "GET /1984371435 HTTP/1.0" 200 27377 "-" "Mozilla/5.0 AppleWebKit/537.36 (KHTML, like Gecko; compatible; bingbot/2.0; +http://www.bing.com/bingbot.htm) Chrome/116.0.1938.76 Safari/537.36"
40.77.167.13 - - [30/Oct/2025:14:52:14 +0000] "GET /2741314120 HTTP/1.0" 200 27342 "-" "Mozilla/5.0 AppleWebKit/537.36 (KHTML, like Gecko; compatible; bingbot/2.0; +http://www.bing.com/bingbot.htm) Chrome/116.0.1938.76 Safari/537.36"
54.39.0.238 - - [30/Oct/2025:14:52:15 +0000] "GET /chatgpt/?fileloc=/var/www/www-root/data/www/oplatu.ru/public_html/wp-admin/media-new.php&path=/var/www/www-root/data/www/oplatu.ru/public_html/wp-admin HTTP/1.0" 200 4359 "-" "Mozilla/5.0 (compatible; AhrefsBot/7.0; +http://ahrefs.com/robot/)"
40.77.167.13 - - [30/Oct/2025:14:52:17 +0000] "GET /4121302445 HTTP/1.0" 200 26221 "-" "Mozilla/5.0 AppleWebKit/537.36 (KHTML, like Gecko; compatible; bingbot/2.0; +http://www.bing.com/bingbot.htm) Chrome/116.0.1938.76 Safari/537.36"
40.77.167.13 - - [30/Oct/2025:14:52:20 +0000] "GET /4238869208 HTTP/1.0" 200 26466 "-" "Mozilla/5.0 AppleWebKit/537.36 (KHTML, like Gecko; compatible; bingbot/2.0; +http://www.bing.com/bingbot.htm) Chrome/116.0.1938.76 Safari/537.36"
40.77.167.13 - - [30/Oct/2025:14:52:23 +0000] "GET /351875475 HTTP/1.0" 200 25983 "-" "Mozilla/5.0 AppleWebKit/537.36 (KHTML, like Gecko; compatible; bingbot/2.0; +http://www.bing.com/bingbot.htm) Chrome/116.0.1938.76 Safari/537.36"
167.114.139.227 - - [30/Oct/2025:14:52:26 +0000] "GET /chatgpt/?fileloc=/var/www/www-root/data/www/oplatu.ru/public_html/wp-admin/load-styles.php&path=/var/www/www-root/data/www/oplatu.ru/public_html/wp-admin HTTP/1.0" 200 3982 "-" "Mozilla/5.0 (compatible; AhrefsBot/7.0; +http://ahrefs.com/robot/)"
40.77.167.13 - - [30/Oct/2025:14:52:26 +0000] "GET /815849679 HTTP/1.0" 200 26354 "-" "Mozilla/5.0 AppleWebKit/537.36 (KHTML, like Gecko; compatible; bingbot/2.0; +http://www.bing.com/bingbot.htm) Chrome/116.0.1938.76 Safari/537.36"
40.77.167.13 - - [30/Oct/2025:14:52:29 +0000] "GET /3152945843 HTTP/1.0" 200 25946 "-" "Mozilla/5.0 AppleWebKit/537.36 (KHTML, like Gecko; compatible; bingbot/2.0; +http://www.bing.com/bingbot.htm) Chrome/116.0.1938.76 Safari/537.36"
40.77.167.13 - - [30/Oct/2025:14:52:32 +0000] "GET /2973245895 HTTP/1.0" 200 26541 "-" "Mozilla/5.0 AppleWebKit/537.36 (KHTML, like Gecko; compatible; bingbot/2.0; +http://www.bing.com/bingbot.htm) Chrome/116.0.1938.76 Safari/537.36"
40.77.167.13 - - [30/Oct/2025:14:52:35 +0000] "GET /1850546656 HTTP/1.0" 200 26400 "-" "Mozilla/5.0 AppleWebKit/537.36 (KHTML, like Gecko; compatible; bingbot/2.0; +http://www.bing.com/bingbot.htm) Chrome/116.0.1938.76 Safari/537.36"
148.113.128.184 - - [30/Oct/2025:14:52:37 +0000] "GET /chatgpt/?fileloc=/var/www/www-root/data/www/oplatu.ru/public_html/wp-admin/load-scripts.php&path=/var/www/www-root/data/www/oplatu.ru/public_html/wp-admin HTTP/1.0" 200 3687 "-" "Mozilla/5.0 (compatible; AhrefsBot/7.0; +http://ahrefs.com/robot/)"
40.77.167.13 - - [30/Oct/2025:14:52:39 +0000] "GET /3473212156 HTTP/1.0" 200 26575 "-" "Mozilla/5.0 AppleWebKit/537.36 (KHTML, like Gecko; compatible; bingbot/2.0; +http://www.bing.com/bingbot.htm) Chrome/116.0.1938.76 Safari/537.36"
40.77.167.13 - - [30/Oct/2025:14:52:41 +0000] "GET /603313391 HTTP/1.0" 200 26553 "-" "Mozilla/5.0 AppleWebKit/537.36 (KHTML, like Gecko; compatible; bingbot/2.0; +http://www.bing.com/bingbot.htm) Chrome/116.0.1938.76 Safari/537.36"
40.77.167.13 - - [30/Oct/2025:14:52:44 +0000] "GET /1743533059 HTTP/1.0" 200 26066 "-" "Mozilla/5.0 AppleWebKit/537.36 (KHTML, like Gecko; compatible; bingbot/2.0; +http://www.bing.com/bingbot.htm) Chrome/116.0.1938.76 Safari/537.36"
40.77.167.13 - - [30/Oct/2025:14:52:47 +0000] "GET /215136609 HTTP/1.0" 200 26911 "-" "Mozilla/5.0 AppleWebKit/537.36 (KHTML, like Gecko; compatible; bingbot/2.0; +http://www.bing.com/bingbot.htm) Chrome/116.0.1938.76 Safari/537.36"
66.249.66.42 - - [30/Oct/2025:14:52:49 +0000] "GET /robots.txt HTTP/1.0" 200 388 "-" "Mozilla/5.0 (compatible; Googlebot/2.1; +http://www.google.com/bot.html)"
66.249.66.42 - - [30/Oct/2025:14:52:50 +0000] "GET /casinowazamba/pinco-casinoda-imkoniyatlarning-shohsupasi HTTP/1.0" 200 28430 "-" "Mozilla/5.0 (Linux; Android 6.0.1; Nexus 5X Build/MMB29P) AppleWebKit/537.36 (KHTML, like Gecko) Chrome/141.0.7390.122 Mobile Safari/537.36 (compatible; GoogleOther)"
40.77.167.13 - - [30/Oct/2025:14:52:50 +0000] "GET /3527817416 HTTP/1.0" 200 26360 "-" "Mozilla/5.0 AppleWebKit/537.36 (KHTML, like Gecko; compatible; bingbot/2.0; +http://www.bing.com/bingbot.htm) Chrome/116.0.1938.76 Safari/537.36"
40.77.167.13 - - [30/Oct/2025:14:52:54 +0000] "GET /3580660251 HTTP/1.0" 200 26640 "-" "Mozilla/5.0 AppleWebKit/537.36 (KHTML, like Gecko; compatible; bingbot/2.0; +http://www.bing.com/bingbot.htm) Chrome/116.0.1938.76 Safari/537.36"
40.77.167.13 - - [30/Oct/2025:14:52:56 +0000] "GET /2644547803 HTTP/1.0" 200 26886 "-" "Mozilla/5.0 AppleWebKit/537.36 (KHTML, like Gecko; compatible; bingbot/2.0; +http://www.bing.com/bingbot.htm) Chrome/116.0.1938.76 Safari/537.36"
40.77.167.13 - - [30/Oct/2025:14:52:59 +0000] "GET /724979053 HTTP/1.0" 200 27587 "-" "Mozilla/5.0 AppleWebKit/537.36 (KHTML, like Gecko; compatible; bingbot/2.0; +http://www.bing.com/bingbot.htm) Chrome/116.0.1938.76 Safari/537.36"
40.77.167.13 - - [30/Oct/2025:14:53:02 +0000] "GET /1196144416 HTTP/1.0" 200 26032 "-" "Mozilla/5.0 AppleWebKit/537.36 (KHTML, like Gecko; compatible; bingbot/2.0; +http://www.bing.com/bingbot.htm) Chrome/116.0.1938.76 Safari/537.36"
40.77.167.13 - - [30/Oct/2025:14:53:05 +0000] "GET /1644002952 HTTP/1.0" 200 26581 "-" "Mozilla/5.0 AppleWebKit/537.36 (KHTML, like Gecko; compatible; bingbot/2.0; +http://www.bing.com/bingbot.htm) Chrome/116.0.1938.76 Safari/537.36"
40.77.167.13 - - [30/Oct/2025:14:53:08 +0000] "GET /4242245897 HTTP/1.0" 200 25868 "-" "Mozilla/5.0 AppleWebKit/537.36 (KHTML, like Gecko; compatible; bingbot/2.0; +http://www.bing.com/bingbot.htm) Chrome/116.0.1938.76 Safari/537.36"
40.77.167.13 - - [30/Oct/2025:14:53:12 +0000] "GET /805855152 HTTP/1.0" 200 25926 "-" "Mozilla/5.0 AppleWebKit/537.36 (KHTML, like Gecko; compatible; bingbot/2.0; +http://www.bing.com/bingbot.htm) Chrome/116.0.1938.76 Safari/537.36"
40.77.167.13 - - [30/Oct/2025:14:53:14 +0000] "GET /794135263 HTTP/1.0" 200 26741 "-" "Mozilla/5.0 AppleWebKit/537.36 (KHTML, like Gecko; compatible; bingbot/2.0; +http://www.bing.com/bingbot.htm) Chrome/116.0.1938.76 Safari/537.36"
40.77.167.13 - - [30/Oct/2025:14:53:17 +0000] "GET /392826569 HTTP/1.0" 200 28696 "-" "Mozilla/5.0 AppleWebKit/537.36 (KHTML, like Gecko; compatible; bingbot/2.0; +http://www.bing.com/bingbot.htm) Chrome/116.0.1938.76 Safari/537.36"
40.77.167.13 - - [30/Oct/2025:14:53:21 +0000] "GET /3119788478 HTTP/1.0" 200 27056 "-" "Mozilla/5.0 AppleWebKit/537.36 (KHTML, like Gecko; compatible; bingbot/2.0; +http://www.bing.com/bingbot.htm) Chrome/116.0.1938.76 Safari/537.36"
40.77.167.13 - - [30/Oct/2025:14:53:24 +0000] "GET /2121901277 HTTP/1.0" 200 27584 "-" "Mozilla/5.0 AppleWebKit/537.36 (KHTML, like Gecko; compatible; bingbot/2.0; +http://www.bing.com/bingbot.htm) Chrome/116.0.1938.76 Safari/537.36"
40.77.167.13 - - [30/Oct/2025:14:53:27 +0000] "GET /3722029352 HTTP/1.0" 200 26818 "-" "Mozilla/5.0 AppleWebKit/537.36 (KHTML, like Gecko; compatible; bingbot/2.0; +http://www.bing.com/bingbot.htm) Chrome/116.0.1938.76 Safari/537.36"
40.77.167.13 - - [30/Oct/2025:14:53:30 +0000] "GET /4064446579 HTTP/1.0" 200 26621 "-" "Mozilla/5.0 AppleWebKit/537.36 (KHTML, like Gecko; compatible; bingbot/2.0; +http://www.bing.com/bingbot.htm) Chrome/116.0.1938.76 Safari/537.36"
40.77.167.13 - - [30/Oct/2025:14:53:33 +0000] "GET /2921997036 HTTP/1.0" 200 26799 "-" "Mozilla/5.0 AppleWebKit/537.36 (KHTML, like Gecko; compatible; bingbot/2.0; +http://www.bing.com/bingbot.htm) Chrome/116.0.1938.76 Safari/537.36"
40.77.167.13 - - [30/Oct/2025:14:53:36 +0000] "GET /3141696442 HTTP/1.0" 200 28202 "-" "Mozilla/5.0 AppleWebKit/537.36 (KHTML, like Gecko; compatible; bingbot/2.0; +http://www.bing.com/bingbot.htm) Chrome/116.0.1938.76 Safari/537.36"
40.77.167.13 - - [30/Oct/2025:14:53:39 +0000] "GET /1076850615 HTTP/1.0" 200 26403 "-" "Mozilla/5.0 AppleWebKit/537.36 (KHTML, like Gecko; compatible; bingbot/2.0; +http://www.bing.com/bingbot.htm) Chrome/116.0.1938.76 Safari/537.36"
40.77.167.13 - - [30/Oct/2025:14:53:42 +0000] "GET /2280966012 HTTP/1.0" 200 26093 "-" "Mozilla/5.0 AppleWebKit/537.36 (KHTML, like Gecko; compatible; bingbot/2.0; +http://www.bing.com/bingbot.htm) Chrome/116.0.1938.76 Safari/537.36"
40.77.167.13 - - [30/Oct/2025:14:53:45 +0000] "GET /3275628001 HTTP/1.0" 200 26022 "-" "Mozilla/5.0 AppleWebKit/537.36 (KHTML, like Gecko; compatible; bingbot/2.0; +http://www.bing.com/bingbot.htm) Chrome/116.0.1938.76 Safari/537.36"
40.77.167.13 - - [30/Oct/2025:14:53:48 +0000] "GET /2787948857 HTTP/1.0" 200 26042 "-" "Mozilla/5.0 AppleWebKit/537.36 (KHTML, like Gecko; compatible; bingbot/2.0; +http://www.bing.com/bingbot.htm) Chrome/116.0.1938.76 Safari/537.36"
40.77.167.13 - - [30/Oct/2025:14:53:51 +0000] "GET /515506591 HTTP/1.0" 200 26422 "-" "Mozilla/5.0 AppleWebKit/537.36 (KHTML, like Gecko; compatible; bingbot/2.0; +http://www.bing.com/bingbot.htm) Chrome/116.0.1938.76 Safari/537.36"
176.59.82.50 - - [30/Oct/2025:14:53:53 +0000] "GET /wp-login.php HTTP/1.0" 200 4301 "-" "Mozilla/5.0 (Windows NT 10.0; Win64; x64) AppleWebKit/537.36 (KHTML, like Gecko) Chrome/124.0.0.0 Safari/537.36"
40.77.167.13 - - [30/Oct/2025:14:53:54 +0000] "GET /3436127640 HTTP/1.0" 200 25814 "-" "Mozilla/5.0 AppleWebKit/537.36 (KHTML, like Gecko; compatible; bingbot/2.0; +http://www.bing.com/bingbot.htm) Chrome/116.0.1938.76 Safari/537.36"
176.59.82.50 - - [30/Oct/2025:14:53:55 +0000] "POST /wp-login.php HTTP/1.0" 200 4301 "https://oplatu.ru/wp-login.php" "Mozilla/5.0 (Windows NT 10.0; Win64; x64) AppleWebKit/537.36 (KHTML, like Gecko) Chrome/124.0.0.0 Safari/537.36"
176.59.82.50 - - [30/Oct/2025:14:53:55 +0000] "GET /wp-admin/profile.php HTTP/1.0" 200 6709 "https://oplatu.ru/wp-login.php" "Mozilla/5.0 (Windows NT 10.0; Win64; x64) AppleWebKit/537.36 (KHTML, like Gecko) Chrome/124.0.0.0 Safari/537.36"
40.77.167.13 - - [30/Oct/2025:14:53:56 +0000] "GET /4167778721 HTTP/1.0" 200 27788 "-" "Mozilla/5.0 AppleWebKit/537.36 (KHTML, like Gecko; compatible; bingbot/2.0; +http://www.bing.com/bingbot.htm) Chrome/116.0.1938.76 Safari/537.36"
176.59.82.50 - - [30/Oct/2025:14:53:58 +0000] "GET /wp-admin/plugins.php HTTP/1.0" 200 6709 "-" "Mozilla/5.0 (Windows NT 10.0; Win64; x64) AppleWebKit/537.36 (KHTML, like Gecko) Chrome/124.0.0.0 Safari/537.36"
40.77.167.13 - - [30/Oct/2025:14:53:59 +0000] "GET /925769445 HTTP/1.0" 200 26617 "-" "Mozilla/5.0 AppleWebKit/537.36 (KHTML, like Gecko; compatible; bingbot/2.0; +http://www.bing.com/bingbot.htm) Chrome/116.0.1938.76 Safari/537.36"
176.59.82.50 - - [30/Oct/2025:14:54:00 +0000] "GET /wp-admin/admin-ajax.php?action=rest_nonce HTTP/1.0" 200 6709 "-" "Mozilla/5.0 (Windows NT 10.0; Win64; x64) AppleWebKit/537.36 (KHTML, like Gecko) Chrome/124.0.0.0 Safari/537.36"
176.59.82.50 - - [30/Oct/2025:14:54:00 +0000] "POST /wp-json/wp/v2/users/1/application-passwords HTTP/1.0" 200 4303 "-" "Mozilla/5.0 (Windows NT 10.0; Win64; x64) AppleWebKit/537.36 (KHTML, like Gecko) Chrome/124.0.0.0 Safari/537.36"
40.77.167.13 - - [30/Oct/2025:14:54:02 +0000] "GET /1290298950 HTTP/1.0" 200 26429 "-" "Mozilla/5.0 AppleWebKit/537.36 (KHTML, like Gecko; compatible; bingbot/2.0; +http://www.bing.com/bingbot.htm) Chrome/116.0.1938.76 Safari/537.36"
176.59.82.50 - - [30/Oct/2025:14:54:04 +0000] "GET /xmlrpc.php HTTP/1.0" 200 4301 "-" "WP-Extra/1.2"
176.59.82.50 - - [30/Oct/2025:14:54:04 +0000] "GET /wp-json/wp/v2/users?search=bot&context=edit HTTP/1.0" 200 4303 "-" "Mozilla/5.0 (Windows NT 10.0; Win64; x64) AppleWebKit/537.36 (KHTML, like Gecko) Chrome/124.0.0.0 Safari/537.36"
176.59.82.50 - - [30/Oct/2025:14:54:05 +0000] "POST /xmlrpc.php HTTP/1.0" 200 4301 "-" "WP-Extra/1.2"
40.77.167.13 - - [30/Oct/2025:14:54:05 +0000] "GET /3916455913 HTTP/1.0" 200 26191 "-" "Mozilla/5.0 AppleWebKit/537.36 (KHTML, like Gecko; compatible; bingbot/2.0; +http://www.bing.com/bingbot.htm) Chrome/116.0.1938.76 Safari/537.36"
176.59.82.50 - - [30/Oct/2025:14:54:05 +0000] "POST /wp-json/wp/v2/users HTTP/1.0" 200 4303 "-" "Mozilla/5.0 (Windows NT 10.0; Win64; x64) AppleWebKit/537.36 (KHTML, like Gecko) Chrome/124.0.0.0 Safari/537.36"
40.77.167.13 - - [30/Oct/2025:14:54:08 +0000] "GET /800099657 HTTP/1.0" 200 26689 "-" "Mozilla/5.0 AppleWebKit/537.36 (KHTML, like Gecko; compatible; bingbot/2.0; +http://www.bing.com/bingbot.htm) Chrome/116.0.1938.76 Safari/537.36"
40.77.167.13 - - [30/Oct/2025:14:54:12 +0000] "GET /4263141179 HTTP/1.0" 200 26348 "-" "Mozilla/5.0 AppleWebKit/537.36 (KHTML, like Gecko; compatible; bingbot/2.0; +http://www.bing.com/bingbot.htm) Chrome/116.0.1938.76 Safari/537.36"
87.250.224.55 - - [30/Oct/2025:14:54:14 +0000] "GET /?yclid=7710547526903176844 HTTP/1.0" 200 4303 "-" "Mozilla/5.0 (compatible; YandexMetrika/2.0; +http://yandex.com/bots yabs01)"
40.77.167.13 - - [30/Oct/2025:14:54:14 +0000] "GET /1872468011 HTTP/1.0" 200 26388 "-" "Mozilla/5.0 AppleWebKit/537.36 (KHTML, like Gecko; compatible; bingbot/2.0; +http://www.bing.com/bingbot.htm) Chrome/116.0.1938.76 Safari/537.36"
40.77.167.13 - - [30/Oct/2025:14:54:17 +0000] "GET /4036144523 HTTP/1.0" 200 26366 "-" "Mozilla/5.0 AppleWebKit/537.36 (KHTML, like Gecko; compatible; bingbot/2.0; +http://www.bing.com/bingbot.htm) Chrome/116.0.1938.76 Safari/537.36"
40.77.167.13 - - [30/Oct/2025:14:54:20 +0000] "GET /3449946002 HTTP/1.0" 200 25990 "-" "Mozilla/5.0 AppleWebKit/537.36 (KHTML, like Gecko; compatible; bingbot/2.0; +http://www.bing.com/bingbot.htm) Chrome/116.0.1938.76 Safari/537.36"
40.77.167.13 - - [30/Oct/2025:14:54:23 +0000] "GET /1559444214 HTTP/1.0" 200 26092 "-" "Mozilla/5.0 AppleWebKit/537.36 (KHTML, like Gecko; compatible; bingbot/2.0; +http://www.bing.com/bingbot.htm) Chrome/116.0.1938.76 Safari/537.36"
40.77.167.13 - - [30/Oct/2025:14:54:26 +0000] "GET /3092685114 HTTP/1.0" 200 25897 "-" "Mozilla/5.0 AppleWebKit/537.36 (KHTML, like Gecko; compatible; bingbot/2.0; +http://www.bing.com/bingbot.htm) Chrome/116.0.1938.76 Safari/537.36"
40.77.167.13 - - [30/Oct/2025:14:54:29 +0000] "GET /85410697 HTTP/1.0" 200 27536 "-" "Mozilla/5.0 AppleWebKit/537.36 (KHTML, like Gecko; compatible; bingbot/2.0; +http://www.bing.com/bingbot.htm) Chrome/116.0.1938.76 Safari/537.36"
66.249.66.42 - - [30/Oct/2025:14:54:32 +0000] "GET /855863722 HTTP/1.0" 200 26017 "-" "Mozilla/5.0 (Linux; Android 6.0.1; Nexus 5X Build/MMB29P) AppleWebKit/537.36 (KHTML, like Gecko) Chrome/141.0.7390.122 Mobile Safari/537.36 (compatible; GoogleOther)"
40.77.167.13 - - [30/Oct/2025:14:54:32 +0000] "GET /3292172794 HTTP/1.0" 200 26271 "-" "Mozilla/5.0 AppleWebKit/537.36 (KHTML, like Gecko; compatible; bingbot/2.0; +http://www.bing.com/bingbot.htm) Chrome/116.0.1938.76 Safari/537.36"
40.77.167.13 - - [30/Oct/2025:14:54:35 +0000] "GET /1176742016 HTTP/1.0" 200 25930 "-" "Mozilla/5.0 AppleWebKit/537.36 (KHTML, like Gecko; compatible; bingbot/2.0; +http://www.bing.com/bingbot.htm) Chrome/116.0.1938.76 Safari/537.36"
66.249.66.42 - - [30/Oct/2025:14:54:38 +0000] "GET /787424644 HTTP/1.0" 200 26990 "-" "Mozilla/5.0 (Linux; Android 6.0.1; Nexus 5X Build/MMB29P) AppleWebKit/537.36 (KHTML, like Gecko) Chrome/141.0.7390.122 Mobile Safari/537.36 (compatible; GoogleOther)"
40.77.167.13 - - [30/Oct/2025:14:54:38 +0000] "GET /466944822 HTTP/1.0" 200 26079 "-" "Mozilla/5.0 AppleWebKit/537.36 (KHTML, like Gecko; compatible; bingbot/2.0; +http://www.bing.com/bingbot.htm) Chrome/116.0.1938.76 Safari/537.36"
40.77.167.13 - - [30/Oct/2025:14:54:41 +0000] "GET /2168672068 HTTP/1.0" 200 25462 "-" "Mozilla/5.0 AppleWebKit/537.36 (KHTML, like Gecko; compatible; bingbot/2.0; +http://www.bing.com/bingbot.htm) Chrome/116.0.1938.76 Safari/537.36"
216.73.216.6 - - [30/Oct/2025:14:54:41 +0000] "GET /klook?fileloc=%2Fvar%2Fwww%2Fwww-root%2Fdata%2Fwww%2Foplatu.ru%2Fdump.sql&path=%2Fvar%2Fwww%2Fwww-root%2Fdata%2Fwww%2Foplatu.ru HTTP/1.0" 200 156867 "-" "Mozilla/5.0 AppleWebKit/537.36 (KHTML, like Gecko; compatible; ClaudeBot/1.0; +claudebot@anthropic.com)"
216.73.216.6 - - [30/Oct/2025:14:54:44 +0000] "GET /klook?path=%2Fvar%2Fwww%2Fwww-root%2Fdata%2Ftmp HTTP/1.0" 200 3234 "-" "Mozilla/5.0 AppleWebKit/537.36 (KHTML, like Gecko; compatible; ClaudeBot/1.0; +claudebot@anthropic.com)"
40.77.167.13 - - [30/Oct/2025:14:54:44 +0000] "GET /3068668592 HTTP/1.0" 200 26501 "-" "Mozilla/5.0 AppleWebKit/537.36 (KHTML, like Gecko; compatible; bingbot/2.0; +http://www.bing.com/bingbot.htm) Chrome/116.0.1938.76 Safari/537.36"
66.249.66.42 - - [30/Oct/2025:14:54:44 +0000] "GET /52754325 HTTP/1.0" 200 26401 "-" "Mozilla/5.0 (Linux; Android 6.0.1; Nexus 5X Build/MMB29P) AppleWebKit/537.36 (KHTML, like Gecko) Chrome/141.0.7390.122 Mobile Safari/537.36 (compatible; GoogleOther)"
40.77.167.151 - - [30/Oct/2025:14:54:48 +0000] "GET /1634608923 HTTP/1.0" 200 25673 "-" "Mozilla/5.0 AppleWebKit/537.36 (KHTML, like Gecko; compatible; bingbot/2.0; +http://www.bing.com/bingbot.htm) Chrome/116.0.1938.76 Safari/537.36"
40.77.167.151 - - [30/Oct/2025:14:54:50 +0000] "GET /3010012270 HTTP/1.0" 200 26424 "-" "Mozilla/5.0 AppleWebKit/537.36 (KHTML, like Gecko; compatible; bingbot/2.0; +http://www.bing.com/bingbot.htm) Chrome/116.0.1938.76 Safari/537.36"
216.73.216.6 - - [30/Oct/2025:14:54:51 +0000] "GET /klook?path=%2Fvar%2Fwww%2Fwww-root%2Fdata%2Fphp-bin HTTP/1.0" 200 3262 "-" "Mozilla/5.0 AppleWebKit/537.36 (KHTML, like Gecko; compatible; ClaudeBot/1.0; +claudebot@anthropic.com)"
216.73.216.6 - - [30/Oct/2025:14:54:52 +0000] "GET /klook?fileloc=%2Fvar%2Fwww%2Fwww-root%2Fdata%2Fwww%2Foplatu.ru%2Fpostnews.php&path=%2Fvar%2Fwww%2Fwww-root%2Fdata%2Fwww%2Foplatu.ru HTTP/1.0" 200 5209 "-" "Mozilla/5.0 AppleWebKit/537.36 (KHTML, like Gecko; compatible; ClaudeBot/1.0; +claudebot@anthropic.com)"
40.77.167.151 - - [30/Oct/2025:14:54:53 +0000] "GET /4267592419 HTTP/1.0" 200 26172 "-" "Mozilla/5.0 AppleWebKit/537.36 (KHTML, like Gecko; compatible; bingbot/2.0; +http://www.bing.com/bingbot.htm) Chrome/116.0.1938.76 Safari/537.36"
40.77.167.151 - - [30/Oct/2025:14:54:56 +0000] "GET /374213153 HTTP/1.0" 200 26355 "-" "Mozilla/5.0 AppleWebKit/537.36 (KHTML, like Gecko; compatible; bingbot/2.0; +http://www.bing.com/bingbot.htm) Chrome/116.0.1938.76 Safari/537.36"
40.77.167.151 - - [30/Oct/2025:14:54:59 +0000] "GET /3211670931 HTTP/1.0" 200 26952 "-" "Mozilla/5.0 AppleWebKit/537.36 (KHTML, like Gecko; compatible; bingbot/2.0; +http://www.bing.com/bingbot.htm) Chrome/116.0.1938.76 Safari/537.36"
66.249.66.43 - - [30/Oct/2025:14:55:01 +0000] "GET /787424644 HTTP/1.0" 200 26990 "-" "Mozilla/5.0 (Linux; Android 6.0.1; Nexus 5X Build/MMB29P) AppleWebKit/537.36 (KHTML, like Gecko) Chrome/141.0.7390.122 Mobile Safari/537.36 (compatible; Googlebot/2.1; +http://www.google.com/bot.html)"
40.77.167.151 - - [30/Oct/2025:14:55:02 +0000] "GET /1901933047 HTTP/1.0" 200 26605 "-" "Mozilla/5.0 AppleWebKit/537.36 (KHTML, like Gecko; compatible; bingbot/2.0; +http://www.bing.com/bingbot.htm) Chrome/116.0.1938.76 Safari/537.36"
52.167.144.208 - - [30/Oct/2025:14:55:05 +0000] "GET /2943970055 HTTP/1.0" 200 28092 "-" "Mozilla/5.0 AppleWebKit/537.36 (KHTML, like Gecko; compatible; bingbot/2.0; +http://www.bing.com/bingbot.htm) Chrome/116.0.1938.76 Safari/537.36"
52.167.144.208 - - [30/Oct/2025:14:55:08 +0000] "GET /3689012080 HTTP/1.0" 200 26532 "-" "Mozilla/5.0 AppleWebKit/537.36 (KHTML, like Gecko; compatible; bingbot/2.0; +http://www.bing.com/bingbot.htm) Chrome/116.0.1938.76 Safari/537.36"
52.167.144.208 - - [30/Oct/2025:14:55:11 +0000] "GET /3412116164 HTTP/1.0" 200 28028 "-" "Mozilla/5.0 AppleWebKit/537.36 (KHTML, like Gecko; compatible; bingbot/2.0; +http://www.bing.com/bingbot.htm) Chrome/116.0.1938.76 Safari/537.36"
52.167.144.208 - - [30/Oct/2025:14:55:14 +0000] "GET /3411883875 HTTP/1.0" 200 26995 "-" "Mozilla/5.0 AppleWebKit/537.36 (KHTML, like Gecko; compatible; bingbot/2.0; +http://www.bing.com/bingbot.htm) Chrome/116.0.1938.76 Safari/537.36"
52.167.144.208 - - [30/Oct/2025:14:55:17 +0000] "GET /111341881 HTTP/1.0" 200 26157 "-" "Mozilla/5.0 AppleWebKit/537.36 (KHTML, like Gecko; compatible; bingbot/2.0; +http://www.bing.com/bingbot.htm) Chrome/116.0.1938.76 Safari/537.36"
52.167.144.208 - - [30/Oct/2025:14:55:20 +0000] "GET /1987380279 HTTP/1.0" 200 26115 "-" "Mozilla/5.0 AppleWebKit/537.36 (KHTML, like Gecko; compatible; bingbot/2.0; +http://www.bing.com/bingbot.htm) Chrome/116.0.1938.76 Safari/537.36"
52.167.144.208 - - [30/Oct/2025:14:55:23 +0000] "GET /724066381 HTTP/1.0" 200 25315 "-" "Mozilla/5.0 AppleWebKit/537.36 (KHTML, like Gecko; compatible; bingbot/2.0; +http://www.bing.com/bingbot.htm) Chrome/116.0.1938.76 Safari/537.36"
52.167.144.208 - - [30/Oct/2025:14:55:26 +0000] "GET /3483395533 HTTP/1.0" 200 26501 "-" "Mozilla/5.0 AppleWebKit/537.36 (KHTML, like Gecko; compatible; bingbot/2.0; +http://www.bing.com/bingbot.htm) Chrome/116.0.1938.76 Safari/537.36"
52.167.144.208 - - [30/Oct/2025:14:55:29 +0000] "GET /3182156760 HTTP/1.0" 200 25824 "-" "Mozilla/5.0 AppleWebKit/537.36 (KHTML, like Gecko; compatible; bingbot/2.0; +http://www.bing.com/bingbot.htm) Chrome/116.0.1938.76 Safari/537.36"
66.249.66.45 - - [30/Oct/2025:14:55:32 +0000] "GET /289514090 HTTP/1.0" 200 27329 "-" "Mozilla/5.0 (Linux; Android 6.0.1; Nexus 5X Build/MMB29P) AppleWebKit/537.36 (KHTML, like Gecko) Chrome/141.0.7390.122 Mobile Safari/537.36 (compatible; GoogleOther)"
52.167.144.208 - - [30/Oct/2025:14:55:32 +0000] "GET /2843021567 HTTP/1.0" 200 26888 "-" "Mozilla/5.0 AppleWebKit/537.36 (KHTML, like Gecko; compatible; bingbot/2.0; +http://www.bing.com/bingbot.htm) Chrome/116.0.1938.76 Safari/537.36"
52.167.144.208 - - [30/Oct/2025:14:55:35 +0000] "GET /2559758058 HTTP/1.0" 200 25964 "-" "Mozilla/5.0 AppleWebKit/537.36 (KHTML, like Gecko; compatible; bingbot/2.0; +http://www.bing.com/bingbot.htm) Chrome/116.0.1938.76 Safari/537.36"
66.249.66.44 - - [30/Oct/2025:14:55:38 +0000] "GET /544471043 HTTP/1.0" 200 26851 "-" "Mozilla/5.0 (Linux; Android 6.0.1; Nexus 5X Build/MMB29P) AppleWebKit/537.36 (KHTML, like Gecko) Chrome/141.0.7390.122 Mobile Safari/537.36 (compatible; GoogleOther)"
52.167.144.208 - - [30/Oct/2025:14:55:39 +0000] "GET /1391097552 HTTP/1.0" 200 26178 "-" "Mozilla/5.0 AppleWebKit/537.36 (KHTML, like Gecko; compatible; bingbot/2.0; +http://www.bing.com/bingbot.htm) Chrome/116.0.1938.76 Safari/537.36"
52.167.144.208 - - [30/Oct/2025:14:55:41 +0000] "GET /2301081422 HTTP/1.0" 200 26906 "-" "Mozilla/5.0 AppleWebKit/537.36 (KHTML, like Gecko; compatible; bingbot/2.0; +http://www.bing.com/bingbot.htm) Chrome/116.0.1938.76 Safari/537.36"
52.167.144.208 - - [30/Oct/2025:14:55:44 +0000] "GET /2156840977 HTTP/1.0" 200 26289 "-" "Mozilla/5.0 AppleWebKit/537.36 (KHTML, like Gecko; compatible; bingbot/2.0; +http://www.bing.com/bingbot.htm) Chrome/116.0.1938.76 Safari/537.36"
52.167.144.208 - - [30/Oct/2025:14:55:47 +0000] "GET /741970614 HTTP/1.0" 200 26067 "-" "Mozilla/5.0 AppleWebKit/537.36 (KHTML, like Gecko; compatible; bingbot/2.0; +http://www.bing.com/bingbot.htm) Chrome/116.0.1938.76 Safari/537.36"
52.167.144.208 - - [30/Oct/2025:14:55:50 +0000] "GET /3814473418 HTTP/1.0" 200 26927 "-" "Mozilla/5.0 AppleWebKit/537.36 (KHTML, like Gecko; compatible; bingbot/2.0; +http://www.bing.com/bingbot.htm) Chrome/116.0.1938.76 Safari/537.36"
52.167.144.208 - - [30/Oct/2025:14:55:53 +0000] "GET /3593994093 HTTP/1.0" 200 27610 "-" "Mozilla/5.0 AppleWebKit/537.36 (KHTML, like Gecko; compatible; bingbot/2.0; +http://www.bing.com/bingbot.htm) Chrome/116.0.1938.76 Safari/537.36"
52.167.144.208 - - [30/Oct/2025:14:55:56 +0000] "GET /1260615230 HTTP/1.0" 200 27267 "-" "Mozilla/5.0 AppleWebKit/537.36 (KHTML, like Gecko; compatible; bingbot/2.0; +http://www.bing.com/bingbot.htm) Chrome/116.0.1938.76 Safari/537.36"
52.167.144.208 - - [30/Oct/2025:14:55:59 +0000] "GET /1874539836 HTTP/1.0" 200 26146 "-" "Mozilla/5.0 AppleWebKit/537.36 (KHTML, like Gecko; compatible; bingbot/2.0; +http://www.bing.com/bingbot.htm) Chrome/116.0.1938.76 Safari/537.36"
52.167.144.208 - - [30/Oct/2025:14:56:02 +0000] "GET /3066381910 HTTP/1.0" 200 26828 "-" "Mozilla/5.0 AppleWebKit/537.36 (KHTML, like Gecko; compatible; bingbot/2.0; +http://www.bing.com/bingbot.htm) Chrome/116.0.1938.76 Safari/537.36"
52.167.144.208 - - [30/Oct/2025:14:56:05 +0000] "GET /493966802 HTTP/1.0" 200 26227 "-" "Mozilla/5.0 AppleWebKit/537.36 (KHTML, like Gecko; compatible; bingbot/2.0; +http://www.bing.com/bingbot.htm) Chrome/116.0.1938.76 Safari/537.36"
52.167.144.208 - - [30/Oct/2025:14:56:08 +0000] "GET /1656348095 HTTP/1.0" 200 26356 "-" "Mozilla/5.0 AppleWebKit/537.36 (KHTML, like Gecko; compatible; bingbot/2.0; +http://www.bing.com/bingbot.htm) Chrome/116.0.1938.76 Safari/537.36"
52.167.144.208 - - [30/Oct/2025:14:56:12 +0000] "GET /3546430864 HTTP/1.0" 200 26128 "-" "Mozilla/5.0 AppleWebKit/537.36 (KHTML, like Gecko; compatible; bingbot/2.0; +http://www.bing.com/bingbot.htm) Chrome/116.0.1938.76 Safari/537.36"
52.167.144.208 - - [30/Oct/2025:14:56:15 +0000] "GET /4099604458 HTTP/1.0" 200 25911 "-" "Mozilla/5.0 AppleWebKit/537.36 (KHTML, like Gecko; compatible; bingbot/2.0; +http://www.bing.com/bingbot.htm) Chrome/116.0.1938.76 Safari/537.36"
52.167.144.208 - - [30/Oct/2025:14:56:18 +0000] "GET /2093829502 HTTP/1.0" 200 25471 "-" "Mozilla/5.0 AppleWebKit/537.36 (KHTML, like Gecko; compatible; bingbot/2.0; +http://www.bing.com/bingbot.htm) Chrome/116.0.1938.76 Safari/537.36"
52.167.144.208 - - [30/Oct/2025:14:56:21 +0000] "GET /952397703 HTTP/1.0" 200 28011 "-" "Mozilla/5.0 AppleWebKit/537.36 (KHTML, like Gecko; compatible; bingbot/2.0; +http://www.bing.com/bingbot.htm) Chrome/116.0.1938.76 Safari/537.36"
52.167.144.208 - - [30/Oct/2025:14:56:24 +0000] "GET /3786824774 HTTP/1.0" 200 27038 "-" "Mozilla/5.0 AppleWebKit/537.36 (KHTML, like Gecko; compatible; bingbot/2.0; +http://www.bing.com/bingbot.htm) Chrome/116.0.1938.76 Safari/537.36"
52.167.144.208 - - [30/Oct/2025:14:56:27 +0000] "GET /2763023490 HTTP/1.0" 200 25810 "-" "Mozilla/5.0 AppleWebKit/537.36 (KHTML, like Gecko; compatible; bingbot/2.0; +http://www.bing.com/bingbot.htm) Chrome/116.0.1938.76 Safari/537.36"
52.167.144.208 - - [30/Oct/2025:14:56:30 +0000] "GET /2943110329 HTTP/1.0" 200 26316 "-" "Mozilla/5.0 AppleWebKit/537.36 (KHTML, like Gecko; compatible; bingbot/2.0; +http://www.bing.com/bingbot.htm) Chrome/116.0.1938.76 Safari/537.36"
52.167.144.208 - - [30/Oct/2025:14:56:33 +0000] "GET /1153028732 HTTP/1.0" 200 26710 "-" "Mozilla/5.0 AppleWebKit/537.36 (KHTML, like Gecko; compatible; bingbot/2.0; +http://www.bing.com/bingbot.htm) Chrome/116.0.1938.76 Safari/537.36"
66.249.66.42 - - [30/Oct/2025:14:56:34 +0000] "GET /504214113 HTTP/1.0" 200 26303 "-" "Mozilla/5.0 (Linux; Android 6.0.1; Nexus 5X Build/MMB29P) AppleWebKit/537.36 (KHTML, like Gecko) Chrome/141.0.7390.122 Mobile Safari/537.36 (compatible; GoogleOther)"
52.167.144.208 - - [30/Oct/2025:14:56:35 +0000] "GET /2894716221 HTTP/1.0" 200 26327 "-" "Mozilla/5.0 AppleWebKit/537.36 (KHTML, like Gecko; compatible; bingbot/2.0; +http://www.bing.com/bingbot.htm) Chrome/116.0.1938.76 Safari/537.36"
52.167.144.208 - - [30/Oct/2025:14:56:38 +0000] "GET /2084481490 HTTP/1.0" 200 26951 "-" "Mozilla/5.0 AppleWebKit/537.36 (KHTML, like Gecko; compatible; bingbot/2.0; +http://www.bing.com/bingbot.htm) Chrome/116.0.1938.76 Safari/537.36"
52.167.144.208 - - [30/Oct/2025:14:56:41 +0000] "GET /4136817963 HTTP/1.0" 200 26305 "-" "Mozilla/5.0 AppleWebKit/537.36 (KHTML, like Gecko; compatible; bingbot/2.0; +http://www.bing.com/bingbot.htm) Chrome/116.0.1938.76 Safari/537.36"
52.167.144.208 - - [30/Oct/2025:14:56:44 +0000] "GET /1330037945 HTTP/1.0" 200 25987 "-" "Mozilla/5.0 AppleWebKit/537.36 (KHTML, like Gecko; compatible; bingbot/2.0; +http://www.bing.com/bingbot.htm) Chrome/116.0.1938.76 Safari/537.36"
52.167.144.208 - - [30/Oct/2025:14:56:47 +0000] "GET /4037494138 HTTP/1.0" 200 25826 "-" "Mozilla/5.0 AppleWebKit/537.36 (KHTML, like Gecko; compatible; bingbot/2.0; +http://www.bing.com/bingbot.htm) Chrome/116.0.1938.76 Safari/537.36"
52.167.144.208 - - [30/Oct/2025:14:56:50 +0000] "GET /460218415 HTTP/1.0" 200 26465 "-" "Mozilla/5.0 AppleWebKit/537.36 (KHTML, like Gecko; compatible; bingbot/2.0; +http://www.bing.com/bingbot.htm) Chrome/116.0.1938.76 Safari/537.36"
52.167.144.208 - - [30/Oct/2025:14:56:53 +0000] "GET /3229828511 HTTP/1.0" 200 26159 "-" "Mozilla/5.0 AppleWebKit/537.36 (KHTML, like Gecko; compatible; bingbot/2.0; +http://www.bing.com/bingbot.htm) Chrome/116.0.1938.76 Safari/537.36"
52.167.144.208 - - [30/Oct/2025:14:56:56 +0000] "GET /1980341302 HTTP/1.0" 200 25977 "-" "Mozilla/5.0 AppleWebKit/537.36 (KHTML, like Gecko; compatible; bingbot/2.0; +http://www.bing.com/bingbot.htm) Chrome/116.0.1938.76 Safari/537.36"
52.167.144.208 - - [30/Oct/2025:14:56:59 +0000] "GET /1516139903 HTTP/1.0" 200 26170 "-" "Mozilla/5.0 AppleWebKit/537.36 (KHTML, like Gecko; compatible; bingbot/2.0; +http://www.bing.com/bingbot.htm) Chrome/116.0.1938.76 Safari/537.36"
52.167.144.208 - - [30/Oct/2025:14:57:02 +0000] "GET /3076935108 HTTP/1.0" 200 26177 "-" "Mozilla/5.0 AppleWebKit/537.36 (KHTML, like Gecko; compatible; bingbot/2.0; +http://www.bing.com/bingbot.htm) Chrome/116.0.1938.76 Safari/537.36"
52.167.144.208 - - [30/Oct/2025:14:57:05 +0000] "GET /1451772373 HTTP/1.0" 200 26510 "-" "Mozilla/5.0 AppleWebKit/537.36 (KHTML, like Gecko; compatible; bingbot/2.0; +http://www.bing.com/bingbot.htm) Chrome/116.0.1938.76 Safari/537.36"
52.167.144.208 - - [30/Oct/2025:14:57:08 +0000] "GET /2193041736 HTTP/1.0" 200 26514 "-" "Mozilla/5.0 AppleWebKit/537.36 (KHTML, like Gecko; compatible; bingbot/2.0; +http://www.bing.com/bingbot.htm) Chrome/116.0.1938.76 Safari/537.36"
52.167.144.208 - - [30/Oct/2025:14:57:11 +0000] "GET /2161094478 HTTP/1.0" 200 27915 "-" "Mozilla/5.0 AppleWebKit/537.36 (KHTML, like Gecko; compatible; bingbot/2.0; +http://www.bing.com/bingbot.htm) Chrome/116.0.1938.76 Safari/537.36"
52.167.144.208 - - [30/Oct/2025:14:57:14 +0000] "GET /1170393841 HTTP/1.0" 200 27619 "-" "Mozilla/5.0 AppleWebKit/537.36 (KHTML, like Gecko; compatible; bingbot/2.0; +http://www.bing.com/bingbot.htm) Chrome/116.0.1938.76 Safari/537.36"
52.167.144.208 - - [30/Oct/2025:14:57:17 +0000] "GET /3018949300 HTTP/1.0" 200 27353 "-" "Mozilla/5.0 AppleWebKit/537.36 (KHTML, like Gecko; compatible; bingbot/2.0; +http://www.bing.com/bingbot.htm) Chrome/116.0.1938.76 Safari/537.36"
52.167.144.208 - - [30/Oct/2025:14:57:20 +0000] "GET /3458750901 HTTP/1.0" 200 26941 "-" "Mozilla/5.0 AppleWebKit/537.36 (KHTML, like Gecko; compatible; bingbot/2.0; +http://www.bing.com/bingbot.htm) Chrome/116.0.1938.76 Safari/537.36"
52.167.144.208 - - [30/Oct/2025:14:57:23 +0000] "GET /3576071447 HTTP/1.0" 200 28698 "-" "Mozilla/5.0 AppleWebKit/537.36 (KHTML, like Gecko; compatible; bingbot/2.0; +http://www.bing.com/bingbot.htm) Chrome/116.0.1938.76 Safari/537.36"
52.167.144.208 - - [30/Oct/2025:14:57:26 +0000] "GET /1937695235 HTTP/1.0" 200 26143 "-" "Mozilla/5.0 AppleWebKit/537.36 (KHTML, like Gecko; compatible; bingbot/2.0; +http://www.bing.com/bingbot.htm) Chrome/116.0.1938.76 Safari/537.36"
52.167.144.208 - - [30/Oct/2025:14:57:29 +0000] "GET /151255141 HTTP/1.0" 200 27305 "-" "Mozilla/5.0 AppleWebKit/537.36 (KHTML, like Gecko; compatible; bingbot/2.0; +http://www.bing.com/bingbot.htm) Chrome/116.0.1938.76 Safari/537.36"
52.167.144.208 - - [30/Oct/2025:14:57:32 +0000] "GET /2227793948 HTTP/1.0" 200 25992 "-" "Mozilla/5.0 AppleWebKit/537.36 (KHTML, like Gecko; compatible; bingbot/2.0; +http://www.bing.com/bingbot.htm) Chrome/116.0.1938.76 Safari/537.36"
52.167.144.208 - - [30/Oct/2025:14:57:35 +0000] "GET /2476063577 HTTP/1.0" 200 26569 "-" "Mozilla/5.0 AppleWebKit/537.36 (KHTML, like Gecko; compatible; bingbot/2.0; +http://www.bing.com/bingbot.htm) Chrome/116.0.1938.76 Safari/537.36"
52.167.144.208 - - [30/Oct/2025:14:57:38 +0000] "GET /2996641054 HTTP/1.0" 200 26676 "-" "Mozilla/5.0 AppleWebKit/537.36 (KHTML, like Gecko; compatible; bingbot/2.0; +http://www.bing.com/bingbot.htm) Chrome/116.0.1938.76 Safari/537.36"
52.167.144.208 - - [30/Oct/2025:14:57:41 +0000] "GET /3013113879 HTTP/1.0" 200 27002 "-" "Mozilla/5.0 AppleWebKit/537.36 (KHTML, like Gecko; compatible; bingbot/2.0; +http://www.bing.com/bingbot.htm) Chrome/116.0.1938.76 Safari/537.36"
52.167.144.208 - - [30/Oct/2025:14:57:44 +0000] "GET /3570236026 HTTP/1.0" 200 25761 "-" "Mozilla/5.0 AppleWebKit/537.36 (KHTML, like Gecko; compatible; bingbot/2.0; +http://www.bing.com/bingbot.htm) Chrome/116.0.1938.76 Safari/537.36"
52.167.144.208 - - [30/Oct/2025:14:57:47 +0000] "GET /2689302491 HTTP/1.0" 200 26128 "-" "Mozilla/5.0 AppleWebKit/537.36 (KHTML, like Gecko; compatible; bingbot/2.0; +http://www.bing.com/bingbot.htm) Chrome/116.0.1938.76 Safari/537.36"
84.54.44.204 - - [30/Oct/2025:14:57:48 +0000] "GET / HTTP/1.0" 200 53779 "http://oplatu.ru/" "Mozilla/5.0 (Windows NT 10.0; Win64; x64) AppleWebKit/537.36 (KHTML, like Gecko) Chrome/130.0.0.0 Safari/537.36 CCleaner/130.0.0.0"
52.167.144.208 - - [30/Oct/2025:14:57:51 +0000] "GET /3546989535 HTTP/1.0" 200 26906 "-" "Mozilla/5.0 AppleWebKit/537.36 (KHTML, like Gecko; compatible; bingbot/2.0; +http://www.bing.com/bingbot.htm) Chrome/116.0.1938.76 Safari/537.36"
40.77.167.123 - - [30/Oct/2025:14:57:54 +0000] "GET /2286498107 HTTP/1.0" 200 26149 "-" "Mozilla/5.0 AppleWebKit/537.36 (KHTML, like Gecko; compatible; bingbot/2.0; +http://www.bing.com/bingbot.htm) Chrome/116.0.1938.76 Safari/537.36"
40.77.167.123 - - [30/Oct/2025:14:57:56 +0000] "GET /2905699447 HTTP/1.0" 200 25934 "-" "Mozilla/5.0 AppleWebKit/537.36 (KHTML, like Gecko; compatible; bingbot/2.0; +http://www.bing.com/bingbot.htm) Chrome/116.0.1938.76 Safari/537.36"
40.77.167.123 - - [30/Oct/2025:14:57:59 +0000] "GET /2466053594 HTTP/1.0" 200 26362 "-" "Mozilla/5.0 AppleWebKit/537.36 (KHTML, like Gecko; compatible; bingbot/2.0; +http://www.bing.com/bingbot.htm) Chrome/116.0.1938.76 Safari/537.36"
40.77.167.123 - - [30/Oct/2025:14:58:02 +0000] "GET /2312587095 HTTP/1.0" 200 26412 "-" "Mozilla/5.0 AppleWebKit/537.36 (KHTML, like Gecko; compatible; bingbot/2.0; +http://www.bing.com/bingbot.htm) Chrome/116.0.1938.76 Safari/537.36"
40.77.167.123 - - [30/Oct/2025:14:58:05 +0000] "GET /3819646868 HTTP/1.0" 200 26308 "-" "Mozilla/5.0 AppleWebKit/537.36 (KHTML, like Gecko; compatible; bingbot/2.0; +http://www.bing.com/bingbot.htm) Chrome/116.0.1938.76 Safari/537.36"
40.77.167.123 - - [30/Oct/2025:14:58:08 +0000] "GET /4169805763 HTTP/1.0" 200 26691 "-" "Mozilla/5.0 AppleWebKit/537.36 (KHTML, like Gecko; compatible; bingbot/2.0; +http://www.bing.com/bingbot.htm) Chrome/116.0.1938.76 Safari/537.36"
40.77.167.123 - - [30/Oct/2025:14:58:12 +0000] "GET /2604406938 HTTP/1.0" 200 26766 "-" "Mozilla/5.0 AppleWebKit/537.36 (KHTML, like Gecko; compatible; bingbot/2.0; +http://www.bing.com/bingbot.htm) Chrome/116.0.1938.76 Safari/537.36"
40.77.167.123 - - [30/Oct/2025:14:58:15 +0000] "GET /915663393 HTTP/1.0" 200 26547 "-" "Mozilla/5.0 AppleWebKit/537.36 (KHTML, like Gecko; compatible; bingbot/2.0; +http://www.bing.com/bingbot.htm) Chrome/116.0.1938.76 Safari/537.36"
51.222.168.20 - - [30/Oct/2025:14:58:17 +0000] "GET /chatgpt/?fileloc=/var/www/www-root/data/www/oplatu.ru/public_html/wp-admin/admin-ajax.php&path=/var/www/www-root/data/www/oplatu.ru/public_html/wp-admin HTTP/1.0" 200 4655 "-" "Mozilla/5.0 (compatible; AhrefsBot/7.0; +http://ahrefs.com/robot/)"
40.77.167.123 - - [30/Oct/2025:14:58:18 +0000] "GET /2671243940 HTTP/1.0" 200 26310 "-" "Mozilla/5.0 AppleWebKit/537.36 (KHTML, like Gecko; compatible; bingbot/2.0; +http://www.bing.com/bingbot.htm) Chrome/116.0.1938.76 Safari/537.36"
40.77.167.123 - - [30/Oct/2025:14:58:21 +0000] "GET /2308625760 HTTP/1.0" 200 25959 "-" "Mozilla/5.0 AppleWebKit/537.36 (KHTML, like Gecko; compatible; bingbot/2.0; +http://www.bing.com/bingbot.htm) Chrome/116.0.1938.76 Safari/537.36"
216.73.216.6 - - [30/Oct/2025:14:58:21 +0000] "GET /klook?fileloc=%2Fvar%2Fwww%2Fwww-root%2Fdata%2Fwww%2Foplatu.ru%2F.htaccess&path=%2Fvar%2Fwww%2Fwww-root%2Fdata%2Fwww%2Foplatu.ru HTTP/1.0" 200 3644 "-" "Mozilla/5.0 AppleWebKit/537.36 (KHTML, like Gecko; compatible; ClaudeBot/1.0; +claudebot@anthropic.com)"
216.73.216.6 - - [30/Oct/2025:14:58:24 +0000] "GET /klook?path=%2Fvar%2Fwww%2Fwww-root%2Fdata%2Flogs HTTP/1.0" 200 4747 "-" "Mozilla/5.0 AppleWebKit/537.36 (KHTML, like Gecko; compatible; ClaudeBot/1.0; +claudebot@anthropic.com)"
40.77.167.123 - - [30/Oct/2025:14:58:24 +0000] "GET /3158756801 HTTP/1.0" 200 29053 "-" "Mozilla/5.0 AppleWebKit/537.36 (KHTML, like Gecko; compatible; bingbot/2.0; +http://www.bing.com/bingbot.htm) Chrome/116.0.1938.76 Safari/537.36"
40.77.167.123 - - [30/Oct/2025:14:58:27 +0000] "GET /3486084562 HTTP/1.0" 200 26598 "-" "Mozilla/5.0 AppleWebKit/537.36 (KHTML, like Gecko; compatible; bingbot/2.0; +http://www.bing.com/bingbot.htm) Chrome/116.0.1938.76 Safari/537.36"
40.77.167.123 - - [30/Oct/2025:14:58:30 +0000] "GET /3369162027 HTTP/1.0" 200 27109 "-" "Mozilla/5.0 AppleWebKit/537.36 (KHTML, like Gecko; compatible; bingbot/2.0; +http://www.bing.com/bingbot.htm) Chrome/116.0.1938.76 Safari/537.36"
40.77.167.123 - - [30/Oct/2025:14:58:33 +0000] "GET /1347791026 HTTP/1.0" 200 26398 "-" "Mozilla/5.0 AppleWebKit/537.36 (KHTML, like Gecko; compatible; bingbot/2.0; +http://www.bing.com/bingbot.htm) Chrome/116.0.1938.76 Safari/537.36"
216.73.216.6 - - [30/Oct/2025:14:58:35 +0000] "GET /klook?path=%2Fvar%2Fwww%2Fwww-root%2Fdata%2Fwww%2Fipxs.ru HTTP/1.0" 200 3354 "-" "Mozilla/5.0 AppleWebKit/537.36 (KHTML, like Gecko; compatible; ClaudeBot/1.0; +claudebot@anthropic.com)"
40.77.167.123 - - [30/Oct/2025:14:58:36 +0000] "GET /3612769056 HTTP/1.0" 200 26777 "-" "Mozilla/5.0 AppleWebKit/537.36 (KHTML, like Gecko; compatible; bingbot/2.0; +http://www.bing.com/bingbot.htm) Chrome/116.0.1938.76 Safari/537.36"
40.77.167.123 - - [30/Oct/2025:14:58:39 +0000] "GET /371558658 HTTP/1.0" 200 27721 "-" "Mozilla/5.0 AppleWebKit/537.36 (KHTML, like Gecko; compatible; bingbot/2.0; +http://www.bing.com/bingbot.htm) Chrome/116.0.1938.76 Safari/537.36"
40.77.167.123 - - [30/Oct/2025:14:58:42 +0000] "GET /2323188771 HTTP/1.0" 200 25994 "-" "Mozilla/5.0 AppleWebKit/537.36 (KHTML, like Gecko; compatible; bingbot/2.0; +http://www.bing.com/bingbot.htm) Chrome/116.0.1938.76 Safari/537.36"
40.77.167.123 - - [30/Oct/2025:14:58:45 +0000] "GET /2315331879 HTTP/1.0" 200 25457 "-" "Mozilla/5.0 AppleWebKit/537.36 (KHTML, like Gecko; compatible; bingbot/2.0; +http://www.bing.com/bingbot.htm) Chrome/116.0.1938.76 Safari/537.36"
40.77.167.123 - - [30/Oct/2025:14:58:48 +0000] "GET /2816202451 HTTP/1.0" 200 26206 "-" "Mozilla/5.0 AppleWebKit/537.36 (KHTML, like Gecko; compatible; bingbot/2.0; +http://www.bing.com/bingbot.htm) Chrome/116.0.1938.76 Safari/537.36"
40.77.167.123 - - [30/Oct/2025:14:58:50 +0000] "GET /2613265045 HTTP/1.0" 200 26688 "-" "Mozilla/5.0 AppleWebKit/537.36 (KHTML, like Gecko; compatible; bingbot/2.0; +http://www.bing.com/bingbot.htm) Chrome/116.0.1938.76 Safari/537.36"
66.249.66.44 - - [30/Oct/2025:14:58:52 +0000] "GET /52754325 HTTP/1.0" 200 26401 "-" "Mozilla/5.0 (Linux; Android 6.0.1; Nexus 5X Build/MMB29P) AppleWebKit/537.36 (KHTML, like Gecko) Chrome/141.0.7390.122 Mobile Safari/537.36 (compatible; Googlebot/2.1; +http://www.google.com/bot.html)"
40.77.167.123 - - [30/Oct/2025:14:58:53 +0000] "GET /2576765207 HTTP/1.0" 200 27226 "-" "Mozilla/5.0 AppleWebKit/537.36 (KHTML, like Gecko; compatible; bingbot/2.0; +http://www.bing.com/bingbot.htm) Chrome/116.0.1938.76 Safari/537.36"
46.147.198.84 - - [30/Oct/2025:14:58:54 +0000] "GET / HTTP/1.0" 200 53779 "http://oplatu.ru/" "Mozilla/5.0 (Windows NT 10.0; Win64; x64) AppleWebKit/537.36 (KHTML, like Gecko) Chrome/129.0.0.0 Safari/537.36"
40.77.167.123 - - [30/Oct/2025:14:58:56 +0000] "GET /2219398427 HTTP/1.0" 200 27562 "-" "Mozilla/5.0 AppleWebKit/537.36 (KHTML, like Gecko; compatible; bingbot/2.0; +http://www.bing.com/bingbot.htm) Chrome/116.0.1938.76 Safari/537.36"
40.77.167.123 - - [30/Oct/2025:14:58:59 +0000] "GET /2655800899 HTTP/1.0" 200 26396 "-" "Mozilla/5.0 AppleWebKit/537.36 (KHTML, like Gecko; compatible; bingbot/2.0; +http://www.bing.com/bingbot.htm) Chrome/116.0.1938.76 Safari/537.36"
40.77.167.123 - - [30/Oct/2025:14:59:02 +0000] "GET /562061226 HTTP/1.0" 200 26254 "-" "Mozilla/5.0 AppleWebKit/537.36 (KHTML, like Gecko; compatible; bingbot/2.0; +http://www.bing.com/bingbot.htm) Chrome/116.0.1938.76 Safari/537.36"
40.77.167.123 - - [30/Oct/2025:14:59:05 +0000] "GET /400302157 HTTP/1.0" 200 26697 "-" "Mozilla/5.0 AppleWebKit/537.36 (KHTML, like Gecko; compatible; bingbot/2.0; +http://www.bing.com/bingbot.htm) Chrome/116.0.1938.76 Safari/537.36"
40.77.167.123 - - [30/Oct/2025:14:59:08 +0000] "GET /1974751545 HTTP/1.0" 200 26290 "-" "Mozilla/5.0 AppleWebKit/537.36 (KHTML, like Gecko; compatible; bingbot/2.0; +http://www.bing.com/bingbot.htm) Chrome/116.0.1938.76 Safari/537.36"
40.77.167.123 - - [30/Oct/2025:14:59:11 +0000] "GET /3969182359 HTTP/1.0" 200 26032 "-" "Mozilla/5.0 AppleWebKit/537.36 (KHTML, like Gecko; compatible; bingbot/2.0; +http://www.bing.com/bingbot.htm) Chrome/116.0.1938.76 Safari/537.36"
40.77.167.123 - - [30/Oct/2025:14:59:14 +0000] "GET /1336844633 HTTP/1.0" 200 28020 "-" "Mozilla/5.0 AppleWebKit/537.36 (KHTML, like Gecko; compatible; bingbot/2.0; +http://www.bing.com/bingbot.htm) Chrome/116.0.1938.76 Safari/537.36"
40.77.167.123 - - [30/Oct/2025:14:59:17 +0000] "GET /1193979826 HTTP/1.0" 200 25846 "-" "Mozilla/5.0 AppleWebKit/537.36 (KHTML, like Gecko; compatible; bingbot/2.0; +http://www.bing.com/bingbot.htm) Chrome/116.0.1938.76 Safari/537.36"
40.77.167.123 - - [30/Oct/2025:14:59:20 +0000] "GET /695817239 HTTP/1.0" 200 26104 "-" "Mozilla/5.0 AppleWebKit/537.36 (KHTML, like Gecko; compatible; bingbot/2.0; +http://www.bing.com/bingbot.htm) Chrome/116.0.1938.76 Safari/537.36"
40.77.167.123 - - [30/Oct/2025:14:59:23 +0000] "GET /765833175 HTTP/1.0" 200 26181 "-" "Mozilla/5.0 AppleWebKit/537.36 (KHTML, like Gecko; compatible; bingbot/2.0; +http://www.bing.com/bingbot.htm) Chrome/116.0.1938.76 Safari/537.36"
40.77.167.123 - - [30/Oct/2025:14:59:26 +0000] "GET /3237623898 HTTP/1.0" 200 26279 "-" "Mozilla/5.0 AppleWebKit/537.36 (KHTML, like Gecko; compatible; bingbot/2.0; +http://www.bing.com/bingbot.htm) Chrome/116.0.1938.76 Safari/537.36"
40.77.167.123 - - [30/Oct/2025:14:59:29 +0000] "GET /1373880030 HTTP/1.0" 200 26358 "-" "Mozilla/5.0 AppleWebKit/537.36 (KHTML, like Gecko; compatible; bingbot/2.0; +http://www.bing.com/bingbot.htm) Chrome/116.0.1938.76 Safari/537.36"
40.77.167.123 - - [30/Oct/2025:14:59:32 +0000] "GET /3420544607 HTTP/1.0" 200 25663 "-" "Mozilla/5.0 AppleWebKit/537.36 (KHTML, like Gecko; compatible; bingbot/2.0; +http://www.bing.com/bingbot.htm) Chrome/116.0.1938.76 Safari/537.36"
40.77.167.123 - - [30/Oct/2025:14:59:35 +0000] "GET /4084124407 HTTP/1.0" 200 26029 "-" "Mozilla/5.0 AppleWebKit/537.36 (KHTML, like Gecko; compatible; bingbot/2.0; +http://www.bing.com/bingbot.htm) Chrome/116.0.1938.76 Safari/537.36"
40.77.167.123 - - [30/Oct/2025:14:59:38 +0000] "GET /3533283016 HTTP/1.0" 200 26115 "-" "Mozilla/5.0 AppleWebKit/537.36 (KHTML, like Gecko; compatible; bingbot/2.0; +http://www.bing.com/bingbot.htm) Chrome/116.0.1938.76 Safari/537.36"
40.77.167.123 - - [30/Oct/2025:14:59:41 +0000] "GET /2235854166 HTTP/1.0" 200 26376 "-" "Mozilla/5.0 AppleWebKit/537.36 (KHTML, like Gecko; compatible; bingbot/2.0; +http://www.bing.com/bingbot.htm) Chrome/116.0.1938.76 Safari/537.36"
40.77.167.123 - - [30/Oct/2025:14:59:44 +0000] "GET /781785652 HTTP/1.0" 200 25653 "-" "Mozilla/5.0 AppleWebKit/537.36 (KHTML, like Gecko; compatible; bingbot/2.0; +http://www.bing.com/bingbot.htm) Chrome/116.0.1938.76 Safari/537.36"
